-- Table structure for table `search_total`
--

CREATE TABLE `search_total` (
  `word` varchar(50) NOT NULL DEFAULT '' COMMENT 'Primary Key: Unique word in the search index.',
  `count` float DEFAULT NULL COMMENT 'The count of the word in the index using Zipf''s law to equalize the probability distribution.',
  PRIMARY KEY (`word`)
) ENGINE=InnoDB DEFAULT CHARSET=utf8mb4 COLLATE=utf8mb4_0900_ai_ci COMMENT='Stores search totals for words.';

--
-- Dumping data for table `search_total`
--

set autocommit=0;
INSERT INTO `search_total` VALUES ('ーアカ',0.176091),('ーイン',0.176091),('ーカー',0.30103),('ーがサ',0.30103),('ーがそ',0.30103),('ーがま',0.30103),('ーガン',0.176091),('ーが最',0.30103),('ーが起',0.0307016),('ークさ',0.30103),('ークす',0.30103),('ークポ',0.0881894),('ーザー',0.01085),('ーザが',0.30103),('ージが',0.056815),('ージで',0.30103),('ージに',0.117307),('ージの',0.102858),('ージは',0.185957),('ージペ',0.0457575),('ージョ',0.0248506),('ージレ',0.30103),('ージを',0.0690553),('ーステ',0.0222764),('ースに',0.30103),('ースの',0.176091),('ータが',0.30103),('ータギ',0.30103),('ータベ',0.30103),('ータを',0.134831),('ーでは',0.167664),('ートカ',0.041897),('ードす',0.30103),('ーとタ',0.09691),('ードっ',0.0222764),('ードで',0.30103),('ードに',0.0358225),('ードの',0.0458786),('ーとは',0.00828646),('ードを',0.30103),('ード済',0.30103),('ーには',0.30103),('ーに対',0.30103),('ーのエ',0.30103),('ーのた',0.30103),('ーのテ',0.176091),('ーの任',0.30103),('ーの管',0.09691),('ーバー',0.131681),('ーバは',0.30103),('ープを',0.30103),('ープ分',0.30103),('ーポー',0.30103),('ーマッ',0.0135281),('ーマと',0.011281),('ーマの',0.09691),('ーマは',0.231969),('ーマン',0.132015),('ームに',0.140416),('ームの',0.00895991),('ームを',0.176091),('ーメッ',0.0753565),('ーもあ',0.30103),('ーライ',0.132349),('ールア',0.176091),('ールが',0.0982608),('ールさ',0.100801),('ールし',0.18206),('ールす',0.0712574),('ールで',0.19302),('ールド',0.00459227),('ールに',0.222693),('ールの',0.0612533),('ールは',0.102431),('ールや',0.30103),('ールを',0.0431732),('ール名',0.30103),('ーをよ',0.30103),('ーを作',0.30103),('ーを定',0.30103),('ーを表',0.30103),('ーを適',0.30103),('ーを限',0.30103),('ーンを',0.30103),('1',0.0133668),('10',0.0579919),('100',0.30103),('1009',0.30103),('1009am',0.0157943),('101',0.30103),('1010',0.30103),('1012',0.176091),('1012am',0.0157943),('1024',0.30103),('1029',0.30103),('1030',0.30103),('1037',0.176091),('1038',0.30103),('1039',0.30103),('1040',0.30103),('1050',0.30103),('1054',0.30103),('107pm',0.0157943),('10th',0.00400274),('11',0.0579919),('1102',0.30103),('1102am',0.0157943),('1105pm',0.0157943),('1109',0.30103),('110pm',0.0157943),('1115',0.176091),('1122',0.30103),('1128',0.124939),('1128am',0.0157943),('1129',0.30103),('1130',0.176091),('1130am',0.0157943),('1146',0.30103),('1150',0.30103),('1152',0.30103),('1156',0.30103),('1159',0.30103),('11th',0.00567713),('12',0.0248236),('1200',0.176091),('1200am',0.0157943),('1200pm',0.00796893),('1206',0.30103),('1208',0.30103),('1210',0.176091),('1211',0.30103),('1212',0.30103),('1219',0.30103),('1223',0.30103),('1224',0.30103),('1232',0.176091),('1233',0.176091),('1233pm',0.00796893),('1234',0.30103),('1242',0.30103),('1244',0.176091),('1244pm',0.0157943),('1245',0.176091),('1253',0.30103),('129',0.30103),('12th',0.00532883),('13',0.0377886),('1307',0.176091),('130pm',0.0157943),('1310',0.176091),('1311',0.30103),('1330',0.30103),('13th',0.00796893),('14',0.0579919),('1400',0.0791812),('1410',0.30103),('1426',0.30103),('1427',0.176091),('1431',0.30103),('1434',0.30103),('1457',0.30103),('1458',0.30103),('1459',0.30103),('14th',0.00532883),('15',0.0579919),('1502',0.30103),('1505',0.30103),('1513',0.30103),('1525',0.0791812),('1526',0.30103),('1530',0.30103),('1531',0.30103),('1533',0.30103),('1556',0.30103),('1557',0.30103),('15th',0.00532883),('16',0.124939),('1600',0.30103),('1610',0.30103),('1625',0.30103),('1628',0.30103),('1629',0.30103),('1640',0.30103),('1641',0.30103),('1652',0.30103),('16th',0.0157943),('17',0.0413927),('1700',0.0579919),('1730',0.30103),('1743',0.30103),('1744',0.30103),('1767',0.30103),('17th',0.00532883),('18',0.0579919),('1800',0.0347621),('1806',0.176091),('1815',0.30103),('1817',0.30103),('1827',0.30103),('1830',0.124939),('1838',0.30103),('1839',0.30103),('1840',0.176091),('1841',0.30103),('1843',0.30103),('1845',0.30103),('1846',0.30103),('1852',0.30103),('1853',0.30103),('1855',0.176091),('1856',0.30103),('1857',0.30103),('1858',0.30103),('18th',0.00796893),('19',0.124939),('1900',0.0511525),('1902',0.176091),('1903',0.30103),('1904',0.30103),('1905',0.30103),('1906',0.30103),('1907',0.176091),('1908',0.30103),('1910',0.30103),('1915',0.30103),('1924',0.30103),('1937',0.30103),('1st',0.00159961),('2',0.00300551),('20',0.0511525),('200',0.176091),('2000',0.30103),('2003',0.30103),('200pm',0.00320514),('2012',0.30103),('2013',0.30103),('2014',0.00566349),('2019',0.0133939),('2021',0.30103),('2023',0.00507953),('2024',0.000781808),('20240115',0.30103),('2025',0.000248239),('2037',0.30103),('2047',0.176091),('20th',0.00400274),('21',0.0457575),('2100',0.30103),('2104',0.30103),('2111',0.30103),('2122',0.176091),('2126',0.30103),('2133',0.30103),('22',0.0791812),('220',0.30103),('220am',0.0157943),('2253',0.30103),('227',0.30103),('22nd',0.0157943),('22nde',0.30103),('23',0.0248236),('2305',0.176091),('2339',0.30103),('234',0.09691),('239',0.09691),('23rd',0.00400274),('24',0.09691),('240917',0.30103),('241225',0.0234811),('25',0.0280287),('250101',0.0222764),('255',0.238247),('25th',0.00320514),('26',0.0377886),('26th',0.00796893),('27',0.0511525),('27th',0.00320514),('28',0.0234811),('28th',0.00796893),('29',0.0579919),('29th',0.00532883),('2nd',0.00782534),('3',0.0134985),('30',0.0669468),('30th',0.00400274),('31',0.176091),('330pm',0.0157943),('340',0.30103),('349',0.09691),('356pm',0.0157943),('357pm',0.0157943),('36',0.0193052),('3rd',0.00532883),('4',0.00196111),('400pm',0.0157943),('403',0.00949015),('403404',0.00804624),('404',0.00918128),('40em',0.0413927),('415',0.30103),('425pm',0.0157943),('429pm',0.0157943),('45',0.30103),('452pm',0.0157943),('4th',0.30103),('5',0.00121969),('500pm',0.0022918),('530pm',0.0157943),('545',0.30103),('55',0.30103),('5th',0.00459893),('6',0.0137883),('600pm',0.00133835),('606pm',0.0157943),('609',0.30103),('625',0.30103),('628',0.30103),('630pm',0.00532883),('632',0.30103),('633',0.30103),('649',0.30103),('651',0.176091),('651am',0.0157943),('652',0.30103),('654',0.176091),('655',0.30103),('656',0.30103),('6801',0.30103),('6pm',0.30103),('6th',0.01524),('7',0.00309108),('700pm',0.00267259),('702pm',0.0157943),('718',0.30103),('718am',0.0157943),('719',0.30103),('724pm',0.0157943),('734',0.30103),('741',0.30103),('754',0.30103),('754am',0.0157943),('755',0.124939),('758',0.30103),('7th',0.0157943),('8',0.124939),('800pm',0.0157943),('802',0.0170333),('803',0.00250315),('804',0.30103),('805',0.30103),('808',0.30103),('809',0.30103),('810',0.30103),('812',0.30103),('812pm',0.0157943),('813',0.30103),('814',0.176091),('815',0.124939),('815am',0.0157943),('816',0.30103),('817',0.30103),('819',0.30103),('820',0.176091),('821',0.30103),('823',0.176091),('824',0.30103),('833',0.124939),('833am',0.00796893),('835',0.176091),('835am',0.0157943),('8izbjqdnvhg',0.00658565),('8pm',0.30103),('8th',0.0157943),('9',0.00382641),('90',0.30103),('900pm',0.0157943),('904pm',0.0157943),('915',0.09691),('922pm',0.0157943),('934',0.30103),('944',0.30103),('96',0.30103),('9th',0.01524),('a13',0.0157943),('a69',0.0157943),('a7sus4',0.0157943),('aadd',0.0157943),('aadd4',0.0157943),('aaug',0.0157943),('abbreviation',0.176091),('ability',0.0285543),('able',0.0682345),('about',0.00297301),('aboutus',0.0413927),('above',0.034613),('absolutely',0.176091),('access',0.00438152),('accessed',0.176091),('accessibility',0.0045005),('accessible',0.0791812),('accessing',0.09691),('accomplish',0.176091),('account',0.00209345),('accountname',0.176091),('accounts',0.00257304),('acoustic',0.0377886),('action',0.00915903),('actions',0.0152102),('active',0.00992942),('activity',0.193731),('acts',0.176091),('add',0.000471684),('added',0.00896295),('adding',0.000833029),('addition',0.0475675),('additional',0.000716148),('address',0.0263289),('addresses',0.105703),('adds',0.176091),('adim7',0.0157943),('adjust',0.0873551),('admin',0.011281),('administer',0.0048026),('administering',0.176091),('administration',0.0125891),('administrative',0.000879136),('administrator',0.0677399),('administrators',0.0177288),('adminuser',0.0018058),('advance',0.0791812),('advanced',0.0148249),('advisories',0.0107239),('advisory',0.01524),('affected',0.176091),('after',0.0112053),('afterwards',0.100832),('again',0.0579919),('against',0.09691),('aggregation',0.0102912),('ago',0.30103),('ahead',0.30103),('akron',0.00914338),('album',0.30103),('alias',0.00251766),('aliases',0.00191742),('aliasing',0.176091),('all',0.00302624),('allinone',0.0222764),('allow',0.0180801),('allowed',0.00976339),('allows',0.00893716),('along',0.012965),('already',0.0177735),('alreadyconfigured',0.176091),('alreadyrendered',0.176091),('also',0.00407783),('alter',0.199514),('alternative',0.176091),('alternatively',0.0969685),('always',0.034969),('am11',0.00532883),('am6',0.00796893),('am7',0.00796893),('am9',0.0157943),('amadd9',0.0157943),('amaj11',0.0157943),('amaj7',0.0157943),('amaj9',0.0157943),('american',0.179508),('amm7',0.0157943),('amphitheater',0.00663058),('amplified',0.0791812),('amsus2',0.0157943),('anchor',0.0511525),('and',0.000180496),('android',0.0791812),('anniversary',0.0133924),('announcement',0.0177288),('announcements',0.00232866),('anonymous',0.0114339),('another',0.0127383),('answer',0.30103),('any',0.00736421),('anymore',0.30103),('anyone',0.124939),('anyway',0.30103),('apache',0.0177288),('api',0.00619711),('app',0.176091),('appear',0.0356184),('appearance',0.0036886),('apple',0.0579919),('applications',0.0669468),('applied',0.0669468),('applies',0.178372),('apply',0.0106084),('appropriate',0.0791812),('appropriately',0.30103),('approval',0.176091),('approved',0.176091),('apps',0.30103),('apr',0.0017132),('april',0.00106575),('archive',0.0220907),('are',0.000245891),('area',0.0223015),('areas',0.176091),('aren',0.30103),('arrow',0.176091),('arrows',0.09691),('article',0.0163904),('articles',0.09691),('arts',0.011281),('artwork',0.0133863),('asking',0.30103),('aspect',0.19721),('aspects',0.199514),('asset',0.176091),('assign',0.107234),('assigned',0.0669468),('assistive',0.176091),('associate',0.0721303),('associated',0.176091),('associates',0.231398),('association',0.09691),('assume',0.186846),('assuming',0.176091),('assumptions',0.30103),('asus2',0.0157943),('asus4',0.0157943),('attach',0.0540125),('attached',0.0347621),('attention',0.176091),('attribute',0.241888),('audio',0.176091),('aug',0.30103),('august',0.0157943),('authenticated',0.0193587),('authenticating',0.176091),('authentication',0.00634018),('authoring',0.0274491),('authorized',0.30103),('automated',0.0513006),('automatic',0.09691),('automatically',0.041836),('automaticallygenerated',0.09691),('available',0.00134761),('avenue',0.30103),('avoid',0.220476),('aware',0.30103),('away',0.176091),('awesome',0.30103),('b11',0.0157943),('b75',0.0157943),('b79',0.00796893),('b9sus4',0.0157943),('back',0.124939),('background',0.09691),('bad',0.124939),('ban',0.09691),('bandwidth',0.30103),('banjo',0.0791812),('bar',0.00396774),('base',0.010615),('basic',0.00250395),('bass',0.0321847),('bdim',0.0157943),('bdim7',0.00796893),('beatles',0.30103),('because',0.0457575),('become',0.176091),('becomes',0.176091),('been',0.0160485),('before',0.0354272),('behaves',0.176091),('behaving',0.176091),('behavior',0.0357416),('behind',0.224431),('being',0.0261859),('believe',0.187564),('belong',0.192969),('below',0.00725602),('besides',0.117686),('best',0.00502276),('bethel',0.176091),('between',0.0216783),('beyond',0.30103),('big',0.128698),('bigpipe',0.0229814),('birthday',0.176091),('bit',0.01524),('blank',0.30103),('blast',0.30103),('block',0.000770026),('blocked',0.176091),('blocks',0.0017736),('blog',0.0299632),('blonde',0.01524),('bm11',0.00796893),('bm6',0.00796893),('bm7',0.00532883),('bmmaj7',0.0157943),('bobmanager',0.176091),('body',0.0669468),('boolean',0.197038),('both',0.019401),('botsford',0.00914338),('bottom',0.0392878),('box',0.0193181),('boxes',0.0302299),('brackets',0.176091),('break',0.176091),('breakpoint',0.00466996),('breakpointenabled',0.177089),('breakpoints',0.00274883),('breaks',0.0511525),('bring',0.0347621),('browse',0.09691),('browser',0.0237622),('bsus2',0.0157943),('buckeye',0.00133424),('bugs',0.0579919),('builder',0.0139079),('building',0.0214485),('builtin',0.09691),('bulk',0.00361347),('but',0.0135751),('butter',0.176091),('button',0.0128043),('buttons',0.0192667),('bypass',0.0263289),('c69',0.00796893),('c7sus2',0.0157943),('c7sus4',0.0157943),('cache',0.00302305),('cacheable',0.186088),('cached',0.0377886),('caches',0.051482),('caching',0.0102192),('cadd4',0.0157943),('cadd9',0.00320514),('cajon',0.0791812),('calculated',0.0991498),('calculation',0.30103),('calculations',0.09691),('calendar',0.176091),('called',0.0240311),('can',0.000421237),('cancel',0.0165348),('canceled',0.0348906),('cannot',0.0377886),('captcha',0.184304),('carefully',0.215512),('carolyn',0.176091),('case',0.256173),('categorize',0.176091),('caug',0.0157943),('cdim7',0.0157943),('cell',0.30103),('central',0.00419611),('certain',0.09691),('chair',0.30103),('challenge',0.176091),('chandigarh',0.00914338),('change',0.0077714),('changed',0.0265449),('changes',0.0159051),('changing',0.00221338),('channel',0.176091),('character',0.113357),('characteristics',0.134813),('characters',0.238769),('check',0.00616306),('checkbox',0.176091),('checked',0.0234811),('checking',0.00520119),('child',0.176091),('children',0.176091),('chinese',0.176091),('choice',0.09691),('choices',0.0758827),('choose',0.0154848),('choosing',0.0669468),('chose',0.176091),('chosen',0.0577518),('chrome',0.0457575),('circle',0.30103),('cjk',0.051687),('ckeditor',0.0166294),('clarinet',0.30103),('claro',0.0676668),('class',0.30103),('classic',0.176091),('classified',0.182806),('classify',0.0348116),('clean',0.176091),('clear',0.0285516),('cleared',0.30103),('clearing',0.00772678),('cli',0.229906),('click',0.001276),('clicked',0.176091),('clicking',0.0223899),('clicks',0.176091),('clipboard',0.0669468),('cloned',0.204617),('clones',0.2012),('cloning',0.201771),('closed',0.0277928),('cm9',0.0157943),('cmaj11',0.0157943),('cmaj7',0.00532883),('cmaj9',0.0157943),('cmmaj7',0.0157943),('code',0.0311134),('codebase',0.202342),('codenver',0.00320514),('codes',0.0195711),('codevnver',0.0579919),('coffee',0.01524),('cohatch',0.00469512),('collected',0.176091),('collection',0.0994487),('collectively',0.176091),('column',0.0144785),('columns',0.0352843),('combinations',0.242922),('come',0.0178553),('comes',0.01524),('coming',0.0222764),('command',0.09691),('commandline',0.228838),('comment',0.00117622),('commentary',0.176091),('commented',0.176091),('commenters',0.176286),('commenting',0.0214596),('comments',0.000819792),('common',0.0669468),('commonly',0.09691),('commonlyused',0.0669468),('community',0.186681),('communitymembers',0.176091),('communityprovided',0.09691),('compact',0.204353),('compares',0.221831),('comparison',0.0193052),('complete',0.00371035),('completed',0.30103),('completely',0.249731),('completes',0.176091),('complex',0.0692415),('compliance',0.176091),('compliant',0.176091),('components',0.00539503),('composed',0.30103),('compressed',0.176091),('computer',0.09691),('concept',0.0024013),('concepts',0.20913),('conditions',0.176091),('config',0.0264166),('configurable',0.176091),('configuration',0.000384221),('configure',0.00170287),('configured',0.0169549),('configuring',0.000481033),('confirm',0.125635),('confirmation',0.103383),('confused',0.176091),('connect',0.212488),('connected',0.179244),('connecticut',0.30103),('connecting',0.00827253),('consist',0.176091),('consists',0.176091),('consume',0.176091),('contact',0.000820518),('contain',0.0466786),('containing',0.0301732),('contains',0.0610312),('content',0.00022246),('context',0.0445808),('contextual',0.00268705),('continue',0.0194762),('contnet',0.30103),('contributed',0.00637686),('control',0.0263289),('controlled',0.30103),('convert',0.124939),('converted',0.182512),('converting',0.09691),('converts',0.176091),('cookies',0.176091),('cooking',0.176091),('copied',0.104421),('copy',0.0327805),('core',0.00155677),('corner',0.0791812),('correct',0.0161751),('corresponding',0.103293),('corresponds',0.227125),('corrupted',0.189334),('could',0.0254166),('counterparts',0.22454),('country',0.176091),('covered',0.0280287),('covering',0.30103),('create',0.00167555),('created',0.00515754),('creates',0.09691),('creating',0.00067798),('creation',0.011281),('criteria',0.0113597),('critical',0.09691),('cron',0.00147863),('crop',0.0413927),('cropping',0.176091),('css',0.0530111),('csus2',0.00532883),('csus4',0.0157943),('curated',0.176091),('current',0.0178705),('currently',0.0505435),('custom',0.01289),('customize',0.176091),('customized',0.09691),('customizing',0.0101867),('d11',0.0157943),('d75',0.0157943),('d79',0.00796893),('d7sus2',0.0157943),('d7sus4',0.0157943),('dadd4',0.00796893),('dadd9',0.0157943),('damjam',0.00878551),('danbury',0.00782534),('data',0.00220535),('database',0.0246488),('date',0.00866724),('dates',0.106421),('datetime',0.114342),('daug',0.0157943),('dave',0.30103),('ddim7',0.0157943),('death',0.09691),('dec',0.124939),('decades',0.30103),('december',0.00796893),('decide',0.0669468),('decided',0.30103),('decision',0.176091),('default',0.000770008),('defaults',0.021609),('defend',0.176091),('define',0.0192116),('defined',0.0413927),('defines',0.0791812),('defining',0.00762951),('dehradun',0.00914338),('delete',0.0149283),('deleted',0.00721162),('deleting',0.00775447),('deletion',0.011281),('demonstrate',0.0511525),('depend',0.176091),('dependencies',0.30103),('dependent',0.176091),('depending',0.0373213),('depends',0.176091),('deploying',0.00653087),('derived',0.176091),('described',0.108618),('describes',0.0669468),('description',0.00553249),('descriptive',0.176091),('deserialization',0.0511525),('design',0.176091),('desired',0.00724762),('destination',0.12048),('details',0.0361722),('detection',0.00294789),('determine',0.09691),('determines',0.176091),('dev',0.0179814),('development',0.00426882),('device',0.0202034),('deviceindependent',0.0377886),('devices',0.128396),('diagnose',0.09691),('dialog',0.0523289),('did',0.09691),('differences',0.176091),('different',0.0145439),('differentsized',0.182491),('difficult',0.124939),('dim7',0.00200598),('direct',0.0511525),('direction',0.0511525),('directly',0.0112947),('directories',0.177189),('directory',0.0379188),('disable',0.00877392),('disabled',0.0161068),('disabling',0.00265624),('discard',0.177997),('discover',0.09691),('discovery',0.0982731),('discussed',0.196632),('discussion',0.176091),('display',0.00122718),('displayed',0.00485066),('displaying',0.176091),('displayname',0.176091),('displays',0.00998422),('distributed',0.176091),('divided',0.0413927),('divisions',0.176091),('dkjsdfsf',0.30103),('dm11',0.0157943),('dm6',0.00532883),('dm7',0.00796893),('dmadd9',0.0157943),('dmm7',0.0157943),('doc',0.176091),('docs',0.0363885),('document',0.124939),('documentation',0.00275206),('documented',0.176091),('documents',0.176091),('does',0.00562245),('domain',0.0147233),('don',0.0793405),('done',0.0161616),('dots',0.30103),('down',0.0791812),('download',0.00383315),('downloaded',0.0263289),('downloading',0.0457575),('downloads',0.176091),('drag',0.017895),('draganddrop',0.0791812),('dragging',0.0730873),('drastic',0.30103),('dropdown',0.0413927),('dropped',0.176091),('drums',0.176091),('drupal',0.000574659),('drupalorg',0.00653087),('drush',0.02864),('dsus2',0.00796893),('dsus4',0.0157943),('due',0.30103),('during',0.09691),('dynamic',0.0208277),('e7sus4',0.0157943),('e95add4',0.0157943),('each',0.00375573),('eadd4',0.0157943),('easier',0.0513408),('easily',0.09691),('easy',0.141323),('eats',0.30103),('eaug',0.00796893),('edim7',0.00796893),('edit',0.000903046),('edited',0.260155),('editing',0.00123125),('editor',0.00538131),('editors',0.00529033),('edits',0.09691),('effect',0.0193052),('effects',0.0263289),('efficiently',0.176091),('efriendmarketing',0.0157943),('either',0.0206992),('electric',0.0511525),('element',0.176091),('else',0.124939),('em11',0.0157943),('em6',0.00796893),('em7',0.00400274),('emadd',0.0157943),('emadd9',0.0157943),('email',0.00605837),('emaj7',0.0157943),('embed',0.203197),('emm7',0.0157943),('empty',0.176091),('enable',0.0460966),('enabled',0.0120424),('enables',0.0978353),('enabling',0.00400274),('enclosed',0.176091),('encode',0.176091),('encouraged',0.0791812),('end',0.035931),('enforces',0.176091),('enforcing',0.176091),('engaged',0.09691),('engines',0.176091),('english',0.0416081),('enhances',0.176091),('enjoyment',0.0791812),('ensure',0.10494),('enter',0.00510258),('entered',0.09691),('entering',0.30103),('enters',0.176091),('entities',0.00592235),('entity',0.000864414),('entries',0.09691),('error',0.00578555),('errors',0.010586),('esus2',0.00796893),('esus4',0.0157943),('etc',0.0251221),('evaluated',0.176091),('evaluating',0.176091),('even',0.176091),('events',0.176091),('every',0.032475),('exact',0.09691),('example',0.0048721),('examplecom',0.00833876),('examples',0.0442496),('exceed',0.176091),('except',0.189045),('exchanged',0.09691),('exist',0.155062),('existing',0.0031464),('exists',0.124939),('expand',0.30103),('expanded',0.0511525),('expect',0.176091),('expected',0.176091),('experience',0.177387),('experimental',0.00877392),('experts',0.0122937),('expiring',0.176091),('explaining',0.195643),('export',0.0147277),('exported',0.0205185),('exporting',0.00388604),('expose',0.176091),('exposed',0.0225952),('exposes',0.09691),('extend',0.0046213),('extending',0.00322386),('extends',0.176091),('extension',0.0369195),('external',0.176091),('f13',0.0157943),('f69',0.00796893),('face',0.0109954),('facilitate',0.176091),('fact',0.30103),('factors',0.09691),('fadd9',0.0157943),('false',0.198769),('far',0.0107239),('faster',0.0669468),('faulty',0.30103),('fdim7',0.00532883),('feature',0.176091),('features',0.0511525),('feb',0.0347621),('february',0.00267259),('feed',0.0347621),('feel',0.124939),('fest',0.011281),('few',0.09691),('fewer',0.176091),('fiddle',0.0791812),('field',0.000733884),('fields',0.00109748),('file',0.0031414),('fileexamplemp31mgmp3',0.0377886),('files',0.00586719),('fill',0.038462),('filling',0.176091),('filter',0.00534555),('filtering',0.0693152),('filters',0.00247566),('finally',0.206347),('find',0.00420705),('fine',0.0109954),('finish',0.176091),('finished',0.124939),('first',0.0171276),('fix',0.176091),('fixed',0.09691),('fixing',0.0193052),('flag',0.187865),('flat',0.09691),('flexible',0.270909),('flute',0.0791812),('fm6',0.0157943),('fm7',0.0157943),('fmaj13',0.0157943),('fmaj9',0.0157943),('focusing',0.192147),('folder',0.0308895),('follow',0.00721524),('following',0.0199938),('footer',0.0524966),('for',0.000272105),('force',0.176091),('forcing',0.176091),('forgot',0.30103),('form',0.000919542),('formal',0.176091),('format',0.00302239),('formats',0.00216427),('formatted',0.0137076),('formatter',0.0164668),('formatters',0.0332095),('formatting',0.176091),('forms',0.00169451),('found',0.0107239),('four',0.0675524),('framework',0.09691),('free',0.30103),('french',0.176091),('frexamplecom',0.0511525),('fri',0.00169316),('friday',0.00145981),('friends',0.30103),('from',0.00310698),('front',0.0321847),('fsus4',0.0157943),('full',0.0122345),('fullexport',0.211367),('fully',0.0437823),('function',0.0669468),('functionality',0.00556305),('functions',0.176091),('further',0.0482555),('future',0.100822),('g13',0.0157943),('g13sus4',0.0157943),('g69',0.0157943),('g6add4',0.0157943),('gadd4',0.0157943),('gadd9',0.00796893),('gaug',0.00796893),('gdim7',0.0157943),('gear',0.09691),('generally',0.17689),('generate',0.176091),('generated',0.0579919),('generating',0.30103),('generic',0.09691),('get',0.00758318),('gets',0.124939),('give',0.0287613),('given',0.182956),('global',0.000964028),('gm6',0.0157943),('gm9',0.0157943),('gmaj7',0.0157943),('goal',0.000341024),('goals',0.176091),('goes',0.124939),('going',0.30103),('good',0.09691),('google',0.0791812),('got',0.30103),('governance',0.176091),('gp5',0.01524),('granting',0.176091),('great',0.0102192),('green',0.176091),('greenwood',0.30103),('grey',0.01524),('grid',0.0347621),('grill',0.00100183),('group',0.00838285),('grouped',0.09691),('groups',0.0114024),('gsus2',0.0157943),('gsus24',0.0157943),('gsus2sus4',0.0157943),('gsus4',0.00796893),('guarantee',0.30103),('guide',0.000738694),('guitar',0.0457575),('guitars',0.0211893),('hand',0.30103),('handled',0.0791812),('handles',0.210839),('handling',0.0518894),('happen',0.176091),('happens',0.0583509),('happy',0.30103),('harmonica',0.30103),('has',0.00333834),('haul',0.30103),('have',0.00166791),('haven',0.30103),('having',0.080668),('header',0.0113411),('heading',0.0791812),('health',0.09691),('height',0.00673338),('held',0.00755314),('hello',0.0193052),('helo',0.0163904),('help',0.000950082),('helps',0.0193719),('helptopics',0.0263289),('here',0.00200781),('hidden',0.0123119),('hide',0.0752829),('hiding',0.251758),('hierarchical',0.176091),('hierarchy',0.09691),('highly',0.09691),('hints',0.176091),('his',0.30103),('history',0.09691),('holds',0.179531),('home',0.00111082),('hook',0.00400274),('horizontal',0.176091),('host',0.09691),('hot',0.30103),('hotspot',0.30103),('hour',0.176091),('hourly',0.176091),('hours',0.0791812),('hover',0.199213),('hovering',0.0691887),('hovers',0.176091),('how',0.00175027),('however',0.0791812),('html',0.00843187),('http',0.00490733),('https',0.00564815),('human',0.176091),('humanreadable',0.180071),('icon',0.0280287),('idea',0.0579919),('identification',0.176091),('identifier',0.0479678),('identifiers',0.200258),('identifies',0.103055),('image',0.00296026),('images',0.0138778),('immediately',0.176091),('impact',0.176091),('implementation',0.09691),('implemented',0.18151),('implications',0.0413927),('import',0.00782534),('important',0.0122829),('imported',0.0306524),('importing',0.00271857),('improper',0.0626408),('improve',0.0102192),('improved',0.176091),('include',0.0320325),('includes',0.09691),('including',0.00577854),('incorrect',0.30103),('increasing',0.176091),('index',0.00328999),('indexed',0.0438076),('indexing',0.00865995),('indicating',0.0689701),('individual',0.0303766),('individually',0.176091),('influence',0.176091),('info',0.176091),('information',0.004317),('informational',0.176091),('ingredients',0.0413927),('inline',0.00718813),('inplace',0.09691),('input',0.11679),('insert',0.176091),('inside',0.0163904),('install',0.00905766),('installation',0.09691),('installed',0.00425548),('installing',0.00285055),('instance',0.0202291),('instances',0.0577867),('instead',0.0267549),('instructions',0.0480243),('instrument',0.0669468),('instruments',0.00860017),('integer',0.0692248),('integers',0.228732),('interactions',0.176091),('interest',0.0511525),('interests',0.176091),('interface',0.00116088),('interfaces',0.176091),('internal',0.00981325),('into',0.00591337),('invalid',0.30103),('ipad',0.0669468),('iphone',0.09691),('issue',0.30103),('issues',0.30103),('item',0.000912368),('items',0.00266324),('its',0.00891148),('itself',0.176091),('jam',0.000467575),('jammers',0.0669468),('jamming',0.00185994),('jams',0.0263289),('jan',0.176091),('january',0.00796893),('japanese',0.176091),('java',0.00419611),('javascript',0.0426008),('jimmyp',0.09691),('jobs',0.176091),('joes',0.30103),('join',0.01524),('json',0.00582954),('jul',0.0184834),('july',0.00318166),('jun',0.0147233),('junction',0.000611252),('june',0.00145492),('just',0.0229028),('keep',0.0304127),('keeping',0.09691),('kept',0.30103),('key',0.110509),('keyboardonly',0.176091),('keyboards',0.30103),('keys',0.0541107),('keyword',0.09691),('keywords',0.0669468),('kinds',0.011281),('knowing',0.176091),('known',0.0511525),('korean',0.176091),('label',0.00463249),('labeled',0.0669468),('labels',0.0435603),('landing',0.000945146),('language',0.00086719),('languages',0.00299004),('languagespecific',0.176091),('laptop',0.30103),('large',0.0743336),('larger',0.176091),('last',0.0193052),('later',0.0330573),('latest',0.0791812),('layout',0.00173941),('layouts',0.0149195),('leading',0.176091),('leads',0.176091),('learn',0.0177288),('learning',0.176091),('least',0.0579919),('leave',0.097149),('left',0.0130467),('length',0.0413927),('less',0.30103),('let',0.0119999),('lets',0.176091),('letting',0.186088),('level',0.176091),('levels',0.0791812),('library',0.00796893),('licensetxt',0.0377886),('lifetime',0.042524),('like',0.00442959),('likely',0.30103),('limit',0.0285421),('limitations',0.0107239),('limited',0.176091),('limits',0.124939),('line',0.0457575),('link',0.00204824),('links',0.0013561),('linuxlike',0.176091),('list',0.00194086),('listed',0.00514669),('listing',0.0675538),('listings',0.00459054),('lists',0.0482413),('little',0.30103),('live',0.0549405),('lnweb',0.00934003),('load',0.0791812),('loads',0.30103),('local',0.00102549),('locate',0.0193052),('located',0.0669468),('location',0.00265628),('locationd',0.00796893),('locations',0.117729),('locator',0.176091),('log',0.00253234),('logged',0.0378063),('loggedin',0.30103),('logging',0.0424503),('login',0.30103),('loginurl',0.176091),('logo',0.30103),('long',0.0266292),('longer',0.0669468),('look',0.00817595),('lookin',0.011281),('looks',0.0125931),('ludhiana',0.00914338),('machine',0.0347621),('machinereadable',0.176091),('made',0.0971178),('mail',0.176091),('main',0.00966019),('maintaining',0.00469512),('maintenance',0.00214582),('maj7',0.00532883),('make',0.00630457),('makes',0.180713),('making',0.00603458),('malicious',0.203769),('manage',0.000568147),('managed',0.0413927),('management',0.00432133),('manager',0.0437026),('managers',0.176091),('manages',0.176091),('managing',0.000346478),('mandolin',0.30103),('manner',0.184218),('manually',0.0222764),('many',0.019428),('mapped',0.176091),('mapping',0.0263289),('mar',0.00575233),('march',0.00123555),('mark',0.176091),('marked',0.0669468),('marker',0.30103),('markup',0.0511525),('match',0.0548575),('matched',0.176091),('matches',0.30103),('matching',0.176091),('matter',0.176091),('maximum',0.0699609),('may',0.00135749),('maybe',0.09691),('meaning',0.176091),('means',0.0687095),('meant',0.0791812),('measure',0.30103),('mechanisms',0.0579919),('media',0.00104005),('mediarelated',0.176091),('medium',0.30103),('meets',0.0669468),('members',0.187273),('mentioned',0.194894),('menu',0.000768071),('menus',0.00360599),('merged',0.176091),('message',0.00500313),('messages',0.0180319),('metadata',0.00975984),('method',0.00829169),('methods',0.0075779),('miami',0.00914338),('mic',0.30103),('middle',0.182796),('might',0.0242285),('mills',0.00440912),('mind',0.176286),('minimum',0.0511525),('minwidth',0.176091),('misbehaving',0.30103),('mistakes',0.177392),('mmroad',0.30103),('modal',0.09691),('mode',0.00382641),('moderate',0.0107239),('moderating',0.00569555),('moderation',0.00861212),('modify',0.0413927),('modifying',0.00277505),('module',0.000648782),('modules',0.00163368),('mon',0.0122345),('monday',0.0022918),('month',0.176091),('more',0.00252532),('morgan',0.0157943),('most',0.0110013),('mostcommonlyused',0.176091),('mouse',0.176091),('move',0.0387888),('mp3',0.0377886),('much',0.176091),('mud',0.00440912),('multicolumn',0.185777),('multiple',0.0580451),('multiplevalued',0.186532),('multiplier',0.176091),('multipliers',0.0100851),('music',0.00515861),('musicmp3',0.0377886),('must',0.0170535),('name',0.00261227),('named',0.0601844),('names',0.116428),('navigate',0.00255259),('navigating',0.09691),('navigation',0.20916),('near',0.176091),('necessary',0.0691675),('need',0.00662019),('needed',0.0292346),('needing',0.176091),('needs',0.177695),('never',0.176091),('new',0.000861432),('newly',0.30103),('news',0.09691),('next',0.0142404),('nice',0.30103),('node',0.00910546),('nolink',0.0511525),('nonadministration',0.176091),('nonadministrative',0.0512681),('noncacheable',0.181913),('nondefault',0.176091),('none',0.104012),('nonenglish',0.0669468),('nonerror',0.30103),('nontoplevel',0.176091),('normal',0.124939),('normally',0.0670605),('not',0.00271456),('note',0.00755314),('notebook',0.176091),('noted',0.176091),('notes',0.0579919),('notfound',0.0361602),('notice',0.176091),('notify',0.0511525),('notifying',0.176091),('nov',0.0170333),('november',0.00532883),('now',0.0288409),('number',0.00817657),('numbers',0.059287),('numerical',0.176091),('occasionally',0.176091),('occur',0.0202034),('oct',0.124939),('october',0.00532883),('off',0.0122345),('offer',0.0865419),('official',0.0511525),('often',0.09691),('okay',0.124939),('old',0.0115819),('older',0.30103),('once',0.0208651),('one',0.00455066),('onecolumn',0.068841),('onetimeloginurl',0.176091),('online',0.00274876),('only',0.010425),('onto',0.30103),('open',0.0137997),('operation',0.124939),('operations',0.00213975),('opposite',0.30103),('optimizing',0.00827253),('option',0.0341015),('optional',0.0272341),('optionally',0.00666114),('options',0.00552274),('order',0.00534775),('ordered',0.176091),('ordering',0.124939),('organize',0.176091),('organized',0.30103),('organizes',0.176091),('original',0.124939),('other',0.00302996),('others',0.0791812),('our',0.176091),('out',0.0266261),('outline',0.176091),('output',0.02354),('outreach',0.176091),('outside',0.0263375),('over',0.0395247),('overall',0.103046),('override',0.0689381),('overview',0.000572798),('own',0.0153386),('owned',0.187828),('owners',0.09691),('page',0.000425516),('pagelevel',0.09691),('pagepath',0.0263289),('pager',0.0431775),('pages',0.00121755),('pagess',0.00717858),('pagessss',0.0413927),('pagesssss',0.00227977),('paginate',0.185495),('paragraph',0.0193052),('parameter',0.09691),('parent',0.0263289),('park',0.0157943),('part',0.0299632),('participated',0.0791812),('particular',0.0120507),('parts',0.0102929),('pass',0.183708),('password',0.0299632),('past',0.043351),('paste',0.0347621),('path',0.00611118),('pathauto',0.0193052),('paths',0.00694886),('patterns',0.09691),('paulmac',0.0669468),('paying',0.176091),('pelotonia',0.00419611),('pencil',0.09691),('pending',0.176091),('people',0.00532066),('per',0.0211893),('percentage',0.176091),('percentages',0.186963),('percussion',0.0669468),('perform',0.0413927),('performance',0.00299061),('performing',0.0693885),('periodically',0.0511525),('periods',0.205622),('permalink',0.012965),('permanent',0.176091),('permission',0.00321355),('permissions',0.00254272),('personal',0.0045528),('personalized',0.188455),('peter',0.0133878),('phone',0.0669468),('php',0.018051),('physical',0.30103),('piece',0.0669468),('pieces',0.176091),('pipe',0.184304),('pixel',0.0347621),('place',0.00555926),('placed',0.0280287),('placeholders',0.102554),('places',0.30103),('placing',0.00768683),('plain',0.0200755),('plaintext',0.176091),('planning',0.0342615),('platform',0.0222764),('play',0.00684016),('player',0.0791812),('players',0.30103),('playing',0.00529699),('plays',0.0791812),('please',0.176091),('plugin',0.0387744),('pluginbased',0.176091),('plugins',0.09691),('plus',0.188736),('point',0.09691),('policy',0.01524),('pop',0.09691),('popup',0.0688893),('porter',0.019594),('position',0.176091),('positions',0.30103),('possibility',0.176091),('possible',0.0396344),('post',0.0235306),('posted',0.0669468),('posting',0.19198),('posts',0.0669468),('potentiallydangerous',0.176091),('practice',0.0977412),('practices',0.180909),('precise',0.30103),('predefined',0.0774698),('prefer',0.176091),('preferences',0.176091),('preferred',0.09691),('prefix',0.176091),('preindex',0.176091),('presents',0.176091),('prevent',0.176091),('preventing',0.0193052),('preview',0.0124635),('previewing',0.183934),('previous',0.0926196),('previously',0.0579919),('previouslyplaced',0.00796893),('print',0.012965),('printers',0.176091),('printouts',0.30103),('pro',0.30103),('probably',0.09691),('problem',0.0791812),('problems',0.0152539),('process',0.0126628),('processed',0.111847),('processing',0.0403338),('production',0.127485),('profile',0.0299688),('profiles',0.0416236),('program',0.124939),('programs',0.176091),('progress',0.0300758),('project',0.0347621),('projects',0.176091),('promote',0.176091),('prop',0.30103),('properly',0.30103),('provide',0.00364577),('provided',0.00453443),('provides',0.00812057),('providing',0.09691),('public',0.176091),('publish',0.0179153),('published',0.0156673),('publishes',0.177695),('publishing',0.206347),('pull',0.193148),('purpose',0.176091),('purposes',0.0588955),('put',0.023495),('putting',0.176286),('queries',0.00707601),('query',0.176091),('question',0.01524),('quick',0.00386042),('quickly',0.069093),('radio',0.0804571),('rain',0.0163904),('ran',0.176091),('range',0.114693),('ranging',0.176091),('ranking',0.0413927),('raod',0.0157943),('rather',0.054928),('ratio',0.30103),('reach',0.182076),('reached',0.30103),('read',0.0888754),('readers',0.09691),('ready',0.176091),('really',0.176091),('rearrange',0.0457575),('reasons',0.176091),('rebuild',0.0511525),('recalculated',0.176091),('recalculation',0.176091),('receive',0.09691),('recent',0.0413927),('recently',0.09691),('recipe',0.0669468),('recipes',0.0669468),('recipient',0.176091),('recipients',0.0413927),('recommended',0.0579919),('recording',0.00755314),('records',0.0109954),('red',0.176091),('redirected',0.176091),('reduce',0.09691),('reference',0.00226112),('referenced',0.0669468),('references',0.215135),('refers',0.176091),('refine',0.09691),('refresh',0.30103),('region',0.00448091),('regional',0.09691),('regions',0.0347621),('register',0.0457575),('registered',0.0791812),('regular',0.0594892),('regularlength',0.237201),('reindex',0.0542073),('reindexed',0.176091),('related',0.00307277),('relationship',0.106934),('relationships',0.0567132),('released',0.176091),('releases',0.09691),('relevant',0.176091),('remain',0.102185),('remote',0.176091),('remove',0.0173781),('removing',0.176091),('render',0.190808),('rendered',0.176091),('rendering',0.176091),('renders',0.176091),('reorder',0.196908),('reordering',0.00796893),('repeat',0.0256414),('replacement',0.0511525),('replacements',0.176091),('reply',0.0161957),('report',0.0193052),('reported',0.176091),('reports',0.00453443),('reproduced',0.200627),('request',0.0579919),('requested',0.0991498),('requests',0.01524),('require',0.0703949),('required',0.0136425),('requires',0.0551275),('requiring',0.182512),('reset',0.09691),('resides',0.176091),('resized',0.176091),('resolution',0.004617),('resource',0.176091),('resources',0.000759451),('respective',0.205953),('respectively',0.176091),('respond',0.0791812),('response',0.0579919),('responses',0.00582954),('responsive',0.0374355),('rest',0.0178253),('restful',0.00934003),('restrict',0.140196),('restrictions',0.176091),('restrictive',0.176091),('restricts',0.111546),('result',0.080554),('results',0.0259591),('retrieved',0.176091),('return',0.0347426),('returned',0.0173532),('reuse',0.176091),('reusing',0.176091),('reverse',0.09691),('review',0.09691),('reviews',0.177089),('right',0.00955584),('righttoleft',0.0281488),('risk',0.0628382),('road',0.0157943),('road0mp3',0.0377886),('roadmp3',0.0377886),('rocking',0.0157943),('role',0.00236687),('roles',0.00743375),('room',0.176091),('rotation',0.30103),('row',0.0202034),('rows',0.176091),('rss',0.176091),('run',0.00671396),('running',0.002422),('runs',0.0512353),('runtime',0.30103),('safari',0.0511525),('safe',0.208555),('same',0.0148851),('sample',0.0142404),('sandy',0.00532883),('sat',0.0299632),('satisfied',0.206052),('saturday',0.00200598),('save',0.00100647),('saved',0.0691786),('saves',0.176091),('saving',0.176091),('sax',0.30103),('say',0.176091),('saying',0.136405),('says',0.176091),('scaffolding',0.176091),('scaling',0.176091),('scan',0.09691),('scenes',0.224971),('schachter',0.0133894),('schedule',0.0414469),('scooters',0.30103),('scope',0.30103),('screen',0.0184834),('screens',0.0669468),('scripts',0.20434),('scroll',0.09691),('search',0.000536392),('searchable',0.176091),('searches',0.102283),('searching',0.0242999),('second',0.0791812),('seconds',0.30103),('section',0.00505736),('sections',0.00747467),('secure',0.00768683),('security',0.00159447),('see',0.00147626),('seem',0.011281),('seen',0.176091),('sees',0.220083),('select',0.00375302),('selected',0.0105818),('selecting',0.09691),('selection',0.00811789),('selector',0.0511525),('selects',0.176091),('send',0.178301),('sending',0.176091),('sends',0.30103),('sent',0.0698421),('seofriendly',0.176091),('sep',0.30103),('separate',0.30103),('separately',0.09691),('separates',0.176091),('september',0.0157943),('sequence',0.176091),('serialization',0.00861069),('serialized',0.176091),('series',0.176091),('serve',0.097569),('server',0.0791812),('servers',0.176091),('service',0.0107239),('services',0.00300551),('serving',0.176091),('session',0.0377886),('sessions',0.126931),('set',0.00349205),('sets',0.0413927),('setting',0.00272224),('settings',0.000666223),('settingsphp',0.0357304),('several',0.0265343),('severity',0.0511525),('shakedown',0.0347621),('share',0.105011),('shared',0.09691),('sheets',0.0791812),('shield',0.176091),('shift',0.176091),('shooting',0.30103),('shop',0.01524),('short',0.0791812),('shortcut',0.00404246),('shortcuts',0.00485592),('should',0.00512048),('shouldn',0.30103),('show',0.00745882),('showing',0.115679),('shown',0.00945365),('shows',0.0545896),('side',0.0347621),('similar',0.0417901),('simple',0.021246),('since',0.0689317),('sing',0.0163904),('singer',0.0669468),('singing',0.0791812),('single',0.00348833),('singleitem',0.211925),('singleline',0.146382),('singlevalued',0.121221),('sit',0.30103),('site',0.000295318),('sites',0.0173958),('sitewide',0.0321847),('situations',0.30103),('size',0.09691),('sized',0.0977479),('sizes',0.176091),('sizing',0.30103),('slogan',0.176091),('small',0.30103),('smaller',0.0377886),('smoother',0.09691),('social',0.176091),('software',0.0102415),('soine',0.00532883),('solr',0.0177288),('some',0.00682589),('someone',0.176091),('something',0.30103),('sometimes',0.09691),('song',0.0511525),('songs',0.00318291),('soon',0.0193052),('sort',0.0347812),('sorting',0.09691),('sorts',0.19721),('source',0.0216446),('sources',0.09691),('spaces',0.176091),('spam',0.100667),('spamreduction',0.181313),('special',0.0669468),('specific',0.0111),('specifically',0.176091),('specification',0.0193052),('specify',0.09691),('specifying',0.100791),('speed',0.176091),('sphinx',0.0193052),('square',0.124939),('squeeze',0.30103),('stable',0.0669468),('staging',0.176091),('stand',0.176091),('standard',0.181274),('standards',0.0110058),('star',0.176091),('start',0.00985525),('started',0.183111),('starting',0.224622),('starts',0.09691),('state',0.0299632),('status',0.00499125),('stay',0.30103),('stemmer',0.0196732),('stemming',0.176091),('step',0.0461843),('stepbystep',0.18719),('steps',0.000327449),('steve',0.30103),('still',0.124939),('stills',0.30103),('storage',0.09691),('store',0.0413927),('stored',0.0291693),('stores',0.0184808),('strategic',0.176091),('streamed',0.189045),('street',0.0347621),('string',0.0511525),('strings',0.0397326),('strive',0.30103),('structure',0.00120665),('structures',0.176091),('style',0.00343318),('styles',0.028103),('styling',0.176091),('subdirectory',0.176091),('subject',0.0178759),('submission',0.185126),('submit',0.0791812),('submitted',0.09691),('submitting',0.185495),('subset',0.176091),('substituted',0.176091),('subterm',0.176091),('subtype',0.00153905),('subtypes',0.0142828),('such',0.00552409),('sufficient',0.200087),('suggested',0.0142404),('suggestion',0.09691),('summarizes',0.176091),('summary',0.0286321),('sun',0.00616031),('sunday',0.0022918),('supplied',0.176091),('support',0.071475),('supports',0.176091),('sure',0.0157308),('sus2',0.0157943),('sustainability',0.176091),('switch',0.0684179),('switcher',0.0263289),('sync',0.0459247),('synchronization',0.00552531),('synchronize',0.0413927),('synchronized',0.193696),('synchronizing',0.226695),('syslog',0.176091),('system',0.00491565),('systems',0.176091),('tab',0.0377886),('table',0.0123444),('tables',0.09691),('tablestyle',0.176091),('tablet',0.0579919),('tablets',0.176091),('tabs',0.176091),('tag',0.108153),('tagging',0.30103),('tags',0.0200153),('take',0.0791812),('taken',0.176091),('takes',0.0975029),('talent',0.0579919),('talk',0.30103),('tap',0.0263893),('target',0.0511525),('task',0.0304486),('tasks',0.00229976),('taste',0.176091),('taxonomy',0.00139166),('team',0.0170333),('technically',0.176091),('technologies',0.176091),('technology',0.09691),('tef',0.01524),('telephone',0.0847755),('template',0.176091),('temporarily',0.176091),('temporary',0.09691),('term',0.0164968),('terms',0.0114353),('test',0.000845945),('test100',0.0157943),('testbar',0.00133835),('testcity',0.0157943),('testcoffeeshop',0.00114741),('testing',0.176091),('testmanager',0.0184834),('testrestaurant',0.00320514),('testsss',0.00459575),('tetst',0.00102549),('text',0.000525134),('than',0.014106),('thank',0.0157943),('that',0.000980136),('the',0.0000947494),('their',0.0109676),('them',0.00729194),('theme',0.0016618),('themes',0.00312381),('theming',0.0213654),('themselves',0.176091),('then',0.0113286),('therapy',0.0157943),('there',0.00378399),('thereby',0.215806),('these',0.00720734),('they',0.0078322),('thing',0.0211893),('things',0.0671317),('thirdparty',0.09691),('this',0.00218776),('though',0.30103),('threading',0.0511525),('threads',0.176091),('three',0.09691),('throttle',0.0511525),('through',0.0328951),('thu',0.0163904),('thursday',0.00178355),('time',0.00698953),('timeout',0.176091),('times',0.110584),('timestamp',0.20335),('tips',0.30103),('title',0.0032054),('today',0.30103),('together',0.176091),('toggle',0.176091),('tomatoes',0.0669468),('tommanager',0.0248236),('too',0.0213187),('tool',0.230438),('toolbar',0.005299),('tooltip',0.195062),('top',0.0351992),('topic',0.00613018),('topics',0.00147147),('topleft',0.176091),('toplevel',0.176091),('topright',0.176091),('totally',0.30103),('track',0.176091),('tracked',0.0222764),('tracking',0.00267259),('tracks',0.176091),('traditional',0.176091),('transferred',0.176091),('transform',0.176091),('translatable',0.0163972),('translate',0.0107296),('translated',0.00490733),('translating',0.00415596),('translation',0.00196973),('translations',0.00539503),('transmission',0.176091),('transported',0.176091),('tray',0.0669468),('triggers',0.176091),('troubleshooting',0.00469512),('true',0.198193),('trusted',0.0511525),('try',0.0969685),('trying',0.0796915),('tst',0.0157943),('tue',0.0137883),('tuesday',0.00084411),('tunes',0.30103),('turn',0.0472073),('turning',0.09691),('turns',0.178664),('tvs',0.30103),('twice',0.176091),('twig',0.176091),('twigfilebased',0.176091),('two',0.0199008),('twocolumn',0.182198),('type',0.000567132),('types',0.00123706),('typically',0.0299632),('typing',0.176091),('ukulele',0.30103),('unapproved',0.09691),('uncacheable',0.187865),('uncheck',0.0306024),('unchecked',0.176091),('under',0.00859306),('underlying',0.176091),('understand',0.09759),('understandable',0.176091),('unformatted',0.0240739),('uniform',0.176091),('uninstall',0.0068896),('uninstalled',0.022107),('uninstalling',0.00296448),('unique',0.0526455),('unlimited',0.09691),('unpacked',0.176091),('unpublish',0.0413927),('unpublished',0.0513764),('unpublishing',0.206911),('until',0.0172036),('untrusted',0.107678),('unused',0.00827253),('unwanted',0.176091),('unwieldy',0.30103),('upcoming',0.124939),('update',0.00849869),('updated',0.0202034),('updates',0.00637692),('updating',0.0461459),('upload',0.0511525),('uploaded',0.09691),('upper',0.0791812),('upstairs',0.30103),('url',0.00139023),('urls',0.00334135),('use',0.0021883),('used',0.00718809),('useful',0.176091),('user',0.000348933),('userdefined',0.176091),('userinterface',0.176091),('username',0.0511525),('users',0.00205751),('uses',0.0669468),('using',0.00129916),('usually',0.09691),('uuid',0.0403645),('valid',0.09691),('value',0.0132279),('values',0.0077998),('variables',0.00860017),('variation',0.000518561),('variations',0.176091),('variety',0.30103),('various',0.100168),('vary',0.0791812),('vegetables',0.176091),('venue',0.0157943),('verification',0.0974153),('verified',0.09691),('verify',0.00990839),('versatile',0.176091),('versions',0.194859),('vertical',0.176091),('very',0.0743336),('via',0.09691),('video',0.0669747),('videos',0.176091),('view',0.00100016),('viewed',0.0669468),('viewer',0.176091),('viewing',0.00653087),('viewport',0.124939),('viewports',0.176091),('views',0.00217484),('vineyards',0.00532883),('visibility',0.0263289),('visible',0.0167608),('visit',0.019324),('visited',0.00768683),('visiting',0.176091),('visitor',0.176091),('visitors',0.00405843),('visits',0.0211893),('visual',0.0263289),('visually',0.0511525),('vocabularies',0.0520203),('vocabulary',0.00526424),('volume',0.0669468),('w3c',0.0248364),('wait',0.0328707),('waiting',0.192555),('walk',0.101307),('walked',0.185495),('walking',0.1849),('want',0.00280561),('warning',0.0511525),('warnings',0.176091),('was',0.0387747),('way',0.00531635),('ways',0.0579919),('web',0.00209299),('website',0.00477944),('wed',0.00954532),('wednesday',0.00133835),('week',0.0791812),('weekly',0.176091),('weights',0.0413927),('welcome',0.00311324),('welcomed',0.0791812),('well',0.0285427),('went',0.30103),('were',0.0595965),('westerville',0.00419611),('westport',0.00590886),('wget',0.0511525),('whacked',0.01524),('what',0.000141429),('whatever',0.30103),('when',0.00280998),('whenever',0.176091),('where',0.0036839),('whether',0.0303222),('which',0.00226222),('while',0.0293059),('white',0.09691),('who',0.000852815),('whole',0.176091),('whose',0.0511525),('why',0.0137883),('widelyused',0.176091),('widget',0.00967929),('widgets',0.0413927),('width',0.00600146),('widths',0.09691),('wifi',0.0137883),('will',0.00143398),('wind',0.30103),('window',0.30103),('wish',0.0709714),('with',0.00118048),('within',0.0293937),('without',0.0347621),('word',0.0301088),('words',0.0680862),('work',0.0462063),('workflow',0.0252418),('working',0.00268737),('works',0.09691),('worry',0.30103),('worthington',0.00469512),('would',0.0124614),('wraps',0.176091),('write',0.234147),('writing',0.176091),('written',0.0791812),('wwwexamplecom',0.0511525),('wysiwyg',0.0511525),('xml',0.176091),('yaml',0.0287048),('yamlformat',0.176091),('yes',0.0202034),('yet',0.0163904),('yml',0.179468),('you',0.000634207),('your',0.000484556),('youtube',0.00657686),('zone',0.176091),('アイテ',0.0457575),('アウト',0.0700144),('アカウ',0.0413927),('アクセ',0.042115),('アされ',0.30103),('アして',0.30103),('アしま',0.30103),('アスの',0.0511525),('アする',0.30103),('アタイ',0.30103),('アップ',0.30103),('アドレ',0.176091),('あなた',0.200947),('アのソ',0.30103),('アのバ',0.30103),('アのモ',0.30103),('ありま',0.0587162),('あるい',0.137634),('あるか',0.195012),('あるチ',0.30103),('あるの',0.30103),('ある別',0.30103),('ある可',0.30103),('ある場',0.30103),('ある画',0.30103),('あれば',0.30103),('アンイ',0.038934),('アンド',0.30103),('ィール',0.00584994),('イアウ',0.0699902),('ィアタ',0.30103),('いエラ',0.30103),('いくつ',0.30103),('いコン',0.198979),('ィジェ',0.0358938),('いステ',0.30103),('イズと',0.18069),('イスの',0.30103),('イズ用',0.30103),('イス解',0.30103),('イス非',0.0386454),('ィター',0.0564299),('いたい',0.30103),('いった',0.30103),('ィティ',0.0222764),('いては',0.133128),('イテム',0.0457575),('いて何',0.30103),('イトエ',0.30103),('イトが',0.0988778),('イトス',0.15627),('イトで',0.150479),('イトに',0.0690177),('イトの',0.0229877),('ィとは',0.0222764),('イトル',0.0424049),('イトを',0.0557119),('イト上',0.176091),('イト全',0.182335),('イト名',0.176091),('イト訪',0.30103),('いない',0.141203),('いなど',0.30103),('いはリ',0.30103),('いは削',0.30103),('いは試',0.30103),('いフィ',0.185579),('イプと',0.09691),('イプの',0.09691),('いブロ',0.30103),('います',0.0990336),('イムゾ',0.181508),('いモジ',0.209241),('イヤー',0.1393),('いユー',0.30103),('いられ',0.30103),('イリア',0.0347621),('いるエ',0.30103),('いるこ',0.30103),('ィルタ',0.103001),('いるテ',0.176091),('いると',0.30103),('いるモ',0.30103),('いるリ',0.30103),('いる場',0.190241),('いる追',0.30103),('いる関',0.30103),('いれば',0.30103),('いを修',0.30103),('インし',0.30103),('インス',0.0178405),('インタ',0.176091),('イント',0.0883448),('インの',0.176091),('インペ',0.30103),('インポ',0.0791812),('イン済',0.30103),('い場合',0.185031),('い役割',0.30103),('い日付',0.199986),('い時間',0.30103),('い理由',0.30103),('い通常',0.30103),('ウィジ',0.0358065),('ウェア',0.224277),('ウェブ',0.107236),('うかを',0.135189),('ウザー',0.30103),('ウト用',0.30103),('うにな',0.30103),('うべき',0.30103),('ウント',0.0413927),('ウンロ',0.193469),('う必要',0.30103),('う設定',0.30103),('ェース',0.176091),('ェアの',0.30103),('ェアは',0.30103),('エイリ',0.0347621),('エクス',0.09691),('ェック',0.0371788),('ェット',0.0360683),('エディ',0.0560271),('えてレ',0.30103),('ェブサ',0.176091),('ェブペ',0.213985),('エラー',0.0178943),('エンテ',0.0222764),('オーバ',0.131347),('ォーマ',0.0124187),('ォーム',0.00710877),('おかし',0.30103),('おきま',0.30103),('おける',0.30103),('オプシ',0.0249707),('および',0.0289416),('ォルト',0.0613886),('お望み',0.30103),('カーを',0.30103),('があり',0.0658423),('がある',0.0434095),('がいを',0.30103),('がイン',0.121022),('がウェ',0.30103),('カウン',0.0413927),('がおか',0.30103),('がかか',0.30103),('かかる',0.30103),('がクリ',0.30103),('がサイ',0.176091),('かしく',0.30103),('がショ',0.30103),('がその',0.30103),('カット',0.0419287),('ができ',0.0394691),('かどう',0.134995),('がなけ',0.30103),('カニズ',0.30103),('かのエ',0.30103),('がペー',0.30103),('がまだ',0.30103),('がメン',0.196086),('かもし',0.30103),('カラム',0.194794),('から左',0.30103),('かるも',0.30103),('かを確',0.142751),('かを追',0.30103),('が一覧',0.18736),('が他に',0.30103),('が保存',0.089172),('が原因',0.228159),('が含ま',0.30103),('が変更',0.30103),('が完全',0.30103),('が必要',0.22078),('が最近',0.30103),('が望み',0.30103),('が正し',0.30103),('が無効',0.30103),('が生成',0.30103),('が表示',0.0712549),('が解決',0.30103),('が起き',0.0307904),('が追跡',0.0222764),('が通常',0.30103),('が配置',0.30103),('キスト',0.0437189),('きです',0.30103),('きない',0.30103),('きにキ',0.30103),('きに行',0.30103),('きの動',0.30103),('きます',0.0291247),('きませ',0.30103),('キャッ',0.0142451),('キャブ',0.09691),('きるの',0.0309678),('きるよ',0.232357),('ギング',0.30103),('グアン',0.30103),('グイン',0.12953),('クがシ',0.30103),('クが含',0.30103),('クが配',0.30103),('クされ',0.30103),('クして',0.0899638),('クしま',0.0306991),('クスが',0.30103),('クスに',0.0735352),('クスポ',0.09691),('クする',0.104206),('クセス',0.0421305),('クセル',0.0361233),('クソノ',0.09691),('クタイ',0.09691),('くださ',0.107412),('くつか',0.30103),('クで次',0.30103),('グとエ',0.193891),('クトの',0.09691),('クトフ',0.00811789),('くない',0.30103),('くなっ',0.30103),('グなど',0.30103),('クにつ',0.30103),('クに変',0.30103),('クのタ',0.125963),('クの並',0.30103),('クの保',0.0648495),('クの見',0.30103),('クの設',0.30103),('クの説',0.30103),('クポイ',0.0882415),('クボッ',0.107266),('クもあ',0.30103),('くらい',0.30103),('クリー',0.0402688),('クリア',0.0429537),('クリッ',0.0203937),('グルー',0.236358),('グルア',0.0511525),('クレイ',0.0791812),('クをク',0.30103),('クを入',0.0683826),('グを制',0.30103),('クを削',0.30103),('クを参',0.139295),('クを外',0.197139),('クを提',0.30103),('クを望',0.30103),('クを表',0.254715),('クを設',0.30103),('クを配',0.30103),('く知る',0.30103),('けする',0.30103),('けなら',0.30103),('けます',0.176091),('けるた',0.30103),('けるフ',0.30103),('けれど',0.30103),('ければ',0.226188),('ヶ月以',0.30103),('ヶ月間',0.30103),('コード',0.073158),('コアの',0.099373),('ことが',0.0354893),('ことで',0.216907),('ことに',0.30103),('ことは',0.30103),('ことも',0.146673),('ことを',0.0690812),('このサ',0.30103),('このモ',0.131592),('コメン',0.01524),('これに',0.30103),('これは',0.30103),('これら',0.146033),('コンタ',0.00755314),('コンテ',0.00356411),('ザーア',0.176091),('ザーイ',0.176091),('ザーが',0.0981008),('ザーと',0.0222764),('ザーに',0.30103),('ザーの',0.205192),('サーバ',0.18206),('サイズ',0.139599),('サイト',0.00938944),('ザがウ',0.30103),('された',0.0417307),('されて',0.0451001),('されま',0.095018),('される',0.0484386),('しいコ',0.30103),('しいフ',0.184983),('しいユ',0.30103),('しい役',0.30103),('ジェッ',0.0359811),('ジがサ',0.30103),('ジが生',0.30103),('ジが表',0.0711786),('しくな',0.230262),('したい',0.30103),('したら',0.30103),('したり',0.238543),('した場',0.30103),('した日',0.30103),('した独',0.30103),('してい',0.0820762),('してお',0.30103),('してく',0.106697),('してコ',0.179818),('してシ',0.30103),('してデ',0.30103),('してど',0.30103),('してフ',0.30103),('してマ',0.18095),('してメ',0.30103),('して問',0.30103),('ジで確',0.30103),('しない',0.30103),('ジに戻',0.144294),('ジに直',0.30103),('ジの下',0.30103),('ジの内',0.30103),('ジの応',0.30103),('ジの閲',0.30103),('ジは存',0.30103),('ジは誰',0.30103),('ジペー',0.30103),('ジへア',0.0511525),('します',0.0105702),('ジュー',0.00934086),('シュさ',0.195368),('シュデ',0.202467),('シュと',0.0222764),('シュを',0.107889),('ショー',0.0418649),('ション',0.0219743),('ジレス',0.30103),('しれま',0.30103),('ジを作',0.253369),('ジを最',0.30103),('ジを生',0.30103),('ジを見',0.30103),('ジを訪',0.30103),('ジを読',0.30103),('シング',0.0511525),('シンプ',0.30103),('じ行に',0.30103),('スが無',0.30103),('スクに',0.30103),('スクリ',0.156897),('スコー',0.129501),('スタイ',0.30103),('スって',0.0222764),('ステー',0.0222764),('スでき',0.30103),('ずです',0.0912657),('ステッ',0.000345818),('すでに',0.30103),('ストー',0.0178405),('ストア',0.30103),('ストに',0.30103),('ズとの',0.196116),('ストフ',0.0548399),('ストボ',0.176091),('スにチ',0.111451),('スにモ',0.30103),('スに使',0.30103),('スに入',0.30103),('スの作',0.09691),('スの物',0.30103),('スの管',0.09691),('スの翻',0.176091),('スはコ',0.30103),('すべて',0.0859336),('スポー',0.09691),('スポン',0.0168955),('ズムが',0.30103),('すメッ',0.0797131),('スモー',0.0101169),('するエ',0.195877),('するか',0.162232),('するけ',0.30103),('するこ',0.0296251),('するた',0.0969685),('するト',0.0618884),('するの',0.0242305),('するフ',0.203758),('するペ',0.30103),('するメ',0.30103),('するモ',0.104006),('するリ',0.208757),('する内',0.30103),('する場',0.128294),('する必',0.113984),('する日',0.30103),('する条',0.30103),('する際',0.30103),('スロー',0.176091),('スを入',0.30103),('スを含',0.30103),('スを提',0.30103),('ス作業',0.19651),('ズ用の',0.30103),('ス解像',0.30103),('ス非依',0.038797),('セージ',0.0347705),('セスで',0.30103),('セッシ',0.30103),('セット',0.30103),('セルの',0.30103),('ゾーン',0.181508),('そのペ',0.30103),('ソノミ',0.09691),('そのモ',0.30103),('その他',0.000854208),('その結',0.30103),('その行',0.30103),('ソフト',0.223144),('それぞ',0.30103),('ぞれに',0.30103),('それほ',0.30103),('それら',0.30103),('ターと',0.0345821),('ターの',0.176091),('ターム',0.09691),('ターも',0.30103),('ターン',0.110762),('タイト',0.0423674),('タイプ',0.0109954),('タイム',0.181508),('たいモ',0.30103),('タイル',0.30103),('だイン',0.30103),('たい日',0.30103),('ダウン',0.193469),('タがク',0.30103),('たかど',0.30103),('タギン',0.30103),('タクソ',0.09691),('タクト',0.00755314),('タグを',0.30103),('だけな',0.30103),('たこと',0.079296),('たコン',0.30103),('ださい',0.107769),('タスク',0.30103),('たデー',0.196278),('たとき',0.160371),('たのサ',0.201332),('たはこ',0.30103),('たは再',0.30103),('たは更',0.30103),('たは編',0.30103),('タフェ',0.176091),('タベー',0.176091),('ために',0.138869),('ための',0.30103),('たら通',0.30103),('たり並',0.30103),('タをク',0.30103),('タを手',0.30103),('タを提',0.30103),('た場合',0.30103),('た日時',0.30103),('た条件',0.30103),('た独自',0.30103),('だ見て',0.30103),('た言語',0.30103),('チェッ',0.0371559),('ちがい',0.30103),('ちのコ',0.09691),('チプラ',0.1393),('ちます',0.30103),('ツール',0.30103),('ツアイ',0.30103),('ついて',0.132679),('ツエン',0.0222764),('ツがあ',0.0664297),('つかの',0.30103),('ッグア',0.30103),('ックが',0.183687),('ックし',0.0222545),('ックス',0.0456878),('ックタ',0.09691),('ックで',0.30103),('ックの',0.0330832),('ックボ',0.107213),('ックも',0.30103),('ックリ',0.0511525),('ックレ',0.0791812),('ックを',0.0274676),('つけま',0.176091),('ッシュ',0.0142451),('ッショ',0.30103),('ッセー',0.034752),('ッター',0.0344944),('ツタイ',0.0163904),('ったと',0.30103),('ったペ',0.30103),('ってい',0.136644),('っては',0.30103),('って何',0.0109954),('って様',0.30103),('ットが',0.16469),('ットセ',0.30103),('ットと',0.0215051),('ットな',0.30103),('ットに',0.30103),('ットの',0.104144),('ットバ',0.30103),('ットリ',0.30103),('ットを',0.0842685),('ツと更',0.30103),('ツにビ',0.30103),('ツの新',0.30103),('ツの言',0.09691),('ツは新',0.30103),('ップさ',0.30103),('ップは',0.30103),('ップを',0.30103),('ップ機',0.30103),('ツペー',0.30103),('ツへの',0.0222764),('つまり',0.30103),('つユー',0.30103),('ツを作',0.30103),('ツを表',0.30103),('つ以上',0.30103),('ツ概要',0.0511525),('っ白に',0.30103),('データ',0.0883856),('テーマ',0.00836511),('である',0.30103),('ディア',0.30103),('ディタ',0.0562285),('ティテ',0.0222764),('ティと',0.0222764),('ていな',0.140951),('ていま',0.220312),('ている',0.0308287),('ていれ',0.30103),('でエラ',0.30103),('ておき',0.30103),('テキス',0.0436641),('できな',0.30103),('できま',0.0281335),('できる',0.150555),('てくだ',0.107054),('でクリ',0.30103),('でコン',0.126931),('てショ',0.30103),('ですか',0.0214254),('テップ',0.000345872),('てデフ',0.30103),('てどの',0.30103),('テナン',0.00972111),('でにロ',0.30103),('てのキ',0.133347),('でのブ',0.194794),('てのリ',0.30103),('デバイ',0.0330552),('ではエ',0.30103),('ではな',0.216786),('ては次',0.192583),('デフォ',0.0550838),('てマー',0.18095),('テムを',0.30103),('てメン',0.30103),('でもア',0.30103),('てレス',0.30103),('テンツ',0.00356432),('て何が',0.30103),('で使い',0.30103),('て問題',0.30103),('で構成',0.30103),('で次の',0.30103),('で求め',0.30103),('で確認',0.30103),('で繰り',0.30103),('トール',0.0178405),('トアッ',0.30103),('といっ',0.30103),('トウェ',0.223901),('どうか',0.135092),('とエデ',0.0558256),('トエラ',0.133706),('とがあ',0.177631),('トカッ',0.0419129),('とがで',0.0394376),('トがペ',0.30103),('トがメ',0.196086),('ドが一',0.186767),('トが他',0.30103),('トが保',0.30103),('どが原',0.30103),('トが望',0.30103),('トが生',0.30103),('トが通',0.30103),('ときに',0.18288),('ときの',0.30103),('として',0.135114),('トスク',0.156584),('ドする',0.30103),('トセッ',0.30103),('とター',0.09691),('トタイ',0.09691),('ドって',0.0211893),('とテー',0.231348),('トでエ',0.30103),('トでコ',0.30103),('とです',0.218376),('トでは',0.30103),('とデフ',0.30103),('トで使',0.30103),('ドで構',0.30103),('トとエ',0.0556239),('ドとは',0.00921329),('ドとフ',0.30103),('ドドロ',0.30103),('トと異',0.30103),('トなど',0.30103),('となる',0.30103),('トにア',0.0823989),('ドにし',0.30103),('ドにす',0.0639252),('ドにな',0.106828),('ドに対',0.205655),('ドに戻',0.198979),('トに追',0.30103),('トのキ',0.202467),('どのサ',0.0810239),('トのタ',0.0677057),('トのデ',0.130532),('どのマ',0.30103),('ドのメ',0.176091),('トのよ',0.30103),('トのレ',0.30103),('ドの並',0.30103),('トの作',0.30103),('トの保',0.131681),('トの全',0.30103),('トの動',0.30103),('トの右',0.30103),('トの国',0.180669),('トの基',0.0584947),('トの構',0.30103),('との比',0.30103),('トの状',0.09691),('トの登',0.30103),('ドの管',0.0179307),('トの設',0.0347621),('トの長',0.30103),('ドの際',0.118436),('トバー',0.30103),('とはあ',0.30103),('とは何',0.0222764),('トピッ',0.137968),('とフィ',0.30103),('トフォ',0.00712938),('トボッ',0.176091),('ともで',0.147111),('トや画',0.30103),('ドラッ',0.179531),('トリス',0.30103),('トルを',0.0595433),('ドレス',0.176091),('ドロッ',0.30103),('トをグ',0.30103),('トをメ',0.0557119),('トを切',0.30103),('ドを変',0.30103),('トを定',0.30103),('とを確',0.30103),('とを示',0.0794639),('トを編',0.1013),('トを表',0.30103),('ドを追',0.176091),('ドを送',0.30103),('とんど',0.30103),('どんな',0.00870244),('ト上に',0.30103),('ト上の',0.30103),('ト全体',0.182608),('と同じ',0.30103),('と時間',0.106156),('と更新',0.30103),('ど深刻',0.30103),('ド済み',0.30103),('ト用の',0.30103),('と異な',0.30103),('と編集',0.09691),('と翻訳',0.09691),('ト訪問',0.30103),('と設定',0.09691),('と選択',0.30103),('ないエ',0.30103),('ないコ',0.30103),('ないな',0.30103),('ないブ',0.30103),('ないモ',0.30103),('ない場',0.184699),('ない理',0.30103),('ない通',0.30103),('なエラ',0.0305241),('なオプ',0.0255105),('なけれ',0.225646),('なコン',0.0222764),('なすべ',0.30103),('なたの',0.20114),('なった',0.30103),('なって',0.13638),('などが',0.30103),('などで',0.30103),('なのか',0.30103),('なピク',0.30103),('なメン',0.30103),('ならそ',0.30103),('ならな',0.30103),('ならば',0.30103),('なリス',0.30103),('なりま',0.269358),('なるこ',0.30103),('なるま',0.30103),('なる場',0.30103),('なる目',0.30103),('ナンス',0.00972111),('な値を',0.30103),('な日付',0.30103),('な翻訳',0.09691),('な設定',0.190241),('にアク',0.100774),('にある',0.066492),('にあれ',0.30103),('にイン',0.30103),('におけ',0.30103),('にキャ',0.30103),('にして',0.30103),('ニズム',0.30103),('にする',0.049436),('にチェ',0.0919355),('につい',0.132229),('にドラ',0.30103),('になっ',0.136115),('になり',0.164955),('になる',0.245212),('にはど',0.0301687),('にビュ',0.30103),('にフィ',0.30103),('にモジ',0.30103),('ニュー',0.0184834),('によっ',0.223294),('により',0.30103),('にリス',0.30103),('にログ',0.30103),('に使用',0.163823),('に依存',0.30103),('に入力',0.30103),('に別の',0.30103),('に制限',0.30103),('に削除',0.30103),('に加え',0.30103),('に変換',0.30103),('に存在',0.30103),('に対し',0.139254),('に対応',0.194136),('に応じ',0.245433),('に戻し',0.30103),('に戻り',0.116542),('に時間',0.30103),('に無効',0.30103),('に用い',0.30103),('に直接',0.30103),('に真っ',0.30103),('に行わ',0.30103),('に表示',0.0793197),('に訪問',0.30103),('に追加',0.30103),('に配置',0.30103),('のイン',0.30103),('のエラ',0.188372),('のオプ',0.30103),('のがあ',0.30103),('のかを',0.30103),('のキャ',0.0878917),('のコー',0.30103),('のコメ',0.09691),('のコン',0.178078),('のサイ',0.0418555),('のソフ',0.30103),('のタイ',0.0462936),('のタス',0.30103),('のため',0.30103),('のチェ',0.114214),('のデー',0.30103),('のテキ',0.176091),('のデバ',0.30103),('のデフ',0.30103),('のバグ',0.30103),('のフィ',0.0211893),('のフォ',0.0859237),('のブレ',0.234147),('のブロ',0.134099),('のペー',0.130451),('のボッ',0.30103),('のまち',0.30103),('のマル',0.206014),('ノミー',0.09691),('のメー',0.176091),('のメイ',0.30103),('のメッ',0.30103),('のモジ',0.0573614),('のよう',0.30103),('のリー',0.124939),('のリン',0.20197),('のレス',0.0203747),('のログ',0.30103),('のを待',0.30103),('の一覧',0.176091),('の一部',0.176091),('の下に',0.30103),('の両方',0.30103),('の並び',0.179818),('の中に',0.30103),('の他の',0.000855847),('の任意',0.30103),('の位置',0.30103),('の作成',0.0791812),('の作業',0.18905),('の使用',0.0222764),('の保存',0.0249647),('の個人',0.30103),('の全機',0.30103),('の内容',0.30103),('の制限',0.14417),('の動作',0.170703),('の右端',0.30103),('の各コ',0.30103),('の名前',0.09691),('の国と',0.30103),('の基本',0.058525),('の場合',0.30103),('の形に',0.30103),('の応答',0.30103),('の情報',0.00086163),('の拡張',0.30103),('の新規',0.30103),('の日付',0.30103),('の更新',0.09691),('の書式',0.30103),('の構成',0.30103),('の横に',0.30103),('の比率',0.30103),('の無効',0.30103),('の物理',0.30103),('の状態',0.09691),('の登録',0.30103),('の管理',0.0108013),('の結果',0.30103),('の縮尺',0.30103),('の翻訳',0.0669468),('の良い',0.30103),('の行の',0.30103),('の表示',0.0978732),('の見出',0.30103),('の言語',0.09691),('の計算',0.30103),('の記録',0.30103),('の訪問',0.0222764),('の設定',0.0240521),('の説明',0.30103),('の追加',0.09691),('の追跡',0.30103),('の長い',0.30103),('の関連',0.194337),('の閲覧',0.30103),('の際に',0.118781),('の隣り',0.30103),('の項目',0.264602),('バーの',0.212352),('バーラ',0.132015),('はあり',0.30103),('バイス',0.0330552),('はエラ',0.30103),('はキャ',0.30103),('バグな',0.30103),('はグル',0.30103),('はコー',0.30103),('はこの',0.30103),('はシン',0.30103),('はずで',0.0911168),('パター',0.11041),('はチェ',0.176091),('はどん',0.0302576),('はない',0.216786),('ばなら',0.30103),('バはペ',0.30103),('パフォ',0.131013),('はペー',0.30103),('ばモジ',0.30103),('はリー',0.30103),('は何で',0.0222764),('は再配',0.30103),('は削除',0.30103),('は存在',0.30103),('は定義',0.30103),('は左端',0.30103),('は新規',0.30103),('は更新',0.30103),('は次の',0.193168),('は編集',0.30103),('は試験',0.30103),('は誰で',0.30103),('ピクセ',0.0361233),('びサイ',0.176091),('ピック',0.138411),('ビュー',0.0182875),('び設定',0.0347621),('び順や',0.30103),('び順を',0.198373),('フィー',0.0058424),('フィル',0.102946),('フェー',0.176091),('フォー',0.00454181),('フォル',0.0613636),('ブサー',0.30103),('ブサイ',0.30103),('プされ',0.30103),('プショ',0.0250576),('フトウ',0.223523),('プと設',0.09691),('プの管',0.09691),('プはキ',0.30103),('ブペー',0.213985),('プライ',0.1393),('ブラウ',0.30103),('ブラリ',0.09691),('フリー',0.30103),('プルな',0.30103),('ブレー',0.0880844),('ブロッ',0.0112794),('プを使',0.30103),('プを繰',0.30103),('プ分け',0.30103),('プ機能',0.30103),('ページ',0.0130526),('ベース',0.0211893),('へアク',0.0511525),('べきで',0.30103),('べての',0.0861149),('への訪',0.0222764),('ヘルプ',0.0720256),('へ読む',0.30103),('ポート',0.0417381),('ポイン',0.0882933),('ボキャ',0.09691),('ボック',0.0637301),('ほとん',0.30103),('ほど深',0.30103),('ホワイ',0.155643),('ポンス',0.0168955),('マーカ',0.30103),('マーク',0.18095),('ますが',0.16194),('ません',0.138767),('まだイ',0.30103),('または',0.0846401),('まだ見',0.30103),('まちが',0.30103),('マッタ',0.0344068),('マット',0.0217928),('まで繰',0.30103),('マとは',0.011281),('マのリ',0.124939),('マの名',0.30103),('マはグ',0.30103),('マは定',0.30103),('マルチ',0.1393),('まれて',0.30103),('マンス',0.132349),('みなら',0.30103),('みのブ',0.30103),('みの位',0.30103),('みの形',0.30103),('みの拡',0.30103),('みます',0.176091),('みユー',0.30103),('み込む',0.30103),('ムがあ',0.30103),('むサイ',0.30103),('ムゾー',0.181508),('むとき',0.30103),('ムにあ',0.30103),('ムにお',0.30103),('ムにフ',0.30103),('ムに無',0.30103),('ムのフ',0.0211893),('ムのボ',0.30103),('ムの使',0.0222764),('ムの管',0.09691),('ムの表',0.097509),('ムを有',0.30103),('ムを見',0.30103),('ムを設',0.30103),('む言語',0.30103),('メール',0.176091),('メイン',0.176091),('メカニ',0.30103),('メッセ',0.0347334),('メディ',0.30103),('メニュ',0.0184834),('めに使',0.30103),('めの個',0.30103),('メモし',0.30103),('められ',0.30103),('メンテ',0.00972111),('メント',0.01524),('モード',0.00972698),('もアク',0.30103),('もあり',0.236775),('モして',0.30103),('モジュ',0.00933969),('もしれ',0.30103),('もでき',0.147547),('ものが',0.30103),('ヤーは',0.30103),('ヤーを',0.206322),('やダウ',0.30103),('ャッシ',0.0142451),('ャブラ',0.09691),('や前提',0.30103),('や画像',0.30103),('や設定',0.30103),('や説明',0.176091),('ユーザ',0.0105846),('ューと',0.0222764),('ューに',0.30103),('ューの',0.09691),('ューポ',0.30103),('ュール',0.00934203),('ューを',0.217541),('ュされ',0.195673),('ュデー',0.202467),('ュとは',0.0222764),('ュをク',0.107956),('ョート',0.041881),('ように',0.28099),('よう設',0.30103),('よって',0.223837),('よびサ',0.176091),('よび設',0.0347621),('より多',0.30103),('ョンが',0.30103),('ョンに',0.30103),('ョンを',0.0323634),('ョン内',0.30103),('ラーが',0.0306129),('ラーで',0.167664),('ラーに',0.30103),('ラーメ',0.075331),('ラーを',0.30103),('ライド',0.132682),('ライヤ',0.1393),('ラウザ',0.30103),('らそれ',0.30103),('ラッグ',0.179818),('らない',0.30103),('らのペ',0.30103),('らの計',0.30103),('らの記',0.30103),('ラムに',0.30103),('ラムの',0.30103),('ラリー',0.09691),('られた',0.30103),('られる',0.30103),('らを同',0.30103),('ら左へ',0.30103),('ら通常',0.30103),('リージ',0.0248506),('リータ',0.30103),('リーと',0.09691),('リーン',0.157523),('リアー',0.13368),('リアさ',0.30103),('リアし',0.194794),('リアす',0.0325653),('リスト',0.141005),('リック',0.0204113),('りにあ',0.30103),('ります',0.0519815),('りませ',0.30103),('リンク',0.111356),('り並び',0.30103),('り分け',0.30103),('り多く',0.30103),('り込み',0.176091),('り返し',0.213717),('ループ',0.236654),('ルアイ',0.0511525),('ルアド',0.176091),('るいは',0.137719),('るエラ',0.164561),('ルがイ',0.120863),('るかど',0.19672),('るかも',0.30103),('ルが必',0.30103),('るけれ',0.30103),('ること',0.0228322),('ルされ',0.10092),('ルした',0.30103),('ルしま',0.30103),('ルする',0.0712574),('ルター',0.135381),('るだけ',0.176286),('るため',0.138789),('ルタを',0.30103),('るチェ',0.30103),('ルチプ',0.1393),('るテー',0.30103),('ルでき',0.19302),('るデバ',0.30103),('ルドが',0.13983),('るとき',0.30103),('ルドっ',0.0222764),('ルとテ',0.231035),('ルドと',0.011826),('ルドの',0.0219658),('ルとは',0.0222764),('るトピ',0.196665),('ルドを',0.124939),('ルなメ',0.30103),('ルによ',0.30103),('ルに依',0.30103),('ルのイ',0.30103),('ルのサ',0.30103),('ルのチ',0.30103),('るのに',0.0243167),('るのを',0.30103),('ルの一',0.176091),('ルの名',0.124939),('ルバー',0.30103),('るはず',0.0909673),('るフィ',0.30103),('るフォ',0.30103),('るブレ',0.30103),('るペー',0.30103),('るまで',0.203083),('るメッ',0.30103),('るモジ',0.0872731),('るもの',0.30103),('ルやダ',0.30103),('るよう',0.232357),('るリー',0.146135),('ルをア',0.141557),('ルをイ',0.186808),('ルをオ',0.130678),('ルをダ',0.30103),('ルを使',0.30103),('ルを入',0.30103),('ルを表',0.117152),('ルを見',0.176091),('ルを選',0.239358),('る内部',0.30103),('る別の',0.30103),('る可能',0.30103),('ル名の',0.30103),('る場合',0.0617761),('る必要',0.11416),('る日付',0.30103),('る条件',0.30103),('る画像',0.30103),('る目的',0.30103),('る計算',0.30103),('る追加',0.30103),('る関連',0.30103),('レーク',0.088137),('レイア',0.0699658),('レスポ',0.0168955),('レスを',0.30103),('れぞれ',0.30103),('れたこ',0.0701575),('れたデ',0.195976),('れたと',0.228285),('れた条',0.30103),('れた言',0.30103),('れてい',0.0409388),('れども',0.30103),('れなけ',0.30103),('れによ',0.30103),('れに対',0.30103),('ればな',0.30103),('ればモ',0.30103),('れほど',0.30103),('れます',0.068944),('れませ',0.30103),('れらの',0.146084),('れらを',0.30103),('れるこ',0.211472),('れると',0.30103),('れるの',0.206411),('れるは',0.0908172),('れるま',0.30103),('れる計',0.30103),('ローガ',0.176091),('ロード',0.193469),('ログイ',0.129371),('ログと',0.193606),('ロック',0.0112794),('ロップ',0.30103),('ワイト',0.155957),('われる',0.30103),('をアン',0.141557),('をイン',0.187061),('をオー',0.131013),('をクリ',0.0167981),('をグル',0.30103),('をサイ',0.30103),('をダウ',0.30103),('をフィ',0.30103),('をメモ',0.30103),('をメン',0.0557119),('をより',0.30103),('をリン',0.30103),('を作成',0.096471),('を使う',0.30103),('を使用',0.0214378),('を保存',0.0202824),('を修正',0.30103),('を借表',0.0511525),('を入れ',0.0684583),('を入力',0.153546),('を入植',0.30103),('を再度',0.30103),('を切り',0.30103),('を制限',0.30103),('を削除',0.30103),('を参照',0.139736),('を同時',0.30103),('を含む',0.30103),('を変更',0.0636963),('を外し',0.197346),('を定義',0.20401),('を待ち',0.30103),('を手動',0.30103),('を持つ',0.30103),('を探し',0.30103),('を提供',0.140071),('を最後',0.30103),('を有効',0.30103),('を望み',0.30103),('を生成',0.30103),('を確認',0.112851),('を示す',0.0795473),('を管理',0.09691),('を節約',0.30103),('を絞り',0.176091),('を編集',0.0848613),('を繰り',0.30103),('を行い',0.111928),('を表示',0.0419258),('を見た',0.30103),('を見つ',0.176091),('を見ま',0.30103),('を見る',0.30103),('を訪問',0.30103),('を設定',0.115913),('を許可',0.30103),('を読み',0.30103),('を調整',0.30103),('を追加',0.140173),('を追跡',0.176091),('を送信',0.30103),('を適用',0.30103),('を選択',0.102496),('を配置',0.30103),('を開い',0.30103),('を限定',0.30103),('ンイン',0.038934),('ンがあ',0.30103),('ンクが',0.30103),('ンクに',0.30103),('ングル',0.0511525),('ンクを',0.229124),('ンして',0.30103),('ンスコ',0.129501),('ンスっ',0.0222764),('ンスト',0.0178405),('ンスに',0.30103),('ンスは',0.30103),('ンスモ',0.0101169),('ンスを',0.190241),('ンス作',0.19651),('ンタク',0.00755314),('ンタフ',0.176091),('ンツア',0.30103),('ンツエ',0.0222764),('ンツが',0.0663276),('ンツタ',0.0163904),('ンツと',0.30103),('ンツに',0.30103),('ンツの',0.081974),('ンツは',0.30103),('ンツへ',0.0211893),('ンツを',0.127485),('ンツ概',0.0511525),('ンティ',0.0222764),('ンテナ',0.00972111),('ンテン',0.00356421),('ントタ',0.09691),('ントで',0.30103),('ンドド',0.30103),('ントに',0.30103),('ントの',0.0159734),('ントや',0.30103),('ントを',0.161071),('んなエ',0.0304353),('んなオ',0.0254202),('んなコ',0.0222764),('ンに配',0.30103),('ンのメ',0.176091),('ンプル',0.30103),('ンペー',0.30103),('ンポー',0.0791812),('ンロー',0.193469),('ンを借',0.0511525),('ンを変',0.30103),('ンを探',0.30103),('ンを表',0.176091),('ンを選',0.17836),('ン内で',0.30103),('ン済み',0.30103),('一覧に',0.187952),('一覧を',0.176091),('一部を',0.176091),('上に存',0.30103),('上の各',0.30103),('上の追',0.30103),('上前の',0.30103),('上記の',0.30103),('下にあ',0.30103),('下にリ',0.30103),('両方の',0.30103),('並び順',0.137922),('中くら',0.30103),('中には',0.30103),('中のサ',0.30103),('了した',0.30103),('人およ',0.30103),('人用コ',0.0211893),('他にあ',0.30103),('他には',0.0300797),('他のオ',0.30103),('他の情',0.000859865),('他の設',0.30103),('付と時',0.1058),('付のフ',0.30103),('付の書',0.30103),('付フォ',0.151742),('付書式',0.30103),('以上の',0.30103),('以上前',0.30103),('以下に',0.30103),('件や前',0.30103),('件を追',0.30103),('任意の',0.30103),('位置に',0.30103),('体のコ',0.30103),('体を使',0.30103),('何が原',0.30103),('何です',0.0222764),('作がお',0.30103),('作モー',0.30103),('作を設',0.30103),('作成し',0.150041),('作成す',0.30103),('作成と',0.09691),('作成ま',0.30103),('作業に',0.189641),('作業を',0.19651),('使いた',0.30103),('使うべ',0.30103),('使用し',0.30103),('使用す',0.0202807),('使用で',0.30103),('例えば',0.30103),('供して',0.209158),('供しま',0.30103),('依存す',0.30103),('依存ピ',0.0391),('保存さ',0.0739994),('信しま',0.30103),('修正す',0.30103),('個人お',0.30103),('個人用',0.0211893),('借表示',0.0511525),('値を入',0.30103),('働して',0.30103),('像サイ',0.30103),('像スタ',0.30103),('像に制',0.30103),('像度の',0.30103),('像度マ',0.30103),('先に別',0.30103),('先に削',0.30103),('入れて',0.192946),('入れな',0.30103),('入れま',0.197175),('入れる',0.30103),('入力し',0.1398),('入力す',0.30103),('入植し',0.30103),('全なリ',0.30103),('全に真',0.30103),('全体の',0.30103),('全体を',0.30103),('全機能',0.30103),('内での',0.30103),('内容に',0.30103),('内部メ',0.30103),('再度行',0.30103),('再配置',0.30103),('分けす',0.30103),('分ける',0.30103),('切に対',0.30103),('切り分',0.30103),('初の良',0.30103),('判定と',0.30103),('別のモ',0.205415),('利用可',0.0817117),('制限し',0.30103),('制限す',0.30103),('刻では',0.30103),('削除し',0.197139),('削除す',0.30103),('前のコ',0.30103),('前の横',0.30103),('前や説',0.176091),('前をク',0.30103),('前提が',0.30103),('割の追',0.09691),('割を作',0.30103),('力した',0.30103),('力して',0.30103),('力しま',0.30103),('力する',0.30103),('加ある',0.30103),('加えて',0.30103),('加され',0.30103),('加しま',0.30103),('加のモ',0.30103),('効な値',0.30103),('効にす',0.176091),('効にな',0.30103),('動しま',0.30103),('動でク',0.30103),('動作が',0.30103),('動作モ',0.30103),('動作を',0.30103),('原因で',0.30103),('原因な',0.30103),('参照し',0.140177),('参照フ',0.0252396),('可され',0.30103),('可する',0.30103),('可能な',0.0818001),('可能性',0.30103),('右から',0.30103),('各コン',0.30103),('各ブレ',0.30103),('各ユー',0.30103),('合に時',0.30103),('合はチ',0.176091),('合は左',0.30103),('同じ行',0.30103),('同時に',0.30103),('名の隣',0.30103),('名前の',0.30103),('名前や',0.176091),('名前を',0.30103),('含まれ',0.30103),('含むサ',0.30103),('問が追',0.0222764),('問した',0.30103),('問する',0.30103),('問者は',0.30103),('問題が',0.30103),('因であ',0.30103),('因なの',0.30103),('国とデ',0.30103),('在しな',0.30103),('在する',0.30103),('地域の',0.100774),('域の設',0.101135),('基本的',0.30103),('基本設',0.067699),('報を使',0.024878),('報を開',0.30103),('場合に',0.30103),('場合は',0.0874815),('変更が',0.30103),('変更さ',0.30103),('変更し',0.201101),('変更す',0.0849656),('外しま',0.30103),('多く知',0.30103),('字列は',0.30103),('存され',0.0740536),('存する',0.30103),('存ピク',0.0392514),('存在し',0.30103),('存在す',0.30103),('完全な',0.30103),('完全に',0.30103),('定が保',0.104094),('定が正',0.30103),('定しま',0.124939),('定する',0.261818),('定でき',0.30103),('定と選',0.30103),('定のタ',0.30103),('定の作',0.188458),('定の保',0.0517172),('定を変',0.188446),('定を管',0.09691),('定を編',0.30103),('定を行',0.30103),('定義し',0.30103),('定義す',0.213656),('実行時',0.30103),('容に加',0.30103),('対して',0.139509),('対応し',0.30103),('対応で',0.30103),('尺です',0.30103),('左へ読',0.30103),('常のレ',0.30103),('常の動',0.30103),('常モー',0.30103),('度の縮',0.30103),('度マル',0.30103),('度行う',0.30103),('式コー',0.30103),('式文字',0.102775),('張モジ',0.30103),('形にな',0.30103),('役割の',0.09691),('役割を',0.30103),('待ちの',0.09691),('待ちま',0.30103),('後に訪',0.30103),('必要が',0.0904211),('必要と',0.30103),('必要な',0.201523),('必要に',0.244354),('応した',0.30103),('応じて',0.245971),('応でき',0.30103),('応答が',0.30103),('性があ',0.30103),('情報を',0.0236147),('意のリ',0.30103),('成され',0.256575),('成した',0.30103),('成して',0.30103),('成しま',0.173367),('成する',0.30103),('成と編',0.09691),('成の翻',0.09691),('成また',0.30103),('成を保',0.0202555),('戻しま',0.30103),('戻りま',0.30103),('手動で',0.30103),('承認待',0.09691),('択され',0.30103),('択しま',0.17883),('択する',0.193831),('拡張モ',0.30103),('持つユ',0.30103),('接移動',0.30103),('提が変',0.30103),('提供し',0.140323),('数のチ',0.30103),('整しま',0.30103),('文字列',0.103006),('新され',0.30103),('新しい',0.0851675),('新とし',0.30103),('新マー',0.30103),('新状況',0.30103),('新着コ',0.0661223),('新規ま',0.30103),('方のコ',0.30103),('日付と',0.105443),('日付の',0.197139),('日付フ',0.151572),('日付書',0.30103),('日時を',0.30103),('明と同',0.30103),('明の一',0.176091),('易構成',0.30103),('時にイ',0.30103),('時のエ',0.30103),('時を追',0.30103),('時間が',0.30103),('時間の',0.106513),('時間を',0.30103),('更が必',0.30103),('更され',0.30103),('更しま',0.30103),('更する',0.0850016),('更新さ',0.30103),('更新と',0.30103),('更新マ',0.30103),('更新状',0.30103),('書式コ',0.30103),('書式文',0.102544),('最初の',0.30103),('最後に',0.30103),('最近コ',0.30103),('月以上',0.30103),('月間保',0.30103),('有効に',0.30103),('望みな',0.30103),('望みの',0.196426),('本番サ',0.30103),('本的な',0.30103),('本設定',0.0677393),('条件や',0.30103),('条件を',0.30103),('果をサ',0.30103),('検索ペ',0.0511525),('業につ',0.190231),('業を行',0.19651),('概要ペ',0.0511525),('構成さ',0.30103),('構成の',0.09691),('構成を',0.0202286),('権限と',0.0222764),('権限を',0.30103),('横にあ',0.30103),('機能の',0.30103),('機能を',0.30103),('機能拡',0.0393891),('次のペ',0.30103),('次の関',0.193753),('次の項',0.30103),('正しく',0.30103),('正する',0.30103),('比率で',0.30103),('求めら',0.30103),('決する',0.30103),('況によ',0.30103),('況を表',0.30103),('深刻で',0.30103),('済みの',0.176091),('済みユ',0.30103),('無効な',0.30103),('無効に',0.18422),('無効化',0.30103),('照して',0.140617),('照フィ',0.0253299),('物理的',0.30103),('特定の',0.130708),('状況に',0.30103),('状況を',0.30103),('独自の',0.30103),('率で求',0.30103),('理およ',0.0347621),('理ペー',0.30103),('理由が',0.191649),('理的な',0.30103),('生成さ',0.30103),('生成し',0.30103),('用いら',0.30103),('用コン',0.0211893),('用して',0.30103),('用する',0.0196262),('用でき',0.30103),('用のブ',0.233877),('用可能',0.081756),('由がな',0.30103),('画像サ',0.30103),('画像ス',0.30103),('画像に',0.30103),('番サイ',0.30103),('異なる',0.220854),('発中の',0.30103),('登録ユ',0.30103),('白にな',0.30103),('的なピ',0.30103),('的な設',0.30103),('的に使',0.30103),('的モジ',0.30103),('目を設',0.30103),('目的に',0.30103),('直接移',0.30103),('真っ白',0.30103),('着コン',0.0662251),('知るこ',0.30103),('短い日',0.30103),('確認し',0.140117),('確認す',0.30103),('確認を',0.30103),('示され',0.039312),('示しま',0.236598),('示すメ',0.0796304),('示する',0.0235619),('示管理',0.0986004),('移動し',0.30103),('稼働し',0.30103),('答が完',0.30103),('算に用',0.30103),('算の中',0.30103),('算を再',0.30103),('管理お',0.0347621),('管理ペ',0.30103),('節約す',0.30103),('簡易構',0.30103),('約する',0.30103),('索ペー',0.0511525),('終了し',0.30103),('結果を',0.30103),('絞り込',0.176091),('編集し',0.207913),('編集す',0.30103),('縮尺で',0.30103),('繰り返',0.213149),('置され',0.30103),('置しま',0.30103),('置する',0.30103),('置にド',0.30103),('置済み',0.30103),('義しま',0.30103),('義する',0.213954),('翻訳の',0.09691),('者はシ',0.30103),('能な翻',0.09691),('能な設',0.30103),('能の無',0.30103),('能を使',0.30103),('能性が',0.30103),('能拡張',0.0393891),('自のペ',0.30103),('良いス',0.30103),('行いま',0.151277),('行う必',0.30103),('行にあ',0.30103),('行われ',0.30103),('行時の',0.30103),('表示さ',0.0392496),('表示し',0.160531),('表示す',0.0235413),('表示管',0.0982369),('複数の',0.30103),('要があ',0.09053),('要とし',0.30103),('要なす',0.30103),('要な日',0.30103),('要に応',0.244894),('要ペー',0.0511525),('見たか',0.30103),('見つけ',0.176091),('見てい',0.30103),('見ます',0.30103),('見るこ',0.30103),('見出し',0.30103),('規また',0.30103),('覧に表',0.188543),('覧の制',0.143846),('覧を絞',0.176091),('覧を許',0.30103),('解像度',0.18422),('解決す',0.30103),('言語と',0.09691),('言語の',0.30103),('計算に',0.30103),('計算の',0.30103),('計算を',0.30103),('記録は',0.30103),('訪問が',0.0222764),('訪問し',0.30103),('訪問す',0.30103),('訪問者',0.30103),('設定が',0.0903529),('設定し',0.124939),('設定す',0.30103),('設定で',0.30103),('設定の',0.0516182),('設定は',0.30103),('設定を',0.0530926),('許可さ',0.30103),('許可す',0.30103),('訳の更',0.09691),('試験的',0.30103),('認して',0.30103),('認しま',0.208006),('認する',0.30103),('認を行',0.30103),('認待ち',0.09691),('語と翻',0.09691),('語の場',0.30103),('説明と',0.30103),('説明の',0.176091),('読み込',0.30103),('読む言',0.30103),('誰でも',0.30103),('調整し',0.30103),('起きる',0.0308791),('跡され',0.30103),('跡しま',0.30103),('跡モジ',0.30103),('跡情報',0.024697),('込みま',0.176091),('込むと',0.30103),('近コン',0.30103),('返しま',0.214284),('追加あ',0.30103),('追加さ',0.30103),('追加し',0.30103),('追加の',0.30103),('追跡さ',0.0222764),('追跡し',0.176091),('追跡モ',0.30103),('追跡情',0.0246065),('送信し',0.30103),('通常の',0.197965),('通常モ',0.30103),('連する',0.195503),('連トピ',0.30103),('適切に',0.30103),('適用す',0.30103),('選択さ',0.30103),('選択し',0.178394),('選択す',0.193594),('部メカ',0.30103),('部をフ',0.30103),('部を入',0.30103),('配置さ',0.30103),('配置し',0.30103),('配置す',0.30103),('配置済',0.30103),('録ユー',0.30103),('長い時',0.30103),('開いて',0.30103),('開発中',0.30103),('間がか',0.30103),('間のフ',0.106869),('間を節',0.30103),('間保存',0.30103),('関連す',0.194921),('関連ト',0.30103),('閲覧の',0.143522),('閲覧を',0.30103),('限する',0.30103),('限とは',0.0222764),('限を持',0.30103),('限定す',0.30103),('除した',0.30103),('除しま',0.30103),('除する',0.30103),('際に表',0.119126),('隣りに',0.30103),('集しま',0.208476),('集する',0.30103),('非依存',0.0389485),('項目で',0.30103),('項目を',0.30103),('順や設',0.30103),('順を変',0.198576),('題が解',0.30103),('験的モ',0.30103);
commit;

--
-- Table structure for table `semaphore`
--

CREATE TABLE `semaphore` (
  `name` varchar(255) CHARACTER SET ascii COLLATE ascii_general_ci NOT NULL DEFAULT '' COMMENT 'Primary Key: Unique name.',
  `value` varchar(255) CHARACTER SET ascii COLLATE ascii_general_ci NOT NULL DEFAULT '' COMMENT 'A value for the semaphore.',
  `expire` double NOT NULL COMMENT 'A Unix timestamp with microseconds indicating when the semaphore should expire.',
  PRIMARY KEY (`name`),
  KEY `value` (`value`),
  KEY `expire` (`expire`)
) ENGINE=InnoDB DEFAULT CHARSET=utf8mb4 COLLATE=utf8mb4_0900_ai_ci COMMENT='Table for holding semaphores, locks, flags, etc. that…';

--
-- Dumping data for table `semaphore`
--

set autocommit=0;
commit;

--
-- Table structure for table `sequences`
--

CREATE TABLE `sequences` (
  `value` int unsigned NOT NULL AUTO_INCREMENT COMMENT 'The value of the sequence.',
  PRIMARY KEY (`value`)
) ENGINE=InnoDB DEFAULT CHARSET=utf8mb4 COLLATE=utf8mb4_0900_ai_ci COMMENT='Stores IDs.';

--
-- Dumping data for table `sequences`
--

set autocommit=0;
commit;

--
-- Table structure for table `sessions`
--

CREATE TABLE `sessions` (
  `uid` int unsigned NOT NULL COMMENT 'The "users".uid corresponding to a session, or 0 for anonymous user.',
  `sid` varchar(128) CHARACTER SET ascii COLLATE ascii_general_ci NOT NULL COMMENT 'A session ID (hashed). The value is generated by Drupal''s session handlers.',
  `hostname` varchar(128) CHARACTER SET ascii COLLATE ascii_general_ci NOT NULL DEFAULT '' COMMENT 'The IP address that last used this session ID (sid).',
  `timestamp` bigint NOT NULL DEFAULT '0' COMMENT 'The Unix timestamp when this session last requested a page. Old records are purged by PHP automatically.',
  `session` longblob COMMENT 'The serialized contents of the user''s session, an array of name/value pairs that persists across page requests by this session ID. Drupal loads the user''s session from here   at the start of each request and saves it at the end.',
  PRIMARY KEY (`sid`),
  KEY `timestamp` (`timestamp`),
  KEY `uid` (`uid`)
) ENGINE=InnoDB DEFAULT CHARSET=utf8mb4 COLLATE=utf8mb4_0900_ai_ci COMMENT='Drupal''s session handlers read and write into the sessions…';

--
-- Dumping data for table `sessions`
--

set autocommit=0;
INSERT INTO `sessions` VALUES (4,'-meMWOkgLHXIuqXnpZrIjacrRoiNp2yAdRWkmurVg6I','185.141.119.49',1753138619,_binary '_sf2_attributes|a:1:{s:3:\"uid\";s:1:\"4\";}_sf2_meta|a:4:{s:1:\"u\";i:1753138619;s:1:\"c\";i:1753133689;s:1:\"l\";i:2000000;s:1:\"s\";s:43:\"HH32dk3AyVOjsbMwwnayhtsoxw7EKSCxTSon9s5wyzo\";}'),(0,'1pdckXzVQsJMW1D77Wbvxqvsis-oealcWcL3yYSD9Uc','121.229.185.160',1753260877,_binary '_sf2_meta|a:3:{s:1:\"u\";i:1753260877;s:1:\"c\";i:1753260877;s:1:\"l\";i:2000000;}recently_read|b:1;'),(0,'2GFSykC3TVsPhsQ6OKs3UpwFLq-RI8BG-9I6KcPz1ew','20.115.49.110',1753138622,_binary '_sf2_meta|a:3:{s:1:\"u\";i:1753138623;s:1:\"c\";i:1753138623;s:1:\"l\";i:2000000;}recently_read|b:1;'),(0,'2Iv0arfYXlbaAoXcYtFIbS010YZFKIcCp3Ktdjmuurg','43.159.138.217',1753185023,_binary '_sf2_meta|a:3:{s:1:\"u\";i:1753185023;s:1:\"c\";i:1753185023;s:1:\"l\";i:2000000;}recently_read|b:1;'),(0,'4yZ0Ky9-IYaST4Vl6lJypT63g_sas_7R703-MuzPPdg','35.149.249.145',1753287904,_binary '_sf2_meta|a:3:{s:1:\"u\";i:1753287904;s:1:\"c\";i:1753131970;s:1:\"l\";i:2000000;}recently_read|b:1;'),(0,'4_M2mMgzGhZ-oKxUPZB-22wExHv4gNBW0F4vhvCtJYY','85.208.96.200',1753322475,_binary '_sf2_meta|a:3:{s:1:\"u\";i:1753322476;s:1:\"c\";i:1753322476;s:1:\"l\";i:2000000;}recently_read|b:1;'),(0,'519QbOfNbuwlMzZejxByu_z00fOtoTgUArWhQHvrHBQ','170.106.192.3',1753138298,_binary '_sf2_meta|a:3:{s:1:\"u\";i:1753138298;s:1:\"c\";i:1753138298;s:1:\"l\";i:2000000;}recently_read|b:1;'),(0,'5P6KSn1NBkxk_LedRr5iXPh5jXck6Jx3TMSqIN4_BII','54.225.104.196',1753108237,_binary '_sf2_meta|a:3:{s:1:\"u\";i:1753108237;s:1:\"c\";i:1753108237;s:1:\"l\";i:2000000;}recently_read|b:1;'),(0,'8fXPVXcgcnW9-O3RMz9lhs7-w7dZKRqeunAQE2OcsU4','124.156.226.179',1753138884,_binary '_sf2_meta|a:3:{s:1:\"u\";i:1753138885;s:1:\"c\";i:1753138885;s:1:\"l\";i:2000000;}recently_read|b:1;'),(0,'9c_diSo-z-WAqsqioVQLaVCU1KjM1DM4WPIIu5heczE','106.201.193.189',1753185703,_binary '_sf2_meta|a:3:{s:1:\"u\";i:1753185703;s:1:\"c\";i:1753185703;s:1:\"l\";i:2000000;}recently_read|b:1;'),(0,'a7rKVkqfQqGC7aRVqr-Uv5qJB7WDqdVA1hxJ_Bx47AU','185.39.19.49',1753162164,_binary '_sf2_meta|a:3:{s:1:\"u\";i:1753162164;s:1:\"c\";i:1753162164;s:1:\"l\";i:2000000;}recently_read|b:1;'),(0,'aQwNPXDwwlcwO25-yiUegCuepFYDYv9r1aXa-maogYc','185.169.4.152',1753178137,_binary '_sf2_meta|a:3:{s:1:\"u\";i:1753178138;s:1:\"c\";i:1753178138;s:1:\"l\";i:2000000;}recently_read|b:1;'),(77,'CfJTjkrceH22_gijzdMNVsldbdLJO_OLItQDw9kjbz0','35.149.249.145',1753108319,_binary '_sf2_meta|a:4:{s:1:\"u\";i:1753108248;s:1:\"c\";i:1753040158;s:1:\"l\";i:2000000;s:1:\"s\";s:43:\"l9a-glaaUk0gSrn_f7cYwlnzb9owscSj6bJ9ia9S4Z0\";}recently_read|b:1;_sf2_attributes|a:1:{s:3:\"uid\";s:2:\"77\";}'),(0,'d3Vj_x20GGL4H6gxUQj2eRI4T4RpJi_vyFvISBC24KE','43.166.129.247',1753262188,_binary '_sf2_meta|a:3:{s:1:\"u\";i:1753262188;s:1:\"c\";i:1753262188;s:1:\"l\";i:2000000;}recently_read|b:1;'),(0,'D4QD0em-wFUFcsv-8rfheMysD8A5IXaA4jPFQcRG0uU','106.213.127.204',1753161489,_binary '_sf2_meta|a:3:{s:1:\"u\";i:1753161489;s:1:\"c\";i:1753161489;s:1:\"l\";i:2000000;}recently_read|b:1;'),(141,'dIKu1ZJsn2EPXrKAIEs1IbfCk7wYN-UiyjuGXWD78_c','185.141.119.117',1753302241,_binary '_sf2_attributes|a:1:{s:3:\"uid\";s:3:\"141\";}_sf2_meta|a:4:{s:1:\"u\";i:1753302241;s:1:\"c\";i:1753139545;s:1:\"l\";i:2000000;s:1:\"s\";s:43:\"8IYTAaRdk99v7sOO91r1CGRDGNKsA4N6w0trlORTfus\";}'),(77,'DJiCdXuUd5eincHGaxeVuqhSZoST_9NtQiWmomg-JJE','185.141.119.117',1753303780,_binary '_sf2_attributes|a:1:{s:3:\"uid\";s:2:\"77\";}_sf2_meta|a:4:{s:1:\"u\";i:1753303780;s:1:\"c\";i:1753303780;s:1:\"l\";i:2000000;s:1:\"s\";s:43:\"SI9BzHZqvgGCNqmVmC4BbV-znLbb6EEeEeV6r4XUClw\";}'),(0,'DLhAbGyMEJhMgDI-K4VqpcEBJT39-4_nxljZWr1upyk','43.130.67.33',1753141806,_binary '_sf2_meta|a:3:{s:1:\"u\";i:1753141807;s:1:\"c\";i:1753141807;s:1:\"l\";i:2000000;}recently_read|b:1;'),(0,'E6EnpU3Oe0iLk9i2i1jY6m2cHBqaOG-j2OtapfUcqG4','43.153.10.13',1753140062,_binary '_sf2_meta|a:3:{s:1:\"u\";i:1753140062;s:1:\"c\";i:1753140062;s:1:\"l\";i:2000000;}recently_read|b:1;'),(62,'G9UWIvsunJlk_XlWzKk6f2BuWf3AEb6LiDwramJoOzI','106.201.193.189',1753193153,_binary '_sf2_attributes|a:1:{s:3:\"uid\";s:2:\"62\";}_sf2_meta|a:4:{s:1:\"u\";i:1753193153;s:1:\"c\";i:1753193153;s:1:\"l\";i:2000000;s:1:\"s\";s:43:\"Tv3UspdYJA043fkCpYyTaCSFxQVxp3nfH6S_AEY0Exo\";}'),(0,'Gh_M_3edXXCUWvVW5SjhKwV3lD8iw6Qcqw6ewkzjsU8','185.191.171.10',1753229709,_binary '_sf2_meta|a:3:{s:1:\"u\";i:1753229710;s:1:\"c\";i:1753229710;s:1:\"l\";i:2000000;}recently_read|b:1;'),(0,'GkJKLtLmp66Ia2NaOzxaagQhjwXs26_NaBzZ0Oo20lI','106.201.193.189',1753244929,_binary '_sf2_meta|a:3:{s:1:\"u\";i:1753244929;s:1:\"c\";i:1753244929;s:1:\"l\";i:2000000;}recently_read|b:1;'),(0,'GSWyoG0QZTwQLzX7mHFfAQ9aeQGqg4N2BE-8hIm1OUg','185.191.171.12',1753307307,_binary '_sf2_meta|a:3:{s:1:\"u\";i:1753307307;s:1:\"c\";i:1753307307;s:1:\"l\";i:2000000;}recently_read|b:1;'),(0,'H0CyHI_pfSceB-96KJekstb8MdhlVl5IyXy1A6dFXxY','57.141.0.10',1753162514,_binary '_sf2_meta|a:3:{s:1:\"u\";i:1753162514;s:1:\"c\";i:1753162514;s:1:\"l\";i:2000000;}recently_read|b:1;'),(0,'Ha-hW34cnPxH8rlBQr0Kqs4RXxdYKZQM8sj924hNGdM','185.12.148.78',1753256495,_binary '_sf2_meta|a:3:{s:1:\"u\";i:1753256495;s:1:\"c\";i:1753256495;s:1:\"l\";i:2000000;}recently_read|b:1;'),(77,'iGwZBmWMYf3i4dvz-bnDY6Q1Nt-p1TIL-QeabIIJu78','185.141.119.117',1753303705,_binary '_sf2_attributes|a:1:{s:3:\"uid\";s:2:\"77\";}_sf2_meta|a:4:{s:1:\"u\";i:1753303705;s:1:\"c\";i:1753303454;s:1:\"l\";i:2000000;s:1:\"s\";s:43:\"X1CYR6sYThvF9j-UoHNbJkW872IKpdLoZfQ7JHCmSY0\";}'),(4,'IJTYpJz4a-5JtWKFT9dCjs67Pe8O-ieb6J3fhRHQEZw','106.201.193.189',1753334186,_binary '_sf2_attributes|a:1:{s:3:\"uid\";s:1:\"4\";}_sf2_meta|a:4:{s:1:\"u\";i:1753334140;s:1:\"c\";i:1753332038;s:1:\"l\";i:2000000;s:1:\"s\";s:43:\"gQlFmApkp9LGn_I4__9RAlXkis5tKMXluEM52lpP8NA\";}domain_config_ui_domain|s:26:\"test_junction_1234jam_site\";domain_config_ui_language|s:0:\"\";'),(0,'iJxPGH6G_CNe1pL10wFLls2xG0Qj8_NsXvxcAnBIkf4','52.169.189.41',1753303532,_binary '_sf2_meta|a:3:{s:1:\"u\";i:1753303532;s:1:\"c\";i:1753303532;s:1:\"l\";i:2000000;}recently_read|b:1;'),(0,'JE6mseb7_XexsRpoMN9cGdOeuQ017CIyeDOoxqRQo9U','47.128.121.61',1753262611,_binary '_sf2_meta|a:3:{s:1:\"u\";i:1753262611;s:1:\"c\";i:1753262611;s:1:\"l\";i:2000000;}recently_read|b:1;'),(0,'JPzZ5HSxX16PcipicWmSHsxBKzywHeL7zw8vVvoVtAU','170.106.35.187',1753302773,_binary '_sf2_meta|a:3:{s:1:\"u\";i:1753302773;s:1:\"c\";i:1753302773;s:1:\"l\";i:2000000;}recently_read|b:1;'),(0,'j_TTwlEajPVYsucReYJgXSoZbKSIXR2NWkPznPMbZt4','106.201.193.189',1753265166,_binary '_sf2_meta|a:3:{s:1:\"u\";i:1753265166;s:1:\"c\";i:1753252952;s:1:\"l\";i:2000000;}recently_read|b:1;'),(4,'K5Yd_eHvlRSKKTutaKNRkOWU-pPy0f2n4UQmny4HLfc','185.141.119.49',1753111205,_binary '_sf2_meta|a:4:{s:1:\"u\";i:1753111205;s:1:\"c\";i:1753108774;s:1:\"l\";i:2000000;s:1:\"s\";s:43:\"8Z0CcMKxY8f8abnbekfk8xpliyeg4aDquX3Z78VYtfo\";}recently_read|b:1;_sf2_attributes|a:1:{s:3:\"uid\";s:1:\"4\";}'),(0,'KaqFAh6MSssVPVRFFSxkJhQZgAD_g_2mIFfATmKElR0','20.115.49.134',1753139510,_binary '_sf2_meta|a:3:{s:1:\"u\";i:1753139510;s:1:\"c\";i:1753139510;s:1:\"l\";i:2000000;}recently_read|b:1;'),(0,'kcsKINu4_I84TT7U8AEeIXsNOg4WI6l1Xuics5PX9Fs','173.249.59.227',1753256549,_binary '_sf2_meta|a:3:{s:1:\"u\";i:1753256550;s:1:\"c\";i:1753256550;s:1:\"l\";i:2000000;}recently_read|b:1;'),(0,'kGgPK7hJSIjIuBdJY02aATAnoxuKr84cP_DsHURTlog','85.208.96.206',1753300330,_binary '_sf2_meta|a:3:{s:1:\"u\";i:1753300330;s:1:\"c\";i:1753300330;s:1:\"l\";i:2000000;}recently_read|b:1;'),(0,'kQKZTLHnrgRtYf3Xi5GGbXjvGs4gfrFy8MX7HGQdxCI','143.110.148.232',1753151238,_binary '_sf2_meta|a:3:{s:1:\"u\";i:1753151238;s:1:\"c\";i:1753151238;s:1:\"l\";i:2000000;}recently_read|b:1;'),(0,'L28Bj89J-aGYmCqLty-oUk1IBGxDPa0T6jmZXeGStkc','43.165.135.242',1753246552,_binary '_sf2_meta|a:3:{s:1:\"u\";i:1753246552;s:1:\"c\";i:1753246552;s:1:\"l\";i:2000000;}recently_read|b:1;'),(78,'mB_PNLHeJG_b7dJnYSUyKqlGOyt9g13ad2_W-tb3bKM','106.213.127.204',1753170770,_binary '_sf2_attributes|a:1:{s:3:\"uid\";s:2:\"78\";}_sf2_meta|a:4:{s:1:\"u\";i:1753170771;s:1:\"c\";i:1753170771;s:1:\"l\";i:2000000;s:1:\"s\";s:43:\"sYa_niT5piYehksqn5-xJuyFS_6tiIJMJCxNpe-yJ_s\";}'),(0,'MHWqIaBAnTOLEZTlTpLQxM3Z5kVo1f0q3EixB9bbjHY','43.159.136.201',1753137410,_binary '_sf2_meta|a:3:{s:1:\"u\";i:1753137410;s:1:\"c\";i:1753137410;s:1:\"l\";i:2000000;}recently_read|b:1;'),(0,'MIkIAkRkbTLJ3b0-NOm4Agzsz7cFPIE7zBU1re0gb2k','20.171.207.177',1753139790,_binary '_sf2_meta|a:3:{s:1:\"u\";i:1753139790;s:1:\"c\";i:1753139790;s:1:\"l\";i:2000000;}recently_read|b:1;'),(4,'nHV6feuP6TDsQmUjMLHtD9ZG9K6gF-1DBs3pPgDo-bM','106.213.127.204',1753167588,_binary '_sf2_attributes|a:1:{s:3:\"uid\";s:1:\"4\";}_sf2_meta|a:4:{s:1:\"u\";i:1753167589;s:1:\"c\";i:1753167589;s:1:\"l\";i:2000000;s:1:\"s\";s:43:\"KYgYYNAy8SgWddRokMdSsio516XzFNGVxNydt-mDbgg\";}'),(139,'nkMW7Ep6VWcB_3RqQPMI_ogLRAFCObm6ztqghMdASuU','185.141.119.49',1753131154,_binary '_sf2_attributes|a:1:{s:3:\"uid\";s:3:\"139\";}_sf2_meta|a:4:{s:1:\"u\";i:1753131154;s:1:\"c\";i:1753115769;s:1:\"l\";i:2000000;s:1:\"s\";s:43:\"QMWO5Jw9EICqo13XjC9sUNIYDwiOSHd58xV7guN9ukU\";}'),(77,'NMfhZJxx8iTW1dZzdTkzf0YmnVpuoBKFYrjnR_kMk-M','185.141.119.117',1753303628,_binary '_sf2_attributes|a:1:{s:3:\"uid\";s:2:\"77\";}_sf2_meta|a:4:{s:1:\"u\";i:1753303628;s:1:\"c\";i:1753303628;s:1:\"l\";i:2000000;s:1:\"s\";s:43:\"ERQ6nyUEBYqtfTdJjpSbtJmKStBzfdYJvQoyegVvXzA\";}'),(110,'O7JNazNTglVXgehsoPqZAJdSoyKx2G1Ybw0ECF0Khgg','185.141.119.117',1753302596,_binary '_sf2_meta|a:4:{s:1:\"u\";i:1753302596;s:1:\"c\";i:1753038609;s:1:\"l\";i:2000000;s:1:\"s\";s:43:\"TKaUUsaY3dMUjzVtgozpih8Ywya_Mz46sKRyGyCWwpc\";}recently_read|b:1;_sf2_attributes|a:1:{s:3:\"uid\";s:3:\"110\";}'),(0,'o9RsgJeY578MXVglMpIEReU8n3A-XrdG28Ej6QIW9a4','8.217.213.214',1753174644,_binary '_sf2_meta|a:3:{s:1:\"u\";i:1753174644;s:1:\"c\";i:1753174644;s:1:\"l\";i:2000000;}recently_read|b:1;'),(0,'oCliKWdgKqS-B12g2Pm_9H5Ohpav5LJ5ijWEygGnMWQ','20.171.207.177',1753140530,_binary '_sf2_meta|a:3:{s:1:\"u\";i:1753140530;s:1:\"c\";i:1753140530;s:1:\"l\";i:2000000;}recently_read|b:1;'),(0,'osCypISn7zk8QJiO9sPUy7KDSP95uTBPXR3o5OFzF_0','85.208.96.207',1753170764,_binary '_sf2_meta|a:3:{s:1:\"u\";i:1753170765;s:1:\"c\";i:1753170765;s:1:\"l\";i:2000000;}recently_read|b:1;'),(0,'PqBFOi-ZnYTzoOlv8qY-yn7HTFx29Y3xwzFFEpJfVB8','185.191.171.19',1753164725,_binary '_sf2_meta|a:3:{s:1:\"u\";i:1753164726;s:1:\"c\";i:1753164726;s:1:\"l\";i:2000000;}recently_read|b:1;'),(0,'qAglzVqkPQcUut1Z8caldBQ_eoQgWP8b8BP183C_Ju4','77.238.230.6',1753284461,_binary '_sf2_meta|a:3:{s:1:\"u\";i:1753284461;s:1:\"c\";i:1753284461;s:1:\"l\";i:2000000;}recently_read|b:1;'),(0,'qt962fXwoAo1MfngbSlwBZRuiRJLm_VydvBXIMxLlao','43.157.95.131',1753139365,_binary '_sf2_meta|a:3:{s:1:\"u\";i:1753139365;s:1:\"c\";i:1753139365;s:1:\"l\";i:2000000;}recently_read|b:1;'),(0,'SdSUYDQ9kAruJLD9WZ-L_zNsoVhao2c047ov35YyZ7c','212.102.33.132',1753136815,_binary '_sf2_meta|a:3:{s:1:\"u\";i:1753136815;s:1:\"c\";i:1753136815;s:1:\"l\";i:2000000;}recently_read|b:1;'),(62,'sxkG9KpQ7GHdTYNiO6BjJ9tctVCV_WLGrs204hhezwE','106.201.193.189',1753276799,_binary '_sf2_attributes|a:1:{s:3:\"uid\";s:2:\"62\";}_sf2_meta|a:4:{s:1:\"u\";i:1753276800;s:1:\"c\";i:1753276449;s:1:\"l\";i:2000000;s:1:\"s\";s:43:\"ok_U3AC1ulSbxbU_EOWpdtPO4soowybnvrvE7hjCO0U\";}'),(4,'t2UE9F4ch41_iVmuIzeeDpa01R3_UFbN5lw3tLHsv0k','106.201.193.189',1753243997,_binary '_sf2_attributes|a:1:{s:3:\"uid\";s:1:\"4\";}_sf2_meta|a:4:{s:1:\"u\";i:1753243991;s:1:\"c\";i:1753187595;s:1:\"l\";i:2000000;s:1:\"s\";s:43:\"15Q9ioeONjFuBeM-gARh4-GO5qyxs6Rpn2jVSaCGBEQ\";}_symfony_flashes|a:1:{s:5:\"error\";a:3:{i:0;O:25:\"Drupal\\Core\\Render\\Markup\":1:{s:9:\"\0*\0string\";s:147:\"One or more problems were detected with your Drupal installation. Check the <a href=\"/admin/reports/status\">status report</a> for more information.\";}i:1;O:25:\"Drupal\\Core\\Render\\Markup\":1:{s:9:\"\0*\0string\";s:259:\"There is a security update available for your version of Drupal. To ensure the security of your server, you should update immediately! See the <a href=\"/admin/reports/updates/update\">available updates</a> page for more information and to update your software.\";}i:2;O:25:\"Drupal\\Core\\Render\\Markup\":1:{s:9:\"\0*\0string\";s:274:\"There are security updates available for one or more of your modules or themes. To ensure the security of your server, you should update immediately! See the <a href=\"/admin/reports/updates/update\">available updates</a> page for more information and to update your software.\";}}}'),(73,'ttMjXSRzRpimxUUqWbMogEassDwFXNUk5WN3i6KKY34','24.61.173.150',1753229255,_binary '_sf2_attributes|a:1:{s:3:\"uid\";s:2:\"73\";}_sf2_meta|a:4:{s:1:\"u\";i:1753229255;s:1:\"c\";i:1753228582;s:1:\"l\";i:2000000;s:1:\"s\";s:43:\"ORGbFzHiqV3X-Ak6r5UqseUOko9KHBOJaMYWOgM4ri8\";}'),(0,'UUNtiuZuXSmMapc-noQo_0rOy8UtWQy7QI9Bc48hYlk','217.113.194.170',1753152637,_binary '_sf2_meta|a:3:{s:1:\"u\";i:1753152637;s:1:\"c\";i:1753152637;s:1:\"l\";i:2000000;}recently_read|b:1;'),(0,'VQxgoyEAVvi4TZywGLCVrenrB_96-QCGm1uYF78Z_Ws','125.75.66.97',1753284360,_binary '_sf2_meta|a:3:{s:1:\"u\";i:1753284360;s:1:\"c\";i:1753284360;s:1:\"l\";i:2000000;}recently_read|b:1;'),(0,'VXtkDh_oEEgG6N4S6u4L69KW4W-QXSLzPirHWIpVZ7Y','51.222.253.15',1753133142,_binary '_sf2_meta|a:3:{s:1:\"u\";i:1753133142;s:1:\"c\";i:1753133142;s:1:\"l\";i:2000000;}recently_read|b:1;'),(0,'wH41txj73thrFju_IrW74xvKiB9ALg-TYkIF5jbe9o0','51.222.253.15',1753269128,_binary '_sf2_meta|a:3:{s:1:\"u\";i:1753269128;s:1:\"c\";i:1753269128;s:1:\"l\";i:2000000;}recently_read|b:1;'),(0,'wm9O9fDwcBysve5NyQOllP0wn2WfU0_OZKWvNTM44W8','185.141.119.49',1753141288,_binary '_sf2_meta|a:3:{s:1:\"u\";i:1753141288;s:1:\"c\";i:1753140896;s:1:\"l\";i:2000000;}recently_read|b:1;'),(0,'WOtNDSW6aTC1Ef0dgngVpztPKySSFchmQRBempUasfI','195.2.67.223',1753120521,_binary '_sf2_meta|a:3:{s:1:\"u\";i:1753120521;s:1:\"c\";i:1753120521;s:1:\"l\";i:2000000;}recently_read|b:1;'),(0,'Xhlm7NsperHFmAMKEfFcoemvqh-E5MbDoYM4AJkRY4c','106.201.193.189',1753329116,_binary '_sf2_meta|a:3:{s:1:\"u\";i:1753329116;s:1:\"c\";i:1753329116;s:1:\"l\";i:2000000;}recently_read|b:1;'),(0,'XlHhKpBki4MEojkXqcFFA3syZyDCF6uOC5enYgloxmQ','217.113.194.167',1753152653,_binary '_sf2_meta|a:3:{s:1:\"u\";i:1753152653;s:1:\"c\";i:1753152653;s:1:\"l\";i:2000000;}recently_read|b:1;'),(0,'xQFPNIG9zwK02XXzPvb7leRRb-2LK9dQ2gWIAyNQB64','43.152.72.244',1753141476,_binary '_sf2_meta|a:3:{s:1:\"u\";i:1753141476;s:1:\"c\";i:1753141476;s:1:\"l\";i:2000000;}recently_read|b:1;'),(0,'YfMm4j6UPTkDkwAT1bQ_r4Q6UtsnjkWGfx6JRw8-OmI','185.141.119.117',1753302910,_binary '_sf2_meta|a:3:{s:1:\"u\";i:1753302910;s:1:\"c\";i:1753302910;s:1:\"l\";i:2000000;}recently_read|b:1;'),(4,'YupW_O7UiYsU_NUUqjbkhKulnkRLrAUp6xyrPYwDhzg','185.141.119.117',1753302562,_binary '_sf2_attributes|a:1:{s:3:\"uid\";s:1:\"4\";}_sf2_meta|a:4:{s:1:\"u\";i:1753302543;s:1:\"c\";i:1753302307;s:1:\"l\";i:2000000;s:1:\"s\";s:43:\"1yCRqgYu7kWP9E9qligKqmPAckbwR7QMmFAmjFXELFE\";}'),(0,'z99y9rr1pqX_MIzJSUk7z7_soHcsJ1W1J5G4o3n_tno','216.244.66.235',1753216390,_binary '_sf2_meta|a:3:{s:1:\"u\";i:1753216390;s:1:\"c\";i:1753216390;s:1:\"l\";i:2000000;}recently_read|b:1;'),(0,'zYYGef_0-UfhDjFbKFAF_vJGY6g-jnjshnK1uSlYpWI','212.102.33.132',1753136819,_binary '_sf2_meta|a:3:{s:1:\"u\";i:1753136819;s:1:\"c\";i:1753136819;s:1:\"l\";i:2000000;}recently_read|b:1;'),(0,'_lJCH1ET9odwF8q9BET__qRC8z8YkCGzTT35zAVUryU','43.156.109.53',1753303579,_binary '_sf2_meta|a:3:{s:1:\"u\";i:1753303579;s:1:\"c\";i:1753303579;s:1:\"l\";i:2000000;}recently_read|b:1;'),(0,'_qEM7nTbKWP8MW0Dio_Bgi0UsrDsnWzeEl9Qb0vSm5g','185.141.119.87',1753186099,_binary '_sf2_meta|a:3:{s:1:\"u\";i:1753186099;s:1:\"c\";i:1753186099;s:1:\"l\";i:2000000;}recently_read|b:1;');
commit;

--
-- Table structure for table `shortcut`
--

CREATE TABLE `shortcut` (
  `id` int unsigned NOT NULL AUTO_INCREMENT,
  `shortcut_set` varchar(32) CHARACTER SET ascii COLLATE ascii_general_ci NOT NULL COMMENT 'The ID of the target entity.',
  `uuid` varchar(128) CHARACTER SET ascii COLLATE ascii_general_ci NOT NULL,
  `langcode` varchar(12) CHARACTER SET ascii COLLATE ascii_general_ci NOT NULL,
  PRIMARY KEY (`id`),
  UNIQUE KEY `shortcut_field__uuid__value` (`uuid`),
  KEY `shortcut_field__shortcut_set__target_id` (`shortcut_set`)
) ENGINE=InnoDB AUTO_INCREMENT=4 DEFAULT CHARSET=utf8mb4 COLLATE=utf8mb4_0900_ai_ci COMMENT='The base table for shortcut entities.';

--
-- Dumping data for table `shortcut`
--

set autocommit=0;
INSERT INTO `shortcut` VALUES (1,'default','c8a90b48-aa75-4d38-970d-a3758d90b7cf','en-gb'),(2,'default','313e5e1e-f260-4385-8f2a-77562b5d7a06','en-gb'),(3,'default','e3d45470-27c2-4044-8dee-e15fd331c5b8','en-gb');
commit;

--
-- Table structure for table `shortcut__domain_access`
--

CREATE TABLE `shortcut__domain_access` (
  `bundle` varchar(128) CHARACTER SET ascii COLLATE ascii_general_ci NOT NULL DEFAULT '' COMMENT 'The field instance bundle to which this row belongs, used when deleting a field instance',
  `deleted` tinyint NOT NULL DEFAULT '0' COMMENT 'A boolean indicating whether this data item has been deleted',
  `entity_id` int unsigned NOT NULL COMMENT 'The entity id this data is attached to',
  `revision_id` int unsigned NOT NULL COMMENT 'The entity revision id this data is attached to, which for an unversioned entity type is the same as the entity id',
  `langcode` varchar(32) CHARACTER SET ascii COLLATE ascii_general_ci NOT NULL DEFAULT '' COMMENT 'The language code for this data item.',
  `delta` int unsigned NOT NULL COMMENT 'The sequence number for this data item, used for multi-value fields',
  `domain_access_target_id` varchar(255) CHARACTER SET ascii COLLATE ascii_general_ci NOT NULL COMMENT 'The ID of the target entity.',
  PRIMARY KEY (`entity_id`,`deleted`,`delta`,`langcode`),
  KEY `bundle` (`bundle`),
  KEY `revision_id` (`revision_id`),
  KEY `domain_access_target_id` (`domain_access_target_id`)
) ENGINE=InnoDB DEFAULT CHARSET=utf8mb4 COLLATE=utf8mb4_0900_ai_ci COMMENT='Data storage for shortcut field domain_access.';

--
-- Dumping data for table `shortcut__domain_access`
--

set autocommit=0;
commit;

--
-- Table structure for table `shortcut_field_data`
--

CREATE TABLE `shortcut_field_data` (
  `id` int unsigned NOT NULL,
  `shortcut_set` varchar(32) CHARACTER SET ascii COLLATE ascii_general_ci NOT NULL COMMENT 'The ID of the target entity.',
  `langcode` varchar(12) CHARACTER SET ascii COLLATE ascii_general_ci NOT NULL,
  `title` varchar(255) DEFAULT NULL,
  `weight` int DEFAULT NULL,
  `link__uri` varchar(2048) DEFAULT NULL COMMENT 'The URI of the link.',
  `link__title` varchar(255) DEFAULT NULL COMMENT 'The link text.',
  `link__options` longblob COMMENT 'Serialized array of options for the link.',
  `default_langcode` tinyint NOT NULL,
  PRIMARY KEY (`id`,`langcode`),
  KEY `shortcut__id__default_langcode__langcode` (`id`,`default_langcode`,`langcode`),
  KEY `shortcut_field__shortcut_set__target_id` (`shortcut_set`),
  KEY `shortcut_field__link__uri` (`link__uri`(30))
) ENGINE=InnoDB DEFAULT CHARSET=utf8mb4 COLLATE=utf8mb4_0900_ai_ci COMMENT='The data table for shortcut entities.';

--
-- Dumping data for table `shortcut_field_data`
--

set autocommit=0;
INSERT INTO `shortcut_field_data` VALUES (1,'default','en-gb','Add content',-20,'internal:/node/add',NULL,_binary 'a:0:{}',1),(2,'default','en-gb','All content',-19,'internal:/admin/content',NULL,_binary 'a:0:{}',1),(3,'default','en-gb','adminuser',NULL,'internal:/user/4',NULL,_binary 'a:0:{}',1);
commit;

--
-- Table structure for table `shortcut_set_users`
--

CREATE TABLE `shortcut_set_users` (
  `uid` int unsigned NOT NULL DEFAULT '0' COMMENT 'The "users".uid for this set.',
  `set_name` varchar(32) CHARACTER SET ascii COLLATE ascii_general_ci NOT NULL DEFAULT '' COMMENT 'The "shortcut_set".set_name that will be displayed for this user.',
  PRIMARY KEY (`uid`),
  KEY `set_name` (`set_name`)
) ENGINE=InnoDB DEFAULT CHARSET=utf8mb4 COLLATE=utf8mb4_0900_ai_ci COMMENT='Maps users to shortcut sets.';

--
-- Dumping data for table `shortcut_set_users`
--

set autocommit=0;
commit;

--
-- Table structure for table `smart_date_override`
--

CREATE TABLE `smart_date_override` (
  `id` int unsigned NOT NULL AUTO_INCREMENT,
  `uuid` varchar(128) CHARACTER SET ascii COLLATE ascii_general_ci NOT NULL,
  `rrule` int unsigned DEFAULT NULL,
  `rrule_index` int unsigned DEFAULT NULL,
  `value` int DEFAULT NULL,
  `end_value` int DEFAULT NULL,
  `duration` int DEFAULT NULL,
  `entity_id` int unsigned DEFAULT NULL COMMENT 'The ID of the target entity.',
  PRIMARY KEY (`id`),
  UNIQUE KEY `smart_date_override_field__uuid__value` (`uuid`),
  KEY `smart_date_override_field__entity_id__target_id` (`entity_id`)
) ENGINE=InnoDB DEFAULT CHARSET=utf8mb4 COLLATE=utf8mb4_0900_ai_ci COMMENT='The base table for smart_date_override entities.';

--
-- Dumping data for table `smart_date_override`
--

set autocommit=0;
commit;

--
-- Table structure for table `smart_date_override__domain_access`
--

CREATE TABLE `smart_date_override__domain_access` (
  `bundle` varchar(128) CHARACTER SET ascii COLLATE ascii_general_ci NOT NULL DEFAULT '' COMMENT 'The field instance bundle to which this row belongs, used when deleting a field instance',
  `deleted` tinyint NOT NULL DEFAULT '0' COMMENT 'A boolean indicating whether this data item has been deleted',
  `entity_id` int unsigned NOT NULL COMMENT 'The entity id this data is attached to',
  `revision_id` int unsigned NOT NULL COMMENT 'The entity revision id this data is attached to, which for an unversioned entity type is the same as the entity id',
  `langcode` varchar(32) CHARACTER SET ascii COLLATE ascii_general_ci NOT NULL DEFAULT '' COMMENT 'The language code for this data item.',
  `delta` int unsigned NOT NULL COMMENT 'The sequence number for this data item, used for multi-value fields',
  `domain_access_target_id` varchar(255) CHARACTER SET ascii COLLATE ascii_general_ci NOT NULL COMMENT 'The ID of the target entity.',
  PRIMARY KEY (`entity_id`,`deleted`,`delta`,`langcode`),
  KEY `bundle` (`bundle`),
  KEY `revision_id` (`revision_id`),
  KEY `domain_access_target_id` (`domain_access_target_id`)
) ENGINE=InnoDB DEFAULT CHARSET=utf8mb4 COLLATE=utf8mb4_0900_ai_ci COMMENT='Data storage for smart_date_override field domain_access.';

--
-- Dumping data for table `smart_date_override__domain_access`
--

set autocommit=0;
commit;

--
-- Table structure for table `smart_date_rule`
--

CREATE TABLE `smart_date_rule` (
  `rid` int unsigned NOT NULL AUTO_INCREMENT,
  `uuid` varchar(128) CHARACTER SET ascii COLLATE ascii_general_ci NOT NULL,
  `rule` varchar(256) DEFAULT NULL,
  `freq` varchar(8) CHARACTER SET ascii COLLATE ascii_general_ci DEFAULT NULL,
  `limit` varchar(25) CHARACTER SET ascii COLLATE ascii_general_ci DEFAULT NULL,
  `parameters` varchar(255) CHARACTER SET ascii COLLATE ascii_general_ci DEFAULT NULL,
  `unlimited` tinyint DEFAULT NULL,
  `entity_type` varchar(32) CHARACTER SET ascii COLLATE ascii_general_ci DEFAULT NULL,
  `bundle` varchar(32) CHARACTER SET ascii COLLATE ascii_general_ci DEFAULT NULL,
  `field_name` varchar(32) CHARACTER SET ascii COLLATE ascii_general_ci DEFAULT NULL,
  `start` int DEFAULT NULL,
  `end` int DEFAULT NULL,
  `instances` longblob,
  PRIMARY KEY (`rid`),
  UNIQUE KEY `smart_date_rule_field__uuid__value` (`uuid`)
) ENGINE=InnoDB DEFAULT CHARSET=utf8mb4 COLLATE=utf8mb4_0900_ai_ci COMMENT='The base table for smart_date_rule entities.';

--
-- Dumping data for table `smart_date_rule`
--

set autocommit=0;
commit;

--
-- Table structure for table `smart_date_rule__domain_access`
--

CREATE TABLE `smart_date_rule__domain_access` (
  `bundle` varchar(128) CHARACTER SET ascii COLLATE ascii_general_ci NOT NULL DEFAULT '' COMMENT 'The field instance bundle to which this row belongs, used when deleting a field instance',
  `deleted` tinyint NOT NULL DEFAULT '0' COMMENT 'A boolean indicating whether this data item has been deleted',
  `entity_id` int unsigned NOT NULL COMMENT 'The entity id this data is attached to',
  `revision_id` int unsigned NOT NULL COMMENT 'The entity revision id this data is attached to, which for an unversioned entity type is the same as the entity id',
  `langcode` varchar(32) CHARACTER SET ascii COLLATE ascii_general_ci NOT NULL DEFAULT '' COMMENT 'The language code for this data item.',
  `delta` int unsigned NOT NULL COMMENT 'The sequence number for this data item, used for multi-value fields',
  `domain_access_target_id` varchar(255) CHARACTER SET ascii COLLATE ascii_general_ci NOT NULL COMMENT 'The ID of the target entity.',
  PRIMARY KEY (`entity_id`,`deleted`,`delta`,`langcode`),
  KEY `bundle` (`bundle`),
  KEY `revision_id` (`revision_id`),
  KEY `domain_access_target_id` (`domain_access_target_id`)
) ENGINE=InnoDB DEFAULT CHARSET=utf8mb4 COLLATE=utf8mb4_0900_ai_ci COMMENT='Data storage for smart_date_rule field domain_access.';

--
-- Dumping data for table `smart_date_rule__domain_access`
--

set autocommit=0;
commit;

--
-- Table structure for table `taxonomy_index`
--

CREATE TABLE `taxonomy_index` (
  `nid` int unsigned NOT NULL DEFAULT '0' COMMENT 'The "node".nid this record tracks.',
  `tid` int unsigned NOT NULL DEFAULT '0' COMMENT 'The term ID.',
  `status` int NOT NULL DEFAULT '1' COMMENT 'Boolean indicating whether the node is published (visible to non-administrators).',
  `sticky` tinyint DEFAULT '0' COMMENT 'Boolean indicating whether the node is sticky.',
  `created` int NOT NULL DEFAULT '0' COMMENT 'The Unix timestamp when the node was created.',
  PRIMARY KEY (`nid`,`tid`),
  KEY `term_node` (`tid`,`status`,`sticky`,`created`)
) ENGINE=InnoDB DEFAULT CHARSET=utf8mb4 COLLATE=utf8mb4_0900_ai_ci COMMENT='Maintains denormalized information about node/term…';

--
-- Dumping data for table `taxonomy_index`
--

set autocommit=0;
INSERT INTO `taxonomy_index` VALUES (74,8,1,0,1742756300),(965,8,1,0,1746975493),(109,40,1,0,1743187615),(112,40,1,0,1743188784),(115,40,1,0,1743189033),(116,40,1,0,1743189357),(120,40,1,0,1743274993),(121,40,1,0,1743275049),(124,40,1,0,1743435232),(125,40,1,0,1743524885),(126,40,1,0,1743534054),(127,40,1,0,1743534146),(945,40,1,0,1744297071),(948,40,1,0,1744371059),(959,40,1,0,1745430223),(973,40,1,0,1750636955),(105,41,1,0,1743187120),(106,41,1,0,1743187163),(108,41,1,0,1743187526),(113,41,1,0,1743188859),(114,41,1,0,1743188909),(117,41,1,0,1743274383),(118,41,1,0,1743274520),(119,41,1,0,1743274585),(122,41,1,0,1743275265),(128,41,1,0,1743617185),(949,41,1,0,1744665760),(1020,41,1,0,1752838194),(107,42,1,0,1743187294),(110,42,1,0,1743188246),(111,42,1,0,1743188425),(946,42,1,0,1744297191),(947,42,1,0,1744359321),(963,43,1,0,1746431739),(966,43,1,0,1747044762),(950,62,1,0,1744788853),(962,62,1,0,1746174934),(1012,62,1,0,1751007132),(961,63,1,0,1745844813),(964,65,1,0,1746535515),(968,65,1,0,1747303804),(969,65,1,0,1749799158),(1014,65,1,0,1751272439),(972,72,1,0,1750636843),(967,73,1,0,1747265959),(971,77,1,0,1749820261),(1024,156,1,0,1753301581);
commit;

--
-- Table structure for table `taxonomy_term__domain_access`
--

CREATE TABLE `taxonomy_term__domain_access` (
  `bundle` varchar(128) CHARACTER SET ascii COLLATE ascii_general_ci NOT NULL DEFAULT '' COMMENT 'The field instance bundle to which this row belongs, used when deleting a field instance',
  `deleted` tinyint NOT NULL DEFAULT '0' COMMENT 'A boolean indicating whether this data item has been deleted',
  `entity_id` int unsigned NOT NULL COMMENT 'The entity id this data is attached to',
  `revision_id` int unsigned NOT NULL COMMENT 'The entity revision id this data is attached to',
  `langcode` varchar(32) CHARACTER SET ascii COLLATE ascii_general_ci NOT NULL DEFAULT '' COMMENT 'The language code for this data item.',
  `delta` int unsigned NOT NULL COMMENT 'The sequence number for this data item, used for multi-value fields',
  `domain_access_target_id` varchar(255) CHARACTER SET ascii COLLATE ascii_general_ci NOT NULL COMMENT 'The ID of the target entity.',
  PRIMARY KEY (`entity_id`,`deleted`,`delta`,`langcode`),
  KEY `bundle` (`bundle`),
  KEY `revision_id` (`revision_id`),
  KEY `domain_access_target_id` (`domain_access_target_id`)
) ENGINE=InnoDB DEFAULT CHARSET=utf8mb4 COLLATE=utf8mb4_0900_ai_ci COMMENT='Data storage for taxonomy_term field domain_access.';

--
-- Dumping data for table `taxonomy_term__domain_access`
--

set autocommit=0;
INSERT INTO `taxonomy_term__domain_access` VALUES ('locations',0,8,8,'en-gb',0,'ct_sandyhook_1234jam_site'),('locations',0,9,9,'en-gb',0,'ct_sandyhook_1234jam_site'),('locations',0,40,40,'en-gb',0,'test_junction_1234jam_site'),('locations',0,41,41,'en-gb',0,'test_junction_1234jam_site'),('locations',0,42,42,'en-gb',0,'test_junction_1234jam_site'),('locations',0,43,43,'en-gb',0,'co_denver_1234jam_site'),('locations',0,44,44,'en-gb',0,'1234jam_site'),('locations',0,62,62,'en-gb',0,'co_denver_1234jam_site'),('locations',0,62,62,'en-gb',1,'ct_sandyhook_1234jam_site'),('locations',0,63,63,'en-gb',0,'co_denver_1234jam_site'),('locations',0,65,65,'en-gb',0,'co_denver_1234jam_site'),('locations',0,66,66,'en-gb',0,'1234jam_site'),('locations',0,67,67,'en-gb',0,'test_junction_1234jam_site'),('locations',0,71,71,'en-gb',0,'co_denver_1234jam_site'),('locations',0,72,72,'en-gb',0,'test_junction_1234jam_site'),('locations',0,73,73,'en-gb',0,'ct_westport_1234jam_site'),('locations',0,74,74,'en-gb',0,'1234jam_site'),('locations',0,77,77,'en-gb',0,'ct_bethel_1234jam_site'),('locations',0,88,88,'en-gb',0,'asds.1234jam.site'),('locations',0,112,112,'en-gb',0,'testlocation23_1234jam_site'),('locations',0,113,113,'en-gb',0,'ny_troy_1234jam_site'),('locations',0,114,114,'en-gb',0,'ct_monroe_1234jam_site'),('locations',0,115,115,'en-gb',0,'newre_1234jam_site'),('locations',0,116,116,'en-gb',0,'newre_1234jam_site'),('locations',0,117,117,'en-gb',0,'testnewloation_1234jam_site'),('locations',0,118,118,'en-gb',0,'newlocal_1234jam_site'),('locations',0,119,119,'en-gb',0,'testnewloation_1234jam_site'),('locations',0,120,120,'en-gb',0,'testnewloation_1234jam_site'),('locations',0,121,121,'en-gb',0,'testnewloation_1234jam_site'),('locations',0,122,122,'en-gb',0,'testnewloation_1234jam_site'),('locations',0,123,123,'en-gb',0,'newlocal_1234jam_site'),('locations',0,124,124,'en-gb',0,'newlocal_1234jam_site'),('locations',0,125,125,'en-gb',0,'newlocal_1234jam_site'),('locations',0,126,126,'en-gb',0,'newlocal_1234jam_site'),('locations',0,127,127,'en-gb',0,'newlocal_1234jam_site'),('locations',0,128,128,'en-gb',0,'newlocal_1234jam_site'),('locations',0,129,129,'en-gb',0,'testlocalnew_1234jam_site'),('locations',0,130,130,'en-gb',0,'testnewlocallcation_1234jam_site'),('locations',0,131,131,'en-gb',0,'newyorklocal_1234jam_site'),('locations',0,132,132,'en-gb',0,'newyorktest1234jam_site'),('locations',0,133,133,'en-gb',0,'newyorktest1234jam_site'),('locations',0,134,134,'en-gb',0,'newtestdom_1234jam_site'),('locations',0,135,135,'en-gb',0,'newtestdom_1234jam_site'),('locations',0,136,136,'en-gb',0,'newtestdom_1234jam_site'),('locations',0,137,137,'en-gb',0,'newtestdom_1234jam_site'),('locations',0,138,138,'en-gb',0,'newtestdom_1234jam_site'),('locations',0,139,139,'en-gb',0,'newtestdom_1234jam_site'),('locations',0,140,140,'en-gb',0,'newtestdom_1234jam_site'),('locations',0,141,141,'en-gb',0,'newtestdom_1234jam_site'),('locations',0,142,142,'en-gb',0,'newtestdom_1234jam_site'),('locations',0,143,143,'en-gb',0,'newtestdom_1234jam_site'),('locations',0,144,144,'en-gb',0,'newtestdom_1234jam_site'),('locations',0,145,145,'en-gb',0,'newtestdom_1234jam_site'),('locations',0,146,146,'en-gb',0,'newtestdom_1234jam_site'),('locations',0,147,147,'en-gb',0,'testloca_1234jam_site'),('locations',0,148,148,'en-gb',0,'testloca_1234jam_site'),('locations',0,149,149,'en-gb',0,'testloca_1234jam_site'),('locations',0,150,150,'en-gb',0,'testloca_1234jam_site'),('locations',0,151,151,'en-gb',0,'testloca_1234jam_site'),('locations',0,152,152,'en-gb',0,'testloca_1234jam_site'),('locations',0,153,153,'en-gb',0,'testlocatest1_1234jam_site'),('locations',0,154,154,'en-gb',0,'abcd_1234jam_site'),('locations',0,155,155,'en-gb',0,'testtt_1234jam_site'),('locations',0,156,156,'en-gb',0,'ct_danbury_1234jam_site'),('locations',0,157,157,'en-gb',0,'co_denver_1234jam_site'),('locations',0,158,158,'en-gb',0,'test_junction_1234jam_site'),('locations',0,159,159,'en-gb',0,'ludhiana_1234jam_site'),('locations',0,160,160,'en-gb',0,'chandigarh1234jam_site'),('locations',0,161,161,'en-gb',0,'dehradun1234jam_site'),('locations',0,162,162,'en-gb',0,'ct_botsford_1234jam_site'),('locations',0,163,163,'en-gb',0,'oh_akron_1234jam_site'),('locations',0,164,164,'en-gb',0,'fl_miami_1234jam_site');
commit;

--
-- Table structure for table `taxonomy_term__domain_source`
--

CREATE TABLE `taxonomy_term__domain_source` (
  `bundle` varchar(128) CHARACTER SET ascii COLLATE ascii_general_ci NOT NULL DEFAULT '' COMMENT 'The field instance bundle to which this row belongs, used when deleting a field instance',
  `deleted` tinyint NOT NULL DEFAULT '0' COMMENT 'A boolean indicating whether this data item has been deleted',
  `entity_id` int unsigned NOT NULL COMMENT 'The entity id this data is attached to',
  `revision_id` int unsigned NOT NULL COMMENT 'The entity revision id this data is attached to',
  `langcode` varchar(32) CHARACTER SET ascii COLLATE ascii_general_ci NOT NULL DEFAULT '' COMMENT 'The language code for this data item.',
  `delta` int unsigned NOT NULL COMMENT 'The sequence number for this data item, used for multi-value fields',
  `domain_source_target_id` varchar(255) CHARACTER SET ascii COLLATE ascii_general_ci NOT NULL COMMENT 'The ID of the target entity.',
  PRIMARY KEY (`entity_id`,`deleted`,`delta`,`langcode`),
  KEY `bundle` (`bundle`),
  KEY `revision_id` (`revision_id`),
  KEY `domain_source_target_id` (`domain_source_target_id`)
) ENGINE=InnoDB DEFAULT CHARSET=utf8mb4 COLLATE=utf8mb4_0900_ai_ci COMMENT='Data storage for taxonomy_term field domain_source.';

--
-- Dumping data for table `taxonomy_term__domain_source`
--

set autocommit=0;
INSERT INTO `taxonomy_term__domain_source` VALUES ('locations',0,62,62,'en-gb',0,'co_denver_1234jam_site'),('locations',0,63,63,'en-gb',0,'co_denver_1234jam_site'),('locations',0,72,72,'en-gb',0,'test_junction_1234jam_site');
commit;

--
-- Table structure for table `taxonomy_term__field_new_domain`
--

CREATE TABLE `taxonomy_term__field_new_domain` (
  `bundle` varchar(128) CHARACTER SET ascii COLLATE ascii_general_ci NOT NULL DEFAULT '' COMMENT 'The field instance bundle to which this row belongs, used when deleting a field instance',
  `deleted` tinyint NOT NULL DEFAULT '0' COMMENT 'A boolean indicating whether this data item has been deleted',
  `entity_id` int unsigned NOT NULL COMMENT 'The entity id this data is attached to',
  `revision_id` int unsigned NOT NULL COMMENT 'The entity revision id this data is attached to',
  `langcode` varchar(32) CHARACTER SET ascii COLLATE ascii_general_ci NOT NULL DEFAULT '' COMMENT 'The language code for this data item.',
  `delta` int unsigned NOT NULL COMMENT 'The sequence number for this data item, used for multi-value fields',
  `field_new_domain_value` varchar(255) NOT NULL,
  PRIMARY KEY (`entity_id`,`deleted`,`delta`,`langcode`),
  KEY `bundle` (`bundle`),
  KEY `revision_id` (`revision_id`)
) ENGINE=InnoDB DEFAULT CHARSET=utf8mb4 COLLATE=utf8mb4_0900_ai_ci COMMENT='Data storage for taxonomy_term field field_new_domain.';

--
-- Dumping data for table `taxonomy_term__field_new_domain`
--

set autocommit=0;
INSERT INTO `taxonomy_term__field_new_domain` VALUES ('locations',0,112,112,'en-gb',0,'testlocation23_1234jam_site'),('locations',0,113,113,'en-gb',0,'ny_troy_1234jam_site'),('locations',0,114,114,'en-gb',0,'ct_monroe_1234jam_site'),('locations',0,115,115,'en-gb',0,'newre_1234jam_site'),('locations',0,116,116,'en-gb',0,'newre_1234jam_site'),('locations',0,117,117,'en-gb',0,'testnewloation_1234jam_site'),('locations',0,118,118,'en-gb',0,'newlocal_1234jam_site'),('locations',0,119,119,'en-gb',0,'testnewloation_1234jam_site'),('locations',0,120,120,'en-gb',0,'testnewloation_1234jam_site'),('locations',0,121,121,'en-gb',0,'testnewloation_1234jam_site'),('locations',0,122,122,'en-gb',0,'testnewloation_1234jam_site'),('locations',0,123,123,'en-gb',0,'newlocal_1234jam_site'),('locations',0,124,124,'en-gb',0,'newlocal_1234jam_site'),('locations',0,125,125,'en-gb',0,'newlocal_1234jam_site'),('locations',0,126,126,'en-gb',0,'newlocal_1234jam_site'),('locations',0,127,127,'en-gb',0,'newlocal_1234jam_site'),('locations',0,128,128,'en-gb',0,'newlocal_1234jam_site'),('locations',0,129,129,'en-gb',0,'testlocalnew_1234jam_site'),('locations',0,130,130,'en-gb',0,'testnewlocallcation_1234jam_site'),('locations',0,131,131,'en-gb',0,'newyorklocal_1234jam_site'),('locations',0,132,132,'en-gb',0,'newyorktest1234jam_site'),('locations',0,133,133,'en-gb',0,'newyorktest1234jam_site'),('locations',0,134,134,'en-gb',0,'newtestdom_1234jam_site'),('locations',0,135,135,'en-gb',0,'newtestdom_1234jam_site'),('locations',0,136,136,'en-gb',0,'newtestdom_1234jam_site'),('locations',0,137,137,'en-gb',0,'newtestdom_1234jam_site'),('locations',0,138,138,'en-gb',0,'newtestdom_1234jam_site'),('locations',0,139,139,'en-gb',0,'newtestdom_1234jam_site'),('locations',0,140,140,'en-gb',0,'newtestdom_1234jam_site'),('locations',0,141,141,'en-gb',0,'newtestdom_1234jam_site'),('locations',0,142,142,'en-gb',0,'newtestdom_1234jam_site'),('locations',0,143,143,'en-gb',0,'newtestdom_1234jam_site'),('locations',0,144,144,'en-gb',0,'newtestdom_1234jam_site'),('locations',0,145,145,'en-gb',0,'newtestdom_1234jam_site'),('locations',0,146,146,'en-gb',0,'newtestdom_1234jam_site'),('locations',0,147,147,'en-gb',0,'testloca_1234jam_site'),('locations',0,148,148,'en-gb',0,'testloca_1234jam_site'),('locations',0,149,149,'en-gb',0,'testloca_1234jam_site'),('locations',0,150,150,'en-gb',0,'testloca_1234jam_site'),('locations',0,151,151,'en-gb',0,'testloca_1234jam_site'),('locations',0,152,152,'en-gb',0,'testloca_1234jam_site'),('locations',0,153,153,'en-gb',0,'testlocatest1_1234jam_site'),('locations',0,154,154,'en-gb',0,'abcd_1234jam_site'),('locations',0,155,155,'en-gb',0,'testtt_1234jam_site'),('locations',0,156,156,'en-gb',0,'ct_danbury_1234jam_site'),('locations',0,159,159,'en-gb',0,'ludhiana_1234jam_site'),('locations',0,160,160,'en-gb',0,'chandigarh1234jam_site'),('locations',0,161,161,'en-gb',0,'dehradun1234jam_site'),('locations',0,162,162,'en-gb',0,'ct_botsford_1234jam_site'),('locations',0,163,163,'en-gb',0,'oh_akron_1234jam_site'),('locations',0,164,164,'en-gb',0,'fl_miami_1234jam_site');
commit;

--
-- Table structure for table `taxonomy_term__parent`
--

CREATE TABLE `taxonomy_term__parent` (
  `bundle` varchar(128) CHARACTER SET ascii COLLATE ascii_general_ci NOT NULL DEFAULT '' COMMENT 'The field instance bundle to which this row belongs, used when deleting a field instance',
  `deleted` tinyint NOT NULL DEFAULT '0' COMMENT 'A boolean indicating whether this data item has been deleted',
  `entity_id` int unsigned NOT NULL COMMENT 'The entity id this data is attached to',
  `revision_id` int unsigned NOT NULL COMMENT 'The entity revision id this data is attached to',
  `langcode` varchar(32) CHARACTER SET ascii COLLATE ascii_general_ci NOT NULL DEFAULT '' COMMENT 'The language code for this data item.',
  `delta` int unsigned NOT NULL COMMENT 'The sequence number for this data item, used for multi-value fields',
  `parent_target_id` int unsigned NOT NULL COMMENT 'The ID of the target entity.',
  PRIMARY KEY (`entity_id`,`deleted`,`delta`,`langcode`),
  KEY `revision_id` (`revision_id`),
  KEY `parent_target_id` (`parent_target_id`),
  KEY `bundle_delta_target_id` (`bundle`,`delta`,`parent_target_id`)
) ENGINE=InnoDB DEFAULT CHARSET=utf8mb4 COLLATE=utf8mb4_0900_ai_ci COMMENT='Data storage for taxonomy_term field parent.';

--
-- Dumping data for table `taxonomy_term__parent`
--

set autocommit=0;
INSERT INTO `taxonomy_term__parent` VALUES ('song_tags',0,1,1,'en-gb',0,0),('song_tags',0,2,2,'en-gb',0,0),('locations',0,8,8,'en-gb',0,0),('locations',0,9,9,'en-gb',0,0),('tags',0,12,12,'en-gb',0,0),('tags',0,13,13,'en-gb',0,0),('song_tags',0,14,14,'en-gb',0,0),('song_tags',0,32,32,'en-gb',0,0),('song_tags',0,33,33,'en-gb',0,0),('song_tags',0,34,34,'en-gb',0,0),('song_tags',0,35,35,'en-gb',0,0),('song_tags',0,36,36,'en-gb',0,0),('song_tags',0,37,37,'en-gb',0,0),('song_tags',0,38,38,'en-gb',0,0),('song_tags',0,39,39,'en-gb',0,0),('locations',0,40,40,'en-gb',0,0),('locations',0,41,41,'en-gb',0,0),('locations',0,42,42,'en-gb',0,0),('locations',0,43,43,'en-gb',0,0),('locations',0,44,44,'en-gb',0,0),('instrument',0,45,45,'en-gb',0,0),('instrument',0,46,46,'en-gb',0,0),('instrument',0,47,47,'en-gb',0,0),('instrument',0,48,48,'en-gb',0,0),('instrument',0,49,49,'en-gb',0,0),('instrument',0,50,50,'en-gb',0,0),('instrument',0,53,53,'en-gb',0,0),('instrument',0,54,54,'en-gb',0,0),('instrument',0,55,55,'en-gb',0,0),('instrument',0,56,56,'en-gb',0,0),('instrument',0,57,57,'en-gb',0,0),('instrument',0,58,58,'en-gb',0,0),('instrument',0,59,59,'en-gb',0,0),('instrument',0,60,60,'en-gb',0,0),('instrument',0,61,61,'en-gb',0,0),('locations',0,62,62,'en-gb',0,0),('locations',0,63,63,'en-gb',0,0),('locations',0,65,65,'en-gb',0,0),('locations',0,66,66,'en-gb',0,0),('locations',0,67,67,'en-gb',0,0),('locations',0,71,71,'en-gb',0,0),('locations',0,72,72,'en-gb',0,0),('locations',0,73,73,'en-gb',0,0),('locations',0,74,74,'en-gb',0,0),('locations',0,77,77,'en-gb',0,0),('locations',0,88,88,'en-gb',0,0),('locations',0,112,112,'en-gb',0,0),('locations',0,113,113,'en-gb',0,0),('locations',0,114,114,'en-gb',0,0),('locations',0,115,115,'en-gb',0,0),('locations',0,116,116,'en-gb',0,0),('locations',0,117,117,'en-gb',0,0),('locations',0,118,118,'en-gb',0,0),('locations',0,119,119,'en-gb',0,0),('locations',0,120,120,'en-gb',0,0),('locations',0,121,121,'en-gb',0,0),('locations',0,122,122,'en-gb',0,0),('locations',0,123,123,'en-gb',0,0),('locations',0,124,124,'en-gb',0,0),('locations',0,125,125,'en-gb',0,0),('locations',0,126,126,'en-gb',0,0),('locations',0,127,127,'en-gb',0,0),('locations',0,128,128,'en-gb',0,0),('locations',0,129,129,'en-gb',0,0),('locations',0,130,130,'en-gb',0,0),('locations',0,131,131,'en-gb',0,0),('locations',0,132,132,'en-gb',0,0),('locations',0,133,133,'en-gb',0,0),('locations',0,134,134,'en-gb',0,0),('locations',0,135,135,'en-gb',0,0),('locations',0,136,136,'en-gb',0,0),('locations',0,137,137,'en-gb',0,0),('locations',0,138,138,'en-gb',0,0),('locations',0,139,139,'en-gb',0,0),('locations',0,140,140,'en-gb',0,0),('locations',0,141,141,'en-gb',0,0),('locations',0,142,142,'en-gb',0,0),('locations',0,143,143,'en-gb',0,0),('locations',0,144,144,'en-gb',0,0),('locations',0,145,145,'en-gb',0,0),('locations',0,146,146,'en-gb',0,0),('locations',0,147,147,'en-gb',0,0),('locations',0,148,148,'en-gb',0,0),('locations',0,149,149,'en-gb',0,0),('locations',0,150,150,'en-gb',0,0),('locations',0,151,151,'en-gb',0,0),('locations',0,152,152,'en-gb',0,0),('locations',0,153,153,'en-gb',0,0),('locations',0,154,154,'en-gb',0,0),('locations',0,155,155,'en-gb',0,0),('locations',0,156,156,'en-gb',0,0),('locations',0,157,157,'en-gb',0,0),('locations',0,158,158,'en-gb',0,0),('locations',0,159,159,'en-gb',0,0),('locations',0,160,160,'en-gb',0,0),('locations',0,161,161,'en-gb',0,0),('locations',0,162,162,'en-gb',0,0),('locations',0,163,163,'en-gb',0,0),('locations',0,164,164,'en-gb',0,0);
commit;

--
-- Table structure for table `taxonomy_term_data`
--

CREATE TABLE `taxonomy_term_data` (
  `tid` int unsigned NOT NULL AUTO_INCREMENT,
  `revision_id` int unsigned DEFAULT NULL,
  `vid` varchar(32) CHARACTER SET ascii COLLATE ascii_general_ci NOT NULL COMMENT 'The ID of the target entity.',
  `uuid` varchar(128) CHARACTER SET ascii COLLATE ascii_general_ci NOT NULL,
  `langcode` varchar(12) CHARACTER SET ascii COLLATE ascii_general_ci NOT NULL,
  PRIMARY KEY (`tid`),
  UNIQUE KEY `taxonomy_term_field__uuid__value` (`uuid`),
  UNIQUE KEY `taxonomy_term__revision_id` (`revision_id`),
  KEY `taxonomy_term_field__vid__target_id` (`vid`)
) ENGINE=InnoDB AUTO_INCREMENT=165 DEFAULT CHARSET=utf8mb4 COLLATE=utf8mb4_0900_ai_ci COMMENT='The base table for taxonomy_term entities.';

--
-- Dumping data for table `taxonomy_term_data`
--

set autocommit=0;
INSERT INTO `taxonomy_term_data` VALUES (1,1,'song_tags','3b4bed37-2c9c-4cef-87fb-a2166bdde137','en-gb'),(2,2,'song_tags','b51a9711-76c3-49e0-b71f-7b834ad7d077','en-gb'),(8,8,'locations','5aadc7c7-0166-42da-9bd2-3b27683ace7e','en-gb'),(9,9,'locations','191b2833-8037-4131-91ce-5b583ed54084','en-gb'),(12,12,'tags','f0b0408d-4208-4711-8799-f466254e9820','en-gb'),(13,13,'tags','ee979078-1b93-493b-80ca-c5eb7772d5b4','en-gb'),(14,14,'song_tags','38836d0a-dd3d-466a-8b3d-6e8dbadc8f07','en-gb'),(32,32,'song_tags','6c5a6724-aade-44ca-8389-f81baf7ef7ca','en-gb'),(33,33,'song_tags','5faf2189-6b1d-42af-809d-1c35446b8422','en-gb'),(34,34,'song_tags','0fd8f7c4-19a1-4bb3-965a-b41157404d16','en-gb'),(35,35,'song_tags','0b429c54-2cdd-438d-b733-4470cdfae087','en-gb'),(36,36,'song_tags','4981f082-e54b-4dbb-a61d-c28e41371858','en-gb'),(37,37,'song_tags','2fdce28f-ea1d-4743-8c88-62a68bd1007c','en-gb'),(38,38,'song_tags','1c5959e3-3417-4b9d-8958-58c907a32140','en-gb'),(39,39,'song_tags','7650d78f-c924-468a-982e-2fa2982eddc8','en-gb'),(40,40,'locations','9a5f52b3-79b2-42d0-a3c2-6e40877c7d79','en-gb'),(41,41,'locations','c542c49c-0411-4870-96b5-28c0933cf364','en-gb'),(42,42,'locations','86058cfa-5f88-49fe-9061-95032e5acb7e','en-gb'),(43,43,'locations','dcf678a4-93d1-48c4-80f0-a692ecfc0be1','en-gb'),(44,44,'locations','176c87a5-45bf-4b74-b141-92f7161d8e44','en-gb'),(45,45,'instrument','557f9081-a07d-49fc-9925-c97b302cb507','en-gb'),(46,46,'instrument','273795df-7eb5-4f76-a646-1e12bb8bc4fd','en-gb'),(47,47,'instrument','fc2ab74a-dbde-44c7-9a89-2b070bc8528a','en-gb'),(48,48,'instrument','71d7f4f8-2b35-4c88-a85b-f3d528db8e5f','en-gb'),(49,49,'instrument','4db9db4d-3354-456f-8966-976216344a84','en-gb'),(50,50,'instrument','90c1dc11-70a2-4fd2-8e46-3886959b386d','en-gb'),(53,53,'instrument','9d64e221-13c4-414f-a4ae-b0134596f961','en-gb'),(54,54,'instrument','6ddbddb8-f9cc-4a2e-b191-ff5e8ca812c1','en-gb'),(55,55,'instrument','b151ead8-99f5-480b-bcab-df22a633fded','en-gb'),(56,56,'instrument','23155e65-5033-414d-865d-2770b7cd667f','en-gb'),(57,57,'instrument','78674768-6757-45d0-bad1-7f0ee3d341d1','en-gb'),(58,58,'instrument','b40a0160-f77e-41ba-801c-59dcb0e9ff64','en-gb'),(59,59,'instrument','481228f8-bfc4-4ada-9748-0daabff7e06f','en-gb'),(60,60,'instrument','4a5fdf30-c967-49c0-b00d-920630a109f9','en-gb'),(61,61,'instrument','fa2ebab1-9fa6-40a7-abe4-75c158b9c0b3','en-gb'),(62,62,'locations','3382b4b7-b7d3-4270-a6b3-b0dc93ef4a35','en-gb'),(63,63,'locations','ac47b670-9ec9-4d3f-a990-673cda656d5a','en-gb'),(65,65,'locations','cf501ecc-daff-4bdc-9e28-42bb0d5d04d7','en-gb'),(66,66,'locations','41e074eb-167e-45b8-93ac-8bdde406f3de','en-gb'),(67,67,'locations','6ba15290-fb24-4f82-a3b5-c4d00514595e','en-gb'),(71,71,'locations','9a5f817f-b5c4-4c64-a767-e740b35c6794','en-gb'),(72,72,'locations','64f487ea-5361-4d3f-ae85-be04d90c05c8','en-gb'),(73,73,'locations','fcc62156-d271-4781-98cf-6305848b3211','en-gb'),(74,74,'locations','009cf146-5a83-4ac4-b930-b09d8d58667b','en-gb'),(77,77,'locations','1c6ac474-c074-4897-abab-8fcd6b109253','en-gb'),(88,88,'locations','9157dc97-9f10-4c8f-b2c1-f05533676c1a','en-gb'),(112,112,'locations','fe930ab2-1ebd-44ca-9e31-720e4ddb83f1','en-gb'),(113,113,'locations','f6e9bc34-ac39-49a1-9eac-917ae7bc660b','en-gb'),(114,114,'locations','b982f7a9-bfa8-41f7-9a81-fa34cbad08db','en-gb'),(115,115,'locations','266d54fd-73d1-41d3-baf3-f255c2fc095e','en-gb'),(116,116,'locations','e6a377c7-4d37-47fa-a2c6-167fc2056a9a','en-gb'),(117,117,'locations','322bd2f5-b93a-48ac-a0ac-89c8c580e1ba','en-gb'),(118,118,'locations','25752399-9092-48e4-b905-b00e6fd23e8f','en-gb'),(119,119,'locations','6521066c-726c-4f50-8bde-2122b5e20b6f','en-gb'),(120,120,'locations','8c161852-06a6-4b55-a925-c82eefadb469','en-gb'),(121,121,'locations','afff1155-49d6-4d7d-a8b6-64bd6209559b','en-gb'),(122,122,'locations','32317315-532f-44e6-b98b-521eb9fa4e6d','en-gb'),(123,123,'locations','fbaad62b-da64-4bb7-bee6-fe721334f5ad','en-gb'),(124,124,'locations','f557cae4-10a2-44f7-83ac-1303f0656bd5','en-gb'),(125,125,'locations','b1e3c0b5-ef33-4304-b393-03549cbdaf66','en-gb'),(126,126,'locations','12d41385-1e08-4f08-bdb9-a705d3cdb5f9','en-gb'),(127,127,'locations','47d57d64-585c-46a2-acb6-ec0fced3b0d4','en-gb'),(128,128,'locations','955ebfc7-cd5a-4280-9309-07fa6c146998','en-gb'),(129,129,'locations','0327cb68-f97e-4cb4-adfd-74f9f5f77db3','en-gb'),(130,130,'locations','d01ddad4-f18b-4784-a592-6b00e8597a9e','en-gb'),(131,131,'locations','76a6587b-3323-4214-9da7-163b24783b34','en-gb'),(132,132,'locations','398c94b4-2c5a-4ecf-897f-c8cf77fc9085','en-gb'),(133,133,'locations','db2e150b-b336-45e5-aa80-fc7320fd26ae','en-gb'),(134,134,'locations','656f30f6-aea0-4a47-936e-2ae0a548a368','en-gb'),(135,135,'locations','06698db1-b521-44f2-b202-3307f0b3cf29','en-gb'),(136,136,'locations','aa45bcfd-b06b-40bf-9d2d-68981aec5f28','en-gb'),(137,137,'locations','eac9288f-8008-4313-834f-e4d66f46a50d','en-gb'),(138,138,'locations','a81b5e95-a233-4200-8281-7585ab06bc41','en-gb'),(139,139,'locations','9e9d04e9-7309-40be-83ca-4b6657cc0ceb','en-gb'),(140,140,'locations','22ba005c-02ae-443e-92d4-dc34b4bb669c','en-gb'),(141,141,'locations','bdf58ed3-a9ad-4374-a9a1-c9efa7cd5f34','en-gb'),(142,142,'locations','0cbc152c-cc55-4cfb-942e-3ee5347e12db','en-gb'),(143,143,'locations','69846bed-d5fe-477a-98e1-e9e12b5e38ad','en-gb'),(144,144,'locations','e4cd4fc0-79d2-42df-9a37-7014e0a043fa','en-gb'),(145,145,'locations','1cc1eba9-fa18-4fa7-8a6e-5a691ed16f94','en-gb'),(146,146,'locations','4e9182f7-c210-46c5-9794-5ea8fdf3333a','en-gb'),(147,147,'locations','2acc9609-7aad-45fd-bb08-9a1fee24a505','en-gb'),(148,148,'locations','88a5871d-dd3c-4dec-89bc-71c1944d6c67','en-gb'),(149,149,'locations','8f1f0bcf-33ff-42db-996d-cf729de139dc','en-gb'),(150,150,'locations','7ea2fe72-9bef-4582-8cfb-645241bbbbb0','en-gb'),(151,151,'locations','53460f67-01c7-43b3-a5c7-9f3a16700841','en-gb'),(152,152,'locations','8f7bc5a9-b84c-477e-9f98-560999951a70','en-gb'),(153,153,'locations','f7715375-fb0e-4898-a678-3f800a4608e2','en-gb'),(154,154,'locations','8ed535d8-8606-4608-af76-be25529810f3','en-gb'),(155,155,'locations','d9c14082-c793-4b6a-bcea-4b076483a33e','en-gb'),(156,156,'locations','d19c724c-b6f2-4b02-99a5-5e910399259d','en-gb'),(157,157,'locations','9145802c-efe9-4fb8-9f25-860c28b472e4','en-gb'),(158,158,'locations','095cd9cd-b042-4c0e-888b-a2683e606e2f','en-gb'),(159,159,'locations','19ea3ff4-5c38-4979-8632-c3b0731530c4','en-gb'),(160,160,'locations','90fb0fa0-e766-47a4-9ef5-7a5e4063d5c2','en-gb'),(161,161,'locations','cf481130-a32e-4032-815b-2322258371c7','en-gb'),(162,162,'locations','f2ec59a4-f5e6-4bdc-bd86-4080d6beeadb','en-gb'),(163,163,'locations','45efa21c-050c-49e6-8cf4-61c76e9e659c','en-gb'),(164,164,'locations','2788e860-f4cc-4212-b166-4ef53f8a5034','en-gb');
commit;

--
-- Table structure for table `taxonomy_term_field_data`
--

CREATE TABLE `taxonomy_term_field_data` (
  `tid` int unsigned NOT NULL,
  `revision_id` int unsigned NOT NULL,
  `vid` varchar(32) CHARACTER SET ascii COLLATE ascii_general_ci NOT NULL COMMENT 'The ID of the target entity.',
  `langcode` varchar(12) CHARACTER SET ascii COLLATE ascii_general_ci NOT NULL,
  `status` tinyint NOT NULL,
  `name` varchar(255) NOT NULL,
  `description__value` longtext,
  `description__format` varchar(255) CHARACTER SET ascii COLLATE ascii_general_ci DEFAULT NULL,
  `weight` int NOT NULL,
  `changed` int DEFAULT NULL,
  `default_langcode` tinyint NOT NULL,
  `revision_translation_affected` tinyint DEFAULT NULL,
  PRIMARY KEY (`tid`,`langcode`),
  KEY `taxonomy_term__id__default_langcode__langcode` (`tid`,`default_langcode`,`langcode`),
  KEY `taxonomy_term__revision_id` (`revision_id`),
  KEY `taxonomy_term_field__name` (`name`(191)),
  KEY `taxonomy_term__status_vid` (`status`,`vid`,`tid`),
  KEY `taxonomy_term__tree` (`vid`,`weight`,`name`(191)),
  KEY `taxonomy_term__vid_name` (`vid`,`name`(191))
) ENGINE=InnoDB DEFAULT CHARSET=utf8mb4 COLLATE=utf8mb4_0900_ai_ci COMMENT='The data table for taxonomy_term entities.';

--
-- Dumping data for table `taxonomy_term_field_data`
--

set autocommit=0;
INSERT INTO `taxonomy_term_field_data` VALUES (1,1,'song_tags','en-gb',1,'Christmas',NULL,NULL,0,1738664374,1,1),(2,2,'song_tags','en-gb',1,'Latest',NULL,NULL,0,1738667629,1,1),(8,8,'locations','en-gb',1,'Rocking the Hook',NULL,NULL,0,1746975378,1,1),(9,9,'locations','en-gb',1,'Zaftig Brewery',NULL,NULL,0,1746975412,1,1),(12,12,'tags','en-gb',1,'Chritmas',NULL,NULL,0,1738851147,1,1),(13,13,'tags','en-gb',1,'Friday Sale',NULL,NULL,0,1738851159,1,1),(14,14,'song_tags','en-gb',1,'Pop',NULL,NULL,0,1739278764,1,1),(32,32,'song_tags','en-gb',1,'Rock',NULL,NULL,0,1740494347,1,1),(33,33,'song_tags','en-gb',1,'R&B',NULL,NULL,0,1740494697,1,1),(34,34,'song_tags','en-gb',1,'Indie / Alternative',NULL,NULL,0,1740494716,1,1),(35,35,'song_tags','en-gb',1,'Folk / Americana',NULL,NULL,0,1740494725,1,1),(36,36,'song_tags','en-gb',1,'Jazz / Neo-Soul',NULL,NULL,0,1740494748,1,1),(37,37,'song_tags','en-gb',1,'Latin',NULL,NULL,0,1740494759,1,1),(38,38,'song_tags','en-gb',1,'Country',NULL,NULL,0,1740494768,1,1),(39,39,'song_tags','en-gb',1,'Soul / Motown',NULL,NULL,0,1740494832,1,1),(40,40,'locations','en-gb',1,'Test-CoffeeShop',NULL,NULL,0,1746618670,1,1),(41,41,'locations','en-gb',1,'Test-Bar',NULL,NULL,0,1746618674,1,1),(42,42,'locations','en-gb',1,'Test-Restaurant',NULL,NULL,0,1746618672,1,1),(43,43,'locations','en-gb',1,'Test Locationd',NULL,NULL,0,1744356008,1,1),(44,44,'locations','en-gb',1,'test locatioion2',NULL,NULL,0,1744356114,1,1),(45,45,'instrument','en-gb',1,'Acoustic Guitar',NULL,NULL,0,1745217197,1,1),(46,46,'instrument','en-gb',1,'Banjo',NULL,NULL,0,1745217210,1,1),(47,47,'instrument','en-gb',1,'Bass Guitar',NULL,NULL,0,1745217229,1,1),(48,48,'instrument','en-gb',1,'Dobro',NULL,NULL,0,1745217245,1,1),(49,49,'instrument','en-gb',1,'Drums',NULL,NULL,0,1745217293,1,1),(50,50,'instrument','en-gb',1,'Electric Guitar',NULL,NULL,0,1745217314,1,1),(53,53,'instrument','en-gb',1,'Other Instruments / Talents',NULL,NULL,0,1745217358,1,1),(54,54,'instrument','en-gb',1,'Flute',NULL,NULL,0,1745217375,1,1),(55,55,'instrument','en-gb',1,'Harmonica',NULL,NULL,0,1745217395,1,1),(56,56,'instrument','en-gb',1,'Keyboards',NULL,NULL,0,1745217414,1,1),(57,57,'instrument','en-gb',1,'Mandolin',NULL,NULL,0,1745217429,1,1),(58,58,'instrument','en-gb',1,'Percusssion',NULL,NULL,0,1745479171,1,1),(59,59,'instrument','en-gb',1,'Saxophone',NULL,NULL,0,1745217528,1,1),(60,60,'instrument','en-gb',1,'Ukulele',NULL,NULL,0,1745217545,1,1),(61,61,'instrument','en-gb',1,'Vocals',NULL,NULL,0,1745217588,1,1),(62,62,'locations','en-gb',1,'Sandy Hook Bar & Grill',NULL,NULL,0,1745998264,1,1),(63,63,'locations','en-gb',1,'test100','<p>test</p>','basic_html',0,1746001381,1,1),(65,65,'locations','en-gb',1,'Codenver Test lOCATION',NULL,NULL,0,1746171301,1,1),(66,66,'locations','en-gb',1,'Codenver Test junction',NULL,NULL,0,1746618268,1,1),(67,67,'locations','en-gb',1,'testjunction1123',NULL,NULL,0,1746172656,1,1),(71,71,'locations','en-gb',1,'testcodever locatyion',NULL,NULL,0,1746618317,1,1),(72,72,'locations','en-gb',1,'Test-City Park',NULL,NULL,0,1746974679,1,1),(73,73,'locations','en-gb',1,'Westport Bar & Grill',NULL,NULL,0,1747265920,1,1),(74,74,'locations','en-gb',1,'Main Venue',NULL,NULL,0,1748868386,1,1),(77,77,'locations','en-gb',1,'Coffee shop',NULL,NULL,0,1749819954,1,1),(88,88,'locations','en-gb',1,'Main Venue',NULL,NULL,0,1750403575,1,1),(112,112,'locations','en-gb',1,'Main Venue GLOBAJam Junction',NULL,NULL,0,1750416297,1,1),(113,113,'locations','en-gb',1,'Main Venue Ny Troysds',NULL,NULL,0,1750424044,1,1),(114,114,'locations','en-gb',1,'Main Venue Monroe, CT',NULL,NULL,0,1750638140,1,1),(115,115,'locations','en-gb',1,'Main Venue GLOBAL Jam Junction',NULL,NULL,0,1750665335,1,1),(116,116,'locations','en-gb',1,'Main Venue GLOBAL Jam Junction',NULL,NULL,0,1750665354,1,1),(117,117,'locations','en-gb',1,'Main Venue GLOBAL Jam Junction',NULL,NULL,0,1750666789,1,1),(118,118,'locations','en-gb',1,'Main Venue GLOBAL Jam Junction',NULL,NULL,0,1750666949,1,1),(119,119,'locations','en-gb',1,'Main Venue GLOBAL Jam Junction',NULL,NULL,0,1750667054,1,1),(120,120,'locations','en-gb',1,'Main Venue GLOBAL Jam Junction',NULL,NULL,0,1750667099,1,1),(121,121,'locations','en-gb',1,'Main Venue GLOBAL Jam Junction',NULL,NULL,0,1750667140,1,1),(122,122,'locations','en-gb',1,'Main Venue GLOBAL Jam Junction',NULL,NULL,0,1750667212,1,1),(123,123,'locations','en-gb',1,'Main Venue GLOBAL Jam Junction',NULL,NULL,0,1750667291,1,1),(124,124,'locations','en-gb',1,'Main Venue GLOBAL Jam Junction locatiom',NULL,NULL,0,1750667519,1,1),(125,125,'locations','en-gb',1,'Main Venue GLOBAL Jam Junction locatiom',NULL,NULL,0,1750767770,1,1),(126,126,'locations','en-gb',1,'Main Venue GLOBAL Jam Junction locatiom',NULL,NULL,0,1750767808,1,1),(127,127,'locations','en-gb',1,'Main Venue GLOBAL Jam Junction locatiom',NULL,NULL,0,1750768072,1,1),(128,128,'locations','en-gb',1,'Main Venue GLOBAL Jam Junction locatiom',NULL,NULL,0,1750768092,1,1),(129,129,'locations','en-gb',1,'Main Venue New York New LoCATION',NULL,NULL,0,1750768260,1,1),(130,130,'locations','en-gb',1,'Main Venue New York, NY Jam',NULL,NULL,0,1750768571,1,1),(131,131,'locations','en-gb',1,'Main Venue New York, testting domain',NULL,NULL,0,1750768915,1,1),(132,132,'locations','en-gb',1,'Main Venue New York,New testr',NULL,NULL,0,1750769077,1,1),(133,133,'locations','en-gb',1,'Main Venue New York,New testr',NULL,NULL,0,1750769106,1,1),(134,134,'locations','en-gb',1,'Main Venue GLOBAL Jam Junction Domain',NULL,NULL,0,1750849651,1,1),(135,135,'locations','en-gb',1,'Main Venue GLOBAL Jam Junction Domain',NULL,NULL,0,1750849674,1,1),(136,136,'locations','en-gb',1,'Main Venue GLOBAL Jam Junction Domain',NULL,NULL,0,1750849801,1,1),(137,137,'locations','en-gb',1,'Main Venue GLOBAL Jam Junction Domain',NULL,NULL,0,1750850083,1,1),(138,138,'locations','en-gb',1,'Main Venue GLOBAL Jam Junction Domain',NULL,NULL,0,1750850134,1,1),(139,139,'locations','en-gb',1,'Main Venue GLOBAL Jam Junction Domain',NULL,NULL,0,1750851443,1,1),(140,140,'locations','en-gb',1,'Main Venue GLOBAL Jam Junction Domain',NULL,NULL,0,1750851465,1,1),(141,141,'locations','en-gb',1,'Main Venue GLOBAL Jam Junction Domain',NULL,NULL,0,1750851512,1,1),(142,142,'locations','en-gb',1,'Main Venue GLOBAL Jam Junction Domain',NULL,NULL,0,1750851577,1,1),(143,143,'locations','en-gb',1,'Main Venue GLOBAL Jam Junction Domain',NULL,NULL,0,1750851644,1,1),(144,144,'locations','en-gb',1,'Main Venue GLOBAL Jam Junction Domain',NULL,NULL,0,1750852091,1,1),(145,145,'locations','en-gb',1,'Main Venue GLOBAL Jam Junction Domain',NULL,NULL,0,1750852121,1,1),(146,146,'locations','en-gb',1,'Main Venue GLOBAL Jam Junction Domain',NULL,NULL,0,1750852241,1,1),(147,147,'locations','en-gb',1,'Main Venue GLOBAL Jam Junction Local Tetst',NULL,NULL,0,1750852565,1,1),(148,148,'locations','en-gb',1,'Main Venue GLOBAL Jam Junction Local Tetst',NULL,NULL,0,1750852762,1,1),(149,149,'locations','en-gb',1,'Main Venue GLOBAL Jam Junction Local Tetst',NULL,NULL,0,1750853205,1,1),(150,150,'locations','en-gb',1,'Main Venue GLOBAL Jam Junction Local Tetst',NULL,NULL,0,1750853338,1,1),(151,151,'locations','en-gb',1,'Main Venue GLOBAL Jam Junction Local Tetst',NULL,NULL,0,1750853421,1,1),(152,152,'locations','en-gb',1,'Main Venue GLOBAL Jam Junction Local Tetst',NULL,NULL,0,1750853458,1,1),(153,153,'locations','en-gb',1,'Main Venue GLOBAL Jam Junction Local Tetst Test Test',NULL,NULL,0,1750853553,1,1),(154,154,'locations','en-gb',1,'Main Venue GLOBAL Jam Junction Local Tetst Test Testsss  sd',NULL,NULL,0,1750854188,1,1),(155,155,'locations','en-gb',1,'Main Venue GLOBAL Jam Junction Local Tetst Test Testsss  sd',NULL,NULL,0,1750854860,1,1),(156,156,'locations','en-gb',1,'Main Venue Danbury CT',NULL,NULL,0,1751028149,1,1),(157,157,'locations','en-gb',1,'testvenue1',NULL,NULL,0,1751276113,1,1),(158,158,'locations','en-gb',1,'testvenue23',NULL,NULL,0,1751276292,1,1),(159,159,'locations','en-gb',1,'Main Venue ludhiana',NULL,NULL,0,1751884631,1,1),(160,160,'locations','en-gb',1,'Main Venue chandigarh',NULL,NULL,0,1751884695,1,1),(161,161,'locations','en-gb',1,'Main Venue Dehradun',NULL,NULL,0,1751884808,1,1),(162,162,'locations','en-gb',1,'Main Venue Botsford, CT',NULL,NULL,0,1751920639,1,1),(163,163,'locations','en-gb',1,'Main Venue Akron, OH',NULL,NULL,0,1753133624,1,1),(164,164,'locations','en-gb',1,'Main Venue Miami, FL',NULL,NULL,0,1753139119,1,1);
commit;

--
-- Table structure for table `taxonomy_term_field_revision`
--

CREATE TABLE `taxonomy_term_field_revision` (
  `tid` int unsigned NOT NULL,
  `revision_id` int unsigned NOT NULL,
  `langcode` varchar(12) CHARACTER SET ascii COLLATE ascii_general_ci NOT NULL,
  `status` tinyint NOT NULL,
  `name` varchar(255) DEFAULT NULL,
  `description__value` longtext,
  `description__format` varchar(255) CHARACTER SET ascii COLLATE ascii_general_ci DEFAULT NULL,
  `changed` int DEFAULT NULL,
  `default_langcode` tinyint NOT NULL,
  `revision_translation_affected` tinyint DEFAULT NULL,
  PRIMARY KEY (`revision_id`,`langcode`),
  KEY `taxonomy_term__id__default_langcode__langcode` (`tid`,`default_langcode`,`langcode`),
  KEY `taxonomy_term_field__description__format` (`description__format`)
) ENGINE=InnoDB DEFAULT CHARSET=utf8mb4 COLLATE=utf8mb4_0900_ai_ci COMMENT='The revision data table for taxonomy_term entities.';

--
-- Dumping data for table `taxonomy_term_field_revision`
--

set autocommit=0;
INSERT INTO `taxonomy_term_field_revision` VALUES (1,1,'en-gb',1,'Christmas',NULL,NULL,1738664374,1,1),(2,2,'en-gb',1,'Latest',NULL,NULL,1738667629,1,1),(8,8,'en-gb',1,'Rocking the Hook',NULL,NULL,1746975378,1,1),(9,9,'en-gb',1,'Zaftig Brewery',NULL,NULL,1746975412,1,1),(12,12,'en-gb',1,'Chritmas',NULL,NULL,1738851147,1,1),(13,13,'en-gb',1,'Friday Sale',NULL,NULL,1738851159,1,1),(14,14,'en-gb',1,'Pop',NULL,NULL,1739278764,1,1),(32,32,'en-gb',1,'Rock',NULL,NULL,1740494347,1,1),(33,33,'en-gb',1,'R&B',NULL,NULL,1740494697,1,1),(34,34,'en-gb',1,'Indie / Alternative',NULL,NULL,1740494716,1,1),(35,35,'en-gb',1,'Folk / Americana',NULL,NULL,1740494725,1,1),(36,36,'en-gb',1,'Jazz / Neo-Soul',NULL,NULL,1740494748,1,1),(37,37,'en-gb',1,'Latin',NULL,NULL,1740494759,1,1),(38,38,'en-gb',1,'Country',NULL,NULL,1740494768,1,1),(39,39,'en-gb',1,'Soul / Motown',NULL,NULL,1740494832,1,1),(40,40,'en-gb',1,'Test-CoffeeShop',NULL,NULL,1746618670,1,1),(41,41,'en-gb',1,'Test-Bar',NULL,NULL,1746618674,1,1),(42,42,'en-gb',1,'Test-Restaurant',NULL,NULL,1746618672,1,1),(43,43,'en-gb',1,'Test Locationd',NULL,NULL,1744356008,1,1),(44,44,'en-gb',1,'test locatioion2',NULL,NULL,1744356114,1,1),(45,45,'en-gb',1,'Acoustic Guitar',NULL,NULL,1745217197,1,1),(46,46,'en-gb',1,'Banjo',NULL,NULL,1745217210,1,1),(47,47,'en-gb',1,'Bass Guitar',NULL,NULL,1745217229,1,1),(48,48,'en-gb',1,'Dobro',NULL,NULL,1745217245,1,1),(49,49,'en-gb',1,'Drums',NULL,NULL,1745217293,1,1),(50,50,'en-gb',1,'Electric Guitar',NULL,NULL,1745217314,1,1),(53,53,'en-gb',1,'Other Instruments / Talents',NULL,NULL,1745217358,1,1),(54,54,'en-gb',1,'Flute',NULL,NULL,1745217375,1,1),(55,55,'en-gb',1,'Harmonica',NULL,NULL,1745217395,1,1),(56,56,'en-gb',1,'Keyboards',NULL,NULL,1745217414,1,1),(57,57,'en-gb',1,'Mandolin',NULL,NULL,1745217429,1,1),(58,58,'en-gb',1,'Percusssion',NULL,NULL,1745479171,1,1),(59,59,'en-gb',1,'Saxophone',NULL,NULL,1745217528,1,1),(60,60,'en-gb',1,'Ukulele',NULL,NULL,1745217545,1,1),(61,61,'en-gb',1,'Vocals',NULL,NULL,1745217588,1,1),(62,62,'en-gb',1,'Sandy Hook Bar & Grill',NULL,NULL,1745998264,1,1),(63,63,'en-gb',1,'test100','<p>test</p>','basic_html',1746001381,1,1),(65,65,'en-gb',1,'Codenver Test lOCATION',NULL,NULL,1746171301,1,1),(66,66,'en-gb',1,'Codenver Test junction',NULL,NULL,1746618268,1,1),(67,67,'en-gb',1,'testjunction1123',NULL,NULL,1746172656,1,1),(71,71,'en-gb',1,'testcodever locatyion',NULL,NULL,1746618317,1,1),(72,72,'en-gb',1,'Test-City Park',NULL,NULL,1746974679,1,1),(73,73,'en-gb',1,'Westport Bar & Grill',NULL,NULL,1747265920,1,1),(74,74,'en-gb',1,'Main Venue',NULL,NULL,1748868386,1,1),(77,77,'en-gb',1,'Coffee shop',NULL,NULL,1749819954,1,1),(88,88,'en-gb',1,'Main Venue',NULL,NULL,1750403575,1,1),(112,112,'en-gb',1,'Main Venue GLOBAJam Junction',NULL,NULL,1750416297,1,1),(113,113,'en-gb',1,'Main Venue Ny Troysds',NULL,NULL,1750424044,1,1),(114,114,'en-gb',1,'Main Venue Monroe, CT',NULL,NULL,1750638140,1,1),(115,115,'en-gb',1,'Main Venue GLOBAL Jam Junction',NULL,NULL,1750665335,1,1),(116,116,'en-gb',1,'Main Venue GLOBAL Jam Junction',NULL,NULL,1750665354,1,1),(117,117,'en-gb',1,'Main Venue GLOBAL Jam Junction',NULL,NULL,1750666789,1,1),(118,118,'en-gb',1,'Main Venue GLOBAL Jam Junction',NULL,NULL,1750666949,1,1),(119,119,'en-gb',1,'Main Venue GLOBAL Jam Junction',NULL,NULL,1750667054,1,1),(120,120,'en-gb',1,'Main Venue GLOBAL Jam Junction',NULL,NULL,1750667099,1,1),(121,121,'en-gb',1,'Main Venue GLOBAL Jam Junction',NULL,NULL,1750667140,1,1),(122,122,'en-gb',1,'Main Venue GLOBAL Jam Junction',NULL,NULL,1750667212,1,1),(123,123,'en-gb',1,'Main Venue GLOBAL Jam Junction',NULL,NULL,1750667291,1,1),(124,124,'en-gb',1,'Main Venue GLOBAL Jam Junction locatiom',NULL,NULL,1750667519,1,1),(125,125,'en-gb',1,'Main Venue GLOBAL Jam Junction locatiom',NULL,NULL,1750767770,1,1),(126,126,'en-gb',1,'Main Venue GLOBAL Jam Junction locatiom',NULL,NULL,1750767808,1,1),(127,127,'en-gb',1,'Main Venue GLOBAL Jam Junction locatiom',NULL,NULL,1750768072,1,1),(128,128,'en-gb',1,'Main Venue GLOBAL Jam Junction locatiom',NULL,NULL,1750768092,1,1),(129,129,'en-gb',1,'Main Venue New York New LoCATION',NULL,NULL,1750768260,1,1),(130,130,'en-gb',1,'Main Venue New York, NY Jam',NULL,NULL,1750768571,1,1),(131,131,'en-gb',1,'Main Venue New York, testting domain',NULL,NULL,1750768915,1,1),(132,132,'en-gb',1,'Main Venue New York,New testr',NULL,NULL,1750769077,1,1),(133,133,'en-gb',1,'Main Venue New York,New testr',NULL,NULL,1750769106,1,1),(134,134,'en-gb',1,'Main Venue GLOBAL Jam Junction Domain',NULL,NULL,1750849651,1,1),(135,135,'en-gb',1,'Main Venue GLOBAL Jam Junction Domain',NULL,NULL,1750849674,1,1),(136,136,'en-gb',1,'Main Venue GLOBAL Jam Junction Domain',NULL,NULL,1750849801,1,1),(137,137,'en-gb',1,'Main Venue GLOBAL Jam Junction Domain',NULL,NULL,1750850083,1,1),(138,138,'en-gb',1,'Main Venue GLOBAL Jam Junction Domain',NULL,NULL,1750850134,1,1),(139,139,'en-gb',1,'Main Venue GLOBAL Jam Junction Domain',NULL,NULL,1750851443,1,1),(140,140,'en-gb',1,'Main Venue GLOBAL Jam Junction Domain',NULL,NULL,1750851465,1,1),(141,141,'en-gb',1,'Main Venue GLOBAL Jam Junction Domain',NULL,NULL,1750851512,1,1),(142,142,'en-gb',1,'Main Venue GLOBAL Jam Junction Domain',NULL,NULL,1750851577,1,1),(143,143,'en-gb',1,'Main Venue GLOBAL Jam Junction Domain',NULL,NULL,1750851644,1,1),(144,144,'en-gb',1,'Main Venue GLOBAL Jam Junction Domain',NULL,NULL,1750852091,1,1),(145,145,'en-gb',1,'Main Venue GLOBAL Jam Junction Domain',NULL,NULL,1750852121,1,1),(146,146,'en-gb',1,'Main Venue GLOBAL Jam Junction Domain',NULL,NULL,1750852241,1,1),(147,147,'en-gb',1,'Main Venue GLOBAL Jam Junction Local Tetst',NULL,NULL,1750852565,1,1),(148,148,'en-gb',1,'Main Venue GLOBAL Jam Junction Local Tetst',NULL,NULL,1750852762,1,1),(149,149,'en-gb',1,'Main Venue GLOBAL Jam Junction Local Tetst',NULL,NULL,1750853205,1,1),(150,150,'en-gb',1,'Main Venue GLOBAL Jam Junction Local Tetst',NULL,NULL,1750853338,1,1),(151,151,'en-gb',1,'Main Venue GLOBAL Jam Junction Local Tetst',NULL,NULL,1750853421,1,1),(152,152,'en-gb',1,'Main Venue GLOBAL Jam Junction Local Tetst',NULL,NULL,1750853458,1,1),(153,153,'en-gb',1,'Main Venue GLOBAL Jam Junction Local Tetst Test Test',NULL,NULL,1750853553,1,1),(154,154,'en-gb',1,'Main Venue GLOBAL Jam Junction Local Tetst Test Testsss  sd',NULL,NULL,1750854188,1,1),(155,155,'en-gb',1,'Main Venue GLOBAL Jam Junction Local Tetst Test Testsss  sd',NULL,NULL,1750854860,1,1),(156,156,'en-gb',1,'Main Venue Danbury CT',NULL,NULL,1751028149,1,1),(157,157,'en-gb',1,'testvenue1',NULL,NULL,1751276113,1,1),(158,158,'en-gb',1,'testvenue23',NULL,NULL,1751276292,1,1),(159,159,'en-gb',1,'Main Venue ludhiana',NULL,NULL,1751884631,1,1),(160,160,'en-gb',1,'Main Venue chandigarh',NULL,NULL,1751884695,1,1),(161,161,'en-gb',1,'Main Venue Dehradun',NULL,NULL,1751884808,1,1),(162,162,'en-gb',1,'Main Venue Botsford, CT',NULL,NULL,1751920639,1,1),(163,163,'en-gb',1,'Main Venue Akron, OH',NULL,NULL,1753133624,1,1),(164,164,'en-gb',1,'Main Venue Miami, FL',NULL,NULL,1753139119,1,1);
commit;

--
-- Table structure for table `taxonomy_term_revision`
--

CREATE TABLE `taxonomy_term_revision` (
  `tid` int unsigned NOT NULL,
  `revision_id` int unsigned NOT NULL AUTO_INCREMENT,
  `langcode` varchar(12) CHARACTER SET ascii COLLATE ascii_general_ci NOT NULL,
  `revision_user` int unsigned DEFAULT NULL COMMENT 'The ID of the target entity.',
  `revision_created` int DEFAULT NULL,
  `revision_log_message` longtext,
  `revision_default` tinyint DEFAULT NULL,
  PRIMARY KEY (`revision_id`),
  KEY `taxonomy_term__tid` (`tid`),
  KEY `taxonomy_term_field__revision_user__target_id` (`revision_user`)
) ENGINE=InnoDB AUTO_INCREMENT=165 DEFAULT CHARSET=utf8mb4 COLLATE=utf8mb4_0900_ai_ci COMMENT='The revision table for taxonomy_term entities.';

--
-- Dumping data for table `taxonomy_term_revision`
--

set autocommit=0;
INSERT INTO `taxonomy_term_revision` VALUES (1,1,'en-gb',NULL,1738661590,NULL,1),(2,2,'en-gb',NULL,1738667629,NULL,1),(8,8,'en-gb',NULL,1738755568,NULL,1),(9,9,'en-gb',NULL,1738755572,NULL,1),(12,12,'en-gb',NULL,1738851147,NULL,1),(13,13,'en-gb',NULL,1738851159,NULL,1),(14,14,'en-gb',NULL,1739278764,NULL,1),(32,32,'en-gb',NULL,1740494347,NULL,1),(33,33,'en-gb',NULL,1740494697,NULL,1),(34,34,'en-gb',NULL,1740494716,NULL,1),(35,35,'en-gb',NULL,1740494725,NULL,1),(36,36,'en-gb',NULL,1740494748,NULL,1),(37,37,'en-gb',NULL,1740494759,NULL,1),(38,38,'en-gb',NULL,1740494768,NULL,1),(39,39,'en-gb',NULL,1740494792,NULL,1),(40,40,'en-gb',NULL,1743186998,NULL,1),(41,41,'en-gb',NULL,1743187041,NULL,1),(42,42,'en-gb',NULL,1743187069,NULL,1),(43,43,'en-gb',NULL,1744355156,NULL,1),(44,44,'en-gb',NULL,1744356090,NULL,1),(45,45,'en-gb',NULL,1745217197,NULL,1),(46,46,'en-gb',NULL,1745217210,NULL,1),(47,47,'en-gb',NULL,1745217229,NULL,1),(48,48,'en-gb',NULL,1745217245,NULL,1),(49,49,'en-gb',NULL,1745217293,NULL,1),(50,50,'en-gb',NULL,1745217314,NULL,1),(53,53,'en-gb',NULL,1745217358,NULL,1),(54,54,'en-gb',NULL,1745217375,NULL,1),(55,55,'en-gb',NULL,1745217395,NULL,1),(56,56,'en-gb',NULL,1745217414,NULL,1),(57,57,'en-gb',NULL,1745217429,NULL,1),(58,58,'en-gb',NULL,1745217460,NULL,1),(59,59,'en-gb',NULL,1745217528,NULL,1),(60,60,'en-gb',NULL,1745217545,NULL,1),(61,61,'en-gb',NULL,1745217588,NULL,1),(62,62,'en-gb',NULL,1745438436,NULL,1),(63,63,'en-gb',NULL,1745847464,NULL,1),(65,65,'en-gb',NULL,1746171301,NULL,1),(66,66,'en-gb',NULL,1746172642,NULL,1),(67,67,'en-gb',NULL,1746172656,NULL,1),(71,71,'en-gb',NULL,1746618317,NULL,1),(72,72,'en-gb',NULL,1746974679,NULL,1),(73,73,'en-gb',NULL,1747265920,NULL,1),(74,74,'en-gb',NULL,1748868386,NULL,1),(77,77,'en-gb',NULL,1749819954,NULL,1),(88,88,'en-gb',NULL,1750403575,NULL,1),(112,112,'en-gb',NULL,1750416297,NULL,1),(113,113,'en-gb',NULL,1750423584,NULL,1),(114,114,'en-gb',NULL,1750638140,NULL,1),(115,115,'en-gb',NULL,1750665335,NULL,1),(116,116,'en-gb',NULL,1750665354,NULL,1),(117,117,'en-gb',NULL,1750666789,NULL,1),(118,118,'en-gb',NULL,1750666949,NULL,1),(119,119,'en-gb',NULL,1750667054,NULL,1),(120,120,'en-gb',NULL,1750667099,NULL,1),(121,121,'en-gb',NULL,1750667140,NULL,1),(122,122,'en-gb',NULL,1750667212,NULL,1),(123,123,'en-gb',NULL,1750667291,NULL,1),(124,124,'en-gb',NULL,1750667519,NULL,1),(125,125,'en-gb',NULL,1750767770,NULL,1),(126,126,'en-gb',NULL,1750767808,NULL,1),(127,127,'en-gb',NULL,1750768072,NULL,1),(128,128,'en-gb',NULL,1750768092,NULL,1),(129,129,'en-gb',NULL,1750768260,NULL,1),(130,130,'en-gb',NULL,1750768571,NULL,1),(131,131,'en-gb',NULL,1750768915,NULL,1),(132,132,'en-gb',NULL,1750769077,NULL,1),(133,133,'en-gb',NULL,1750769106,NULL,1),(134,134,'en-gb',NULL,1750849651,NULL,1),(135,135,'en-gb',NULL,1750849674,NULL,1),(136,136,'en-gb',NULL,1750849801,NULL,1),(137,137,'en-gb',NULL,1750850083,NULL,1),(138,138,'en-gb',NULL,1750850134,NULL,1),(139,139,'en-gb',NULL,1750851443,NULL,1),(140,140,'en-gb',NULL,1750851465,NULL,1),(141,141,'en-gb',NULL,1750851512,NULL,1),(142,142,'en-gb',NULL,1750851577,NULL,1),(143,143,'en-gb',NULL,1750851644,NULL,1),(144,144,'en-gb',NULL,1750852091,NULL,1),(145,145,'en-gb',NULL,1750852121,NULL,1),(146,146,'en-gb',NULL,1750852241,NULL,1),(147,147,'en-gb',NULL,1750852565,NULL,1),(148,148,'en-gb',NULL,1750852762,NULL,1),(149,149,'en-gb',NULL,1750853205,NULL,1),(150,150,'en-gb',NULL,1750853338,NULL,1),(151,151,'en-gb',NULL,1750853421,NULL,1),(152,152,'en-gb',NULL,1750853458,NULL,1),(153,153,'en-gb',NULL,1750853553,NULL,1),(154,154,'en-gb',NULL,1750854188,NULL,1),(155,155,'en-gb',NULL,1750854860,NULL,1),(156,156,'en-gb',NULL,1751028149,NULL,1),(157,157,'en-gb',NULL,1751276113,NULL,1),(158,158,'en-gb',NULL,1751276292,NULL,1),(159,159,'en-gb',NULL,1751884631,NULL,1),(160,160,'en-gb',NULL,1751884695,NULL,1),(161,161,'en-gb',NULL,1751884808,NULL,1),(162,162,'en-gb',NULL,1751920639,NULL,1),(163,163,'en-gb',NULL,1753133624,NULL,1),(164,164,'en-gb',NULL,1753139119,NULL,1);
commit;

--
-- Table structure for table `taxonomy_term_revision__domain_access`
--

CREATE TABLE `taxonomy_term_revision__domain_access` (
  `bundle` varchar(128) CHARACTER SET ascii COLLATE ascii_general_ci NOT NULL DEFAULT '' COMMENT 'The field instance bundle to which this row belongs, used when deleting a field instance',
  `deleted` tinyint NOT NULL DEFAULT '0' COMMENT 'A boolean indicating whether this data item has been deleted',
  `entity_id` int unsigned NOT NULL COMMENT 'The entity id this data is attached to',
  `revision_id` int unsigned NOT NULL COMMENT 'The entity revision id this data is attached to',
  `langcode` varchar(32) CHARACTER SET ascii COLLATE ascii_general_ci NOT NULL DEFAULT '' COMMENT 'The language code for this data item.',
  `delta` int unsigned NOT NULL COMMENT 'The sequence number for this data item, used for multi-value fields',
  `domain_access_target_id` varchar(255) CHARACTER SET ascii COLLATE ascii_general_ci NOT NULL COMMENT 'The ID of the target entity.',
  PRIMARY KEY (`entity_id`,`revision_id`,`deleted`,`delta`,`langcode`),
  KEY `bundle` (`bundle`),
  KEY `revision_id` (`revision_id`),
  KEY `domain_access_target_id` (`domain_access_target_id`)
) ENGINE=InnoDB DEFAULT CHARSET=utf8mb4 COLLATE=utf8mb4_0900_ai_ci COMMENT='Revision archive storage for taxonomy_term field domain…';

--
-- Dumping data for table `taxonomy_term_revision__domain_access`
--

set autocommit=0;
INSERT INTO `taxonomy_term_revision__domain_access` VALUES ('locations',0,8,8,'en-gb',0,'ct_sandyhook_1234jam_site'),('locations',0,9,9,'en-gb',0,'ct_sandyhook_1234jam_site'),('locations',0,40,40,'en-gb',0,'test_junction_1234jam_site'),('locations',0,41,41,'en-gb',0,'test_junction_1234jam_site'),('locations',0,42,42,'en-gb',0,'test_junction_1234jam_site'),('locations',0,43,43,'en-gb',0,'co_denver_1234jam_site'),('locations',0,44,44,'en-gb',0,'1234jam_site'),('locations',0,62,62,'en-gb',0,'co_denver_1234jam_site'),('locations',0,62,62,'en-gb',1,'ct_sandyhook_1234jam_site'),('locations',0,63,63,'en-gb',0,'co_denver_1234jam_site'),('locations',0,65,65,'en-gb',0,'co_denver_1234jam_site'),('locations',0,66,66,'en-gb',0,'1234jam_site'),('locations',0,67,67,'en-gb',0,'test_junction_1234jam_site'),('locations',0,71,71,'en-gb',0,'co_denver_1234jam_site'),('locations',0,72,72,'en-gb',0,'test_junction_1234jam_site'),('locations',0,73,73,'en-gb',0,'ct_westport_1234jam_site'),('locations',0,74,74,'en-gb',0,'1234jam_site'),('locations',0,77,77,'en-gb',0,'ct_bethel_1234jam_site'),('locations',0,88,88,'en-gb',0,'asds.1234jam.site'),('locations',0,112,112,'en-gb',0,'testlocation23_1234jam_site'),('locations',0,113,113,'en-gb',0,'ny_troy_1234jam_site'),('locations',0,114,114,'en-gb',0,'ct_monroe_1234jam_site'),('locations',0,115,115,'en-gb',0,'newre_1234jam_site'),('locations',0,116,116,'en-gb',0,'newre_1234jam_site'),('locations',0,117,117,'en-gb',0,'testnewloation_1234jam_site'),('locations',0,118,118,'en-gb',0,'newlocal_1234jam_site'),('locations',0,119,119,'en-gb',0,'testnewloation_1234jam_site'),('locations',0,120,120,'en-gb',0,'testnewloation_1234jam_site'),('locations',0,121,121,'en-gb',0,'testnewloation_1234jam_site'),('locations',0,122,122,'en-gb',0,'testnewloation_1234jam_site'),('locations',0,123,123,'en-gb',0,'newlocal_1234jam_site'),('locations',0,124,124,'en-gb',0,'newlocal_1234jam_site'),('locations',0,125,125,'en-gb',0,'newlocal_1234jam_site'),('locations',0,126,126,'en-gb',0,'newlocal_1234jam_site'),('locations',0,127,127,'en-gb',0,'newlocal_1234jam_site'),('locations',0,128,128,'en-gb',0,'newlocal_1234jam_site'),('locations',0,129,129,'en-gb',0,'testlocalnew_1234jam_site'),('locations',0,130,130,'en-gb',0,'testnewlocallcation_1234jam_site'),('locations',0,131,131,'en-gb',0,'newyorklocal_1234jam_site'),('locations',0,132,132,'en-gb',0,'newyorktest1234jam_site'),('locations',0,133,133,'en-gb',0,'newyorktest1234jam_site'),('locations',0,134,134,'en-gb',0,'newtestdom_1234jam_site'),('locations',0,135,135,'en-gb',0,'newtestdom_1234jam_site'),('locations',0,136,136,'en-gb',0,'newtestdom_1234jam_site'),('locations',0,137,137,'en-gb',0,'newtestdom_1234jam_site'),('locations',0,138,138,'en-gb',0,'newtestdom_1234jam_site'),('locations',0,139,139,'en-gb',0,'newtestdom_1234jam_site'),('locations',0,140,140,'en-gb',0,'newtestdom_1234jam_site'),('locations',0,141,141,'en-gb',0,'newtestdom_1234jam_site'),('locations',0,142,142,'en-gb',0,'newtestdom_1234jam_site'),('locations',0,143,143,'en-gb',0,'newtestdom_1234jam_site'),('locations',0,144,144,'en-gb',0,'newtestdom_1234jam_site'),('locations',0,145,145,'en-gb',0,'newtestdom_1234jam_site'),('locations',0,146,146,'en-gb',0,'newtestdom_1234jam_site'),('locations',0,147,147,'en-gb',0,'testloca_1234jam_site'),('locations',0,148,148,'en-gb',0,'testloca_1234jam_site'),('locations',0,149,149,'en-gb',0,'testloca_1234jam_site'),('locations',0,150,150,'en-gb',0,'testloca_1234jam_site'),('locations',0,151,151,'en-gb',0,'testloca_1234jam_site'),('locations',0,152,152,'en-gb',0,'testloca_1234jam_site'),('locations',0,153,153,'en-gb',0,'testlocatest1_1234jam_site'),('locations',0,154,154,'en-gb',0,'abcd_1234jam_site'),('locations',0,155,155,'en-gb',0,'testtt_1234jam_site'),('locations',0,156,156,'en-gb',0,'ct_danbury_1234jam_site'),('locations',0,157,157,'en-gb',0,'co_denver_1234jam_site'),('locations',0,158,158,'en-gb',0,'test_junction_1234jam_site'),('locations',0,159,159,'en-gb',0,'ludhiana_1234jam_site'),('locations',0,160,160,'en-gb',0,'chandigarh1234jam_site'),('locations',0,161,161,'en-gb',0,'dehradun1234jam_site'),('locations',0,162,162,'en-gb',0,'ct_botsford_1234jam_site'),('locations',0,163,163,'en-gb',0,'oh_akron_1234jam_site'),('locations',0,164,164,'en-gb',0,'fl_miami_1234jam_site');
commit;

--
-- Table structure for table `taxonomy_term_revision__domain_source`
--

CREATE TABLE `taxonomy_term_revision__domain_source` (
  `bundle` varchar(128) CHARACTER SET ascii COLLATE ascii_general_ci NOT NULL DEFAULT '' COMMENT 'The field instance bundle to which this row belongs, used when deleting a field instance',
  `deleted` tinyint NOT NULL DEFAULT '0' COMMENT 'A boolean indicating whether this data item has been deleted',
  `entity_id` int unsigned NOT NULL COMMENT 'The entity id this data is attached to',
  `revision_id` int unsigned NOT NULL COMMENT 'The entity revision id this data is attached to',
  `langcode` varchar(32) CHARACTER SET ascii COLLATE ascii_general_ci NOT NULL DEFAULT '' COMMENT 'The language code for this data item.',
  `delta` int unsigned NOT NULL COMMENT 'The sequence number for this data item, used for multi-value fields',
  `domain_source_target_id` varchar(255) CHARACTER SET ascii COLLATE ascii_general_ci NOT NULL COMMENT 'The ID of the target entity.',
  PRIMARY KEY (`entity_id`,`revision_id`,`deleted`,`delta`,`langcode`),
  KEY `bundle` (`bundle`),
  KEY `revision_id` (`revision_id`),
  KEY `domain_source_target_id` (`domain_source_target_id`)
) ENGINE=InnoDB DEFAULT CHARSET=utf8mb4 COLLATE=utf8mb4_0900_ai_ci COMMENT='Revision archive storage for taxonomy_term field domain…';

--
-- Dumping data for table `taxonomy_term_revision__domain_source`
--

set autocommit=0;
INSERT INTO `taxonomy_term_revision__domain_source` VALUES ('locations',0,62,62,'en-gb',0,'co_denver_1234jam_site'),('locations',0,63,63,'en-gb',0,'co_denver_1234jam_site'),('locations',0,72,72,'en-gb',0,'test_junction_1234jam_site');
commit;

--
-- Table structure for table `taxonomy_term_revision__field_new_domain`
--

CREATE TABLE `taxonomy_term_revision__field_new_domain` (
  `bundle` varchar(128) CHARACTER SET ascii COLLATE ascii_general_ci NOT NULL DEFAULT '' COMMENT 'The field instance bundle to which this row belongs, used when deleting a field instance',
  `deleted` tinyint NOT NULL DEFAULT '0' COMMENT 'A boolean indicating whether this data item has been deleted',
  `entity_id` int unsigned NOT NULL COMMENT 'The entity id this data is attached to',
  `revision_id` int unsigned NOT NULL COMMENT 'The entity revision id this data is attached to',
  `langcode` varchar(32) CHARACTER SET ascii COLLATE ascii_general_ci NOT NULL DEFAULT '' COMMENT 'The language code for this data item.',
  `delta` int unsigned NOT NULL COMMENT 'The sequence number for this data item, used for multi-value fields',
  `field_new_domain_value` varchar(255) NOT NULL,
  PRIMARY KEY (`entity_id`,`revision_id`,`deleted`,`delta`,`langcode`),
  KEY `bundle` (`bundle`),
  KEY `revision_id` (`revision_id`)
) ENGINE=InnoDB DEFAULT CHARSET=utf8mb4 COLLATE=utf8mb4_0900_ai_ci COMMENT='Revision archive storage for taxonomy_term field field_new…';

--
-- Dumping data for table `taxonomy_term_revision__field_new_domain`
--

set autocommit=0;
INSERT INTO `taxonomy_term_revision__field_new_domain` VALUES ('locations',0,112,112,'en-gb',0,'testlocation23_1234jam_site'),('locations',0,113,113,'en-gb',0,'ny_troy_1234jam_site'),('locations',0,114,114,'en-gb',0,'ct_monroe_1234jam_site'),('locations',0,115,115,'en-gb',0,'newre_1234jam_site'),('locations',0,116,116,'en-gb',0,'newre_1234jam_site'),('locations',0,117,117,'en-gb',0,'testnewloation_1234jam_site'),('locations',0,118,118,'en-gb',0,'newlocal_1234jam_site'),('locations',0,119,119,'en-gb',0,'testnewloation_1234jam_site'),('locations',0,120,120,'en-gb',0,'testnewloation_1234jam_site'),('locations',0,121,121,'en-gb',0,'testnewloation_1234jam_site'),('locations',0,122,122,'en-gb',0,'testnewloation_1234jam_site'),('locations',0,123,123,'en-gb',0,'newlocal_1234jam_site'),('locations',0,124,124,'en-gb',0,'newlocal_1234jam_site'),('locations',0,125,125,'en-gb',0,'newlocal_1234jam_site'),('locations',0,126,126,'en-gb',0,'newlocal_1234jam_site'),('locations',0,127,127,'en-gb',0,'newlocal_1234jam_site'),('locations',0,128,128,'en-gb',0,'newlocal_1234jam_site'),('locations',0,129,129,'en-gb',0,'testlocalnew_1234jam_site'),('locations',0,130,130,'en-gb',0,'testnewlocallcation_1234jam_site'),('locations',0,131,131,'en-gb',0,'newyorklocal_1234jam_site'),('locations',0,132,132,'en-gb',0,'newyorktest1234jam_site'),('locations',0,133,133,'en-gb',0,'newyorktest1234jam_site'),('locations',0,134,134,'en-gb',0,'newtestdom_1234jam_site'),('locations',0,135,135,'en-gb',0,'newtestdom_1234jam_site'),('locations',0,136,136,'en-gb',0,'newtestdom_1234jam_site'),('locations',0,137,137,'en-gb',0,'newtestdom_1234jam_site'),('locations',0,138,138,'en-gb',0,'newtestdom_1234jam_site'),('locations',0,139,139,'en-gb',0,'newtestdom_1234jam_site'),('locations',0,140,140,'en-gb',0,'newtestdom_1234jam_site'),('locations',0,141,141,'en-gb',0,'newtestdom_1234jam_site'),('locations',0,142,142,'en-gb',0,'newtestdom_1234jam_site'),('locations',0,143,143,'en-gb',0,'newtestdom_1234jam_site'),('locations',0,144,144,'en-gb',0,'newtestdom_1234jam_site'),('locations',0,145,145,'en-gb',0,'newtestdom_1234jam_site'),('locations',0,146,146,'en-gb',0,'newtestdom_1234jam_site'),('locations',0,147,147,'en-gb',0,'testloca_1234jam_site'),('locations',0,148,148,'en-gb',0,'testloca_1234jam_site'),('locations',0,149,149,'en-gb',0,'testloca_1234jam_site'),('locations',0,150,150,'en-gb',0,'testloca_1234jam_site'),('locations',0,151,151,'en-gb',0,'testloca_1234jam_site'),('locations',0,152,152,'en-gb',0,'testloca_1234jam_site'),('locations',0,153,153,'en-gb',0,'testlocatest1_1234jam_site'),('locations',0,154,154,'en-gb',0,'abcd_1234jam_site'),('locations',0,155,155,'en-gb',0,'testtt_1234jam_site'),('locations',0,156,156,'en-gb',0,'ct_danbury_1234jam_site'),('locations',0,159,159,'en-gb',0,'ludhiana_1234jam_site'),('locations',0,160,160,'en-gb',0,'chandigarh1234jam_site'),('locations',0,161,161,'en-gb',0,'dehradun1234jam_site'),('locations',0,162,162,'en-gb',0,'ct_botsford_1234jam_site'),('locations',0,163,163,'en-gb',0,'oh_akron_1234jam_site'),('locations',0,164,164,'en-gb',0,'fl_miami_1234jam_site');
commit;

--
-- Table structure for table `taxonomy_term_revision__parent`
--

CREATE TABLE `taxonomy_term_revision__parent` (
  `bundle` varchar(128) CHARACTER SET ascii COLLATE ascii_general_ci NOT NULL DEFAULT '' COMMENT 'The field instance bundle to which this row belongs, used when deleting a field instance',
  `deleted` tinyint NOT NULL DEFAULT '0' COMMENT 'A boolean indicating whether this data item has been deleted',
  `entity_id` int unsigned NOT NULL COMMENT 'The entity id this data is attached to',
  `revision_id` int unsigned NOT NULL COMMENT 'The entity revision id this data is attached to',
  `langcode` varchar(32) CHARACTER SET ascii COLLATE ascii_general_ci NOT NULL DEFAULT '' COMMENT 'The language code for this data item.',
  `delta` int unsigned NOT NULL COMMENT 'The sequence number for this data item, used for multi-value fields',
  `parent_target_id` int unsigned NOT NULL COMMENT 'The ID of the target entity.',
  PRIMARY KEY (`entity_id`,`revision_id`,`deleted`,`delta`,`langcode`),
  KEY `bundle` (`bundle`),
  KEY `revision_id` (`revision_id`),
  KEY `parent_target_id` (`parent_target_id`)
) ENGINE=InnoDB DEFAULT CHARSET=utf8mb4 COLLATE=utf8mb4_0900_ai_ci COMMENT='Revision archive storage for taxonomy_term field parent.';

--
-- Dumping data for table `taxonomy_term_revision__parent`
--

set autocommit=0;
INSERT INTO `taxonomy_term_revision__parent` VALUES ('song_tags',0,1,1,'en-gb',0,0),('song_tags',0,2,2,'en-gb',0,0),('locations',0,8,8,'en-gb',0,0),('locations',0,9,9,'en-gb',0,0),('tags',0,12,12,'en-gb',0,0),('tags',0,13,13,'en-gb',0,0),('song_tags',0,14,14,'en-gb',0,0),('song_tags',0,32,32,'en-gb',0,0),('song_tags',0,33,33,'en-gb',0,0),('song_tags',0,34,34,'en-gb',0,0),('song_tags',0,35,35,'en-gb',0,0),('song_tags',0,36,36,'en-gb',0,0),('song_tags',0,37,37,'en-gb',0,0),('song_tags',0,38,38,'en-gb',0,0),('song_tags',0,39,39,'en-gb',0,0),('locations',0,40,40,'en-gb',0,0),('locations',0,41,41,'en-gb',0,0),('locations',0,42,42,'en-gb',0,0),('locations',0,43,43,'en-gb',0,0),('locations',0,44,44,'en-gb',0,0),('instrument',0,45,45,'en-gb',0,0),('instrument',0,46,46,'en-gb',0,0),('instrument',0,47,47,'en-gb',0,0),('instrument',0,48,48,'en-gb',0,0),('instrument',0,49,49,'en-gb',0,0),('instrument',0,50,50,'en-gb',0,0),('instrument',0,53,53,'en-gb',0,0),('instrument',0,54,54,'en-gb',0,0),('instrument',0,55,55,'en-gb',0,0),('instrument',0,56,56,'en-gb',0,0),('instrument',0,57,57,'en-gb',0,0),('instrument',0,58,58,'en-gb',0,0),('instrument',0,59,59,'en-gb',0,0),('instrument',0,60,60,'en-gb',0,0),('instrument',0,61,61,'en-gb',0,0),('locations',0,62,62,'en-gb',0,0),('locations',0,63,63,'en-gb',0,0),('locations',0,65,65,'en-gb',0,0),('locations',0,66,66,'en-gb',0,0),('locations',0,67,67,'en-gb',0,0),('locations',0,71,71,'en-gb',0,0),('locations',0,72,72,'en-gb',0,0),('locations',0,73,73,'en-gb',0,0),('locations',0,74,74,'en-gb',0,0),('locations',0,77,77,'en-gb',0,0),('locations',0,88,88,'en-gb',0,0),('locations',0,112,112,'en-gb',0,0),('locations',0,113,113,'en-gb',0,0),('locations',0,114,114,'en-gb',0,0),('locations',0,115,115,'en-gb',0,0),('locations',0,116,116,'en-gb',0,0),('locations',0,117,117,'en-gb',0,0),('locations',0,118,118,'en-gb',0,0),('locations',0,119,119,'en-gb',0,0),('locations',0,120,120,'en-gb',0,0),('locations',0,121,121,'en-gb',0,0),('locations',0,122,122,'en-gb',0,0),('locations',0,123,123,'en-gb',0,0),('locations',0,124,124,'en-gb',0,0),('locations',0,125,125,'en-gb',0,0),('locations',0,126,126,'en-gb',0,0),('locations',0,127,127,'en-gb',0,0),('locations',0,128,128,'en-gb',0,0),('locations',0,129,129,'en-gb',0,0),('locations',0,130,130,'en-gb',0,0),('locations',0,131,131,'en-gb',0,0),('locations',0,132,132,'en-gb',0,0),('locations',0,133,133,'en-gb',0,0),('locations',0,134,134,'en-gb',0,0),('locations',0,135,135,'en-gb',0,0),('locations',0,136,136,'en-gb',0,0),('locations',0,137,137,'en-gb',0,0),('locations',0,138,138,'en-gb',0,0),('locations',0,139,139,'en-gb',0,0),('locations',0,140,140,'en-gb',0,0),('locations',0,141,141,'en-gb',0,0),('locations',0,142,142,'en-gb',0,0),('locations',0,143,143,'en-gb',0,0),('locations',0,144,144,'en-gb',0,0),('locations',0,145,145,'en-gb',0,0),('locations',0,146,146,'en-gb',0,0),('locations',0,147,147,'en-gb',0,0),('locations',0,148,148,'en-gb',0,0),('locations',0,149,149,'en-gb',0,0),('locations',0,150,150,'en-gb',0,0),('locations',0,151,151,'en-gb',0,0),('locations',0,152,152,'en-gb',0,0),('locations',0,153,153,'en-gb',0,0),('locations',0,154,154,'en-gb',0,0),('locations',0,155,155,'en-gb',0,0),('locations',0,156,156,'en-gb',0,0),('locations',0,157,157,'en-gb',0,0),('locations',0,158,158,'en-gb',0,0),('locations',0,159,159,'en-gb',0,0),('locations',0,160,160,'en-gb',0,0),('locations',0,161,161,'en-gb',0,0),('locations',0,162,162,'en-gb',0,0),('locations',0,163,163,'en-gb',0,0),('locations',0,164,164,'en-gb',0,0);
commit;

--
-- Table structure for table `tracker_node`
--

CREATE TABLE `tracker_node` (
  `nid` int unsigned NOT NULL DEFAULT '0' COMMENT 'The "node".nid this record tracks.',
  `published` tinyint DEFAULT '0' COMMENT 'Boolean indicating whether the node is published.',
  `changed` int unsigned NOT NULL DEFAULT '0' COMMENT 'The Unix timestamp when the node was most recently saved or commented on.',
  PRIMARY KEY (`nid`),
  KEY `tracker` (`published`,`changed`)
) ENGINE=InnoDB DEFAULT CHARSET=utf8mb4 COLLATE=utf8mb4_0900_ai_ci COMMENT='Tracks when nodes were last changed or commented on.';

--
-- Dumping data for table `tracker_node`
--

set autocommit=0;
INSERT INTO `tracker_node` VALUES (1,1,1738673239),(2,1,1738673271),(8,1,1739184558),(21,1,1739354904),(50,1,1741901926),(48,1,1742213479),(52,1,1742214878),(54,1,1742235487),(58,1,1742331040),(47,1,1742456063),(63,1,1742457372),(45,1,1742463611),(70,1,1742755337),(71,1,1742755648),(72,1,1742755995),(74,1,1742758110),(49,1,1742758195),(75,1,1742758696),(73,1,1742759424),(76,1,1742819218),(77,1,1742819873),(86,1,1742970835),(87,1,1742971772),(88,1,1742971991),(89,1,1742972073),(90,1,1742972125),(91,1,1742972156),(92,1,1742972192),(61,1,1742982500),(94,1,1743098056),(95,1,1743098117),(101,1,1743140713),(59,1,1743158921),(60,1,1743164516),(103,1,1743174194),(104,1,1743174339),(123,1,1743435106),(69,1,1743492423),(64,1,1743492461),(46,1,1743492555),(62,1,1743492625),(44,1,1743505281),(726,1,1743753773),(727,1,1743753774),(728,1,1743753774),(729,1,1743753774),(730,1,1743753775),(731,1,1743753775),(732,1,1743753775),(733,1,1743753775),(734,1,1743753775),(735,1,1743753777),(736,1,1743753777),(739,1,1743753777),(740,1,1743753777),(741,1,1743753777),(742,1,1743753778),(743,1,1743753778),(744,1,1743753778),(745,1,1743753778),(746,1,1743753778),(747,1,1743753778),(748,1,1743753778),(749,1,1743753778),(750,1,1743753778),(751,1,1743753780),(752,1,1743753780),(753,1,1743753780),(754,1,1743753780),(755,1,1743753780),(756,1,1743753780),(757,1,1743753780),(758,1,1743753780),(760,1,1743753781),(761,1,1743753781),(767,1,1743753783),(768,1,1743753783),(769,1,1743753783),(770,1,1743753783),(771,1,1743753783),(772,1,1743753783),(773,1,1743753783),(774,1,1743753784),(776,1,1743753784),(777,1,1743753784),(778,1,1743753784),(779,1,1743753784),(780,1,1743753786),(781,1,1743753786),(782,1,1743753786),(783,1,1743753786),(784,1,1743753786),(785,1,1743753787),(786,1,1743753787),(787,1,1743753787),(788,1,1743753787),(789,1,1743753787),(790,1,1743753787),(791,1,1743753787),(792,1,1743753787),(793,1,1743753789),(794,1,1743753789),(795,1,1743753789),(796,1,1743753789),(797,1,1743753789),(798,1,1743753789),(799,1,1743753789),(800,1,1743753789),(801,1,1743753789),(802,1,1743753790),(803,1,1743753790),(804,1,1743753790),(805,1,1743753790),(806,1,1743753790),(807,1,1743753790),(808,1,1743753790),(809,1,1743753790),(810,1,1743753790),(811,1,1743753794),(812,1,1743753794),(813,1,1743753794),(814,1,1743753794),(815,1,1743753794),(816,1,1743753794),(818,1,1743753795),(819,1,1743753795),(820,1,1743753795),(821,1,1743753795),(822,1,1743753795),(823,1,1743753795),(824,1,1743753795),(825,1,1743753795),(826,1,1743753795),(829,1,1743753797),(830,1,1743753797),(831,1,1743753797),(832,1,1743753797),(833,1,1743753797),(834,1,1743753798),(835,1,1743753798),(836,1,1743753798),(837,1,1743753798),(838,1,1743753798),(839,1,1743753798),(840,1,1743753798),(841,1,1743753798),(842,1,1743753798),(843,1,1743753799),(844,1,1743753799),(845,1,1743753799),(846,1,1743753799),(847,1,1743753799),(848,1,1743753799),(849,1,1743753801),(850,1,1743753801),(852,1,1743753801),(853,1,1743753803),(854,1,1743753803),(855,1,1743753803),(856,1,1743753803),(857,1,1743753803),(859,1,1743753803),(860,1,1743753803),(861,1,1743753804),(862,1,1743753806),(863,1,1743753806),(864,1,1743753806),(865,1,1743753806),(866,1,1743753806),(868,1,1743753806),(869,1,1743753806),(870,1,1743753807),(871,1,1743753807),(872,1,1743753807),(873,1,1743753807),(874,1,1743753807),(875,1,1743753807),(876,1,1743753807),(877,1,1743753809),(878,1,1743753809),(879,1,1743753809),(880,1,1743753809),(881,1,1743753809),(882,1,1743753810),(883,1,1743753810),(884,1,1743753810),(885,1,1743753810),(886,1,1743753810),(887,1,1743753810),(888,1,1743753812),(889,1,1743753812),(890,1,1743753812),(891,1,1743753812),(892,1,1743753812),(893,1,1743753812),(894,1,1743753813),(895,1,1743753813),(896,1,1743753813),(897,1,1743753813),(898,1,1743753813),(899,1,1743753813),(900,1,1743753813),(901,1,1743753813),(902,1,1743753815),(903,1,1743753815),(904,1,1743753815),(905,1,1743753815),(906,1,1743753815),(907,1,1743753815),(908,1,1743753815),(909,1,1743753815),(910,1,1743753815),(911,1,1743753816),(912,1,1743753816),(913,1,1743753816),(914,1,1743753816),(915,1,1743753816),(916,1,1743753816),(917,1,1743753816),(918,1,1743753816),(919,1,1743753816),(920,1,1743753817),(921,1,1743753817),(922,1,1743753817),(923,1,1743753817),(924,1,1743753933),(925,1,1743754049),(926,1,1743754128),(927,1,1743754207),(928,1,1743754268),(929,1,1743754372),(930,1,1743754435),(931,1,1743754476),(932,1,1743754526),(933,1,1743754606),(934,1,1743754644),(935,1,1743754718),(936,1,1743754799),(937,1,1743754880),(938,1,1743754946),(939,1,1743755004),(940,1,1743755057),(941,1,1743755105),(827,1,1744117485),(762,1,1744117503),(763,1,1744117533),(764,1,1744117550),(765,1,1744117587),(766,1,1744117606),(867,1,1744117650),(858,1,1744117676),(851,1,1744117695),(828,1,1744117740),(817,1,1744117761),(775,1,1744117778),(759,1,1744117819),(737,1,1744117854),(738,1,1744117878),(113,1,1744296457),(116,1,1744296678),(121,1,1744296884),(124,1,1744296964),(945,1,1744297153),(947,1,1744359321),(951,1,1744790633),(948,1,1744872403),(952,1,1744908036),(953,1,1744908143),(944,1,1744912433),(955,1,1744972180),(958,1,1745222169),(959,1,1745430381),(110,1,1745506431),(960,1,1745511019),(950,1,1745998285),(961,1,1746171670),(106,1,1746194468),(57,1,1746387797),(963,1,1746431739),(122,1,1746449010),(964,1,1746535515),(962,1,1746613384),(946,1,1746644730),(127,1,1746644788),(115,1,1746797924),(125,1,1746798457),(114,1,1746798586),(118,1,1746798798),(120,1,1746798944),(117,1,1746799081),(965,1,1746975493),(966,1,1747047246),(967,1,1747265967),(51,1,1747266027),(128,1,1747266538),(968,1,1747303804),(969,1,1749799182),(970,1,1749820079),(971,1,1749820261),(1002,1,1750852241),(1003,1,1750852699),(1004,1,1750853037),(1005,1,1750853205),(1006,1,1750853338),(1007,1,1750853421),(1008,1,1750853458),(1009,1,1750854131),(1010,1,1750854345),(1011,1,1750854860),(1012,1,1751007143),(1014,1,1751272439),(1015,1,1751625580),(1016,1,1751884631),(1017,1,1751884695),(1018,1,1751884808),(1019,1,1751920639),(55,1,1753039998),(1013,1,1753133215),(1021,1,1753133624),(1022,1,1753139119),(126,1,1753140235),(973,1,1753140260),(949,1,1753140293),(105,1,1753140361),(109,1,1753140453),(107,1,1753140513),(108,1,1753140601),(111,1,1753140709),(112,1,1753140866),(1020,1,1753193605),(972,1,1753194465),(1023,1,1753270526),(1024,1,1753301592),(119,1,1753302084);
commit;

--
-- Table structure for table `tracker_user`
--

CREATE TABLE `tracker_user` (
  `nid` int unsigned NOT NULL DEFAULT '0' COMMENT 'The "node".nid this record tracks.',
  `uid` int unsigned NOT NULL DEFAULT '0' COMMENT 'The "users".uid of the node author or commenter.',
  `published` tinyint DEFAULT '0' COMMENT 'Boolean indicating whether the node is published.',
  `changed` int unsigned NOT NULL DEFAULT '0' COMMENT 'The Unix timestamp when the node was most recently saved or commented on.',
  PRIMARY KEY (`nid`,`uid`),
  KEY `tracker` (`uid`,`published`,`changed`)
) ENGINE=InnoDB DEFAULT CHARSET=utf8mb4 COLLATE=utf8mb4_0900_ai_ci COMMENT='Tracks when nodes were last changed or commented on, for…';

--
-- Dumping data for table `tracker_user`
--

set autocommit=0;
INSERT INTO `tracker_user` VALUES (1,1,1,1738673239),(2,1,1,1738673271),(8,1,1,1739184558),(1002,1,1,1750852241),(1003,1,1,1750852699),(1004,1,1,1750853037),(1005,1,1,1750853205),(1006,1,1,1750853338),(1007,1,1,1750853421),(1008,1,1,1750853458),(1009,1,1,1750854131),(1010,1,1,1750854345),(1011,1,1,1750854860),(1016,1,1,1751884631),(1017,1,1,1751884695),(1018,1,1,1751884808),(1019,1,1,1751920639),(1013,1,1,1753133215),(1021,1,1,1753133624),(1022,1,1,1753139119),(21,4,1,1739354904),(52,4,1,1742214878),(54,4,1,1742235487),(58,4,1,1742454344),(47,4,1,1742456063),(63,4,1,1742457372),(76,4,1,1742819218),(86,4,1,1742970835),(87,4,1,1742971772),(88,4,1,1742971991),(89,4,1,1742972073),(90,4,1,1742972125),(91,4,1,1742972156),(92,4,1,1742972192),(61,4,1,1742982500),(60,4,1,1743164516),(726,4,1,1743753773),(727,4,1,1743753774),(728,4,1,1743753774),(729,4,1,1743753774),(730,4,1,1743753775),(731,4,1,1743753775),(732,4,1,1743753775),(733,4,1,1743753775),(734,4,1,1743753775),(735,4,1,1743753777),(736,4,1,1743753777),(739,4,1,1743753777),(740,4,1,1743753777),(741,4,1,1743753777),(742,4,1,1743753778),(743,4,1,1743753778),(744,4,1,1743753778),(745,4,1,1743753778),(746,4,1,1743753778),(747,4,1,1743753778),(748,4,1,1743753778),(749,4,1,1743753778),(750,4,1,1743753778),(751,4,1,1743753780),(752,4,1,1743753780),(753,4,1,1743753780),(754,4,1,1743753780),(755,4,1,1743753780),(756,4,1,1743753780),(757,4,1,1743753780),(758,4,1,1743753780),(760,4,1,1743753781),(761,4,1,1743753781),(767,4,1,1743753783),(768,4,1,1743753783),(769,4,1,1743753783),(770,4,1,1743753783),(771,4,1,1743753783),(772,4,1,1743753783),(773,4,1,1743753783),(774,4,1,1743753784),(776,4,1,1743753784),(777,4,1,1743753784),(778,4,1,1743753784),(779,4,1,1743753784),(780,4,1,1743753786),(781,4,1,1743753786),(782,4,1,1743753786),(783,4,1,1743753786),(784,4,1,1743753786),(785,4,1,1743753787),(786,4,1,1743753787),(787,4,1,1743753787),(788,4,1,1743753787),(789,4,1,1743753787),(790,4,1,1743753787),(791,4,1,1743753787),(792,4,1,1743753787),(793,4,1,1743753789),(794,4,1,1743753789),(795,4,1,1743753789),(796,4,1,1743753789),(797,4,1,1743753789),(798,4,1,1743753789),(799,4,1,1743753789),(800,4,1,1743753789),(801,4,1,1743753789),(802,4,1,1743753790),(803,4,1,1743753790),(804,4,1,1743753790),(805,4,1,1743753790),(806,4,1,1743753790),(807,4,1,1743753790),(808,4,1,1743753790),(809,4,1,1743753790),(810,4,1,1743753790),(811,4,1,1743753794),(812,4,1,1743753794),(813,4,1,1743753794),(814,4,1,1743753794),(815,4,1,1743753794),(816,4,1,1743753794),(818,4,1,1743753795),(819,4,1,1743753795),(820,4,1,1743753795),(821,4,1,1743753795),(822,4,1,1743753795),(823,4,1,1743753795),(824,4,1,1743753795),(825,4,1,1743753795),(826,4,1,1743753795),(829,4,1,1743753797),(830,4,1,1743753797),(831,4,1,1743753797),(832,4,1,1743753797),(833,4,1,1743753797),(834,4,1,1743753798),(835,4,1,1743753798),(836,4,1,1743753798),(837,4,1,1743753798),(838,4,1,1743753798),(839,4,1,1743753798),(840,4,1,1743753798),(841,4,1,1743753798),(842,4,1,1743753798),(843,4,1,1743753799),(844,4,1,1743753799),(845,4,1,1743753799),(846,4,1,1743753799),(847,4,1,1743753799),(848,4,1,1743753799),(849,4,1,1743753801),(850,4,1,1743753801),(852,4,1,1743753801),(853,4,1,1743753803),(854,4,1,1743753803),(855,4,1,1743753803),(856,4,1,1743753803),(857,4,1,1743753803),(859,4,1,1743753803),(860,4,1,1743753803),(861,4,1,1743753804),(862,4,1,1743753806),(863,4,1,1743753806),(864,4,1,1743753806),(865,4,1,1743753806),(866,4,1,1743753806),(868,4,1,1743753806),(869,4,1,1743753806),(870,4,1,1743753807),(871,4,1,1743753807),(872,4,1,1743753807),(873,4,1,1743753807),(874,4,1,1743753807),(875,4,1,1743753807),(876,4,1,1743753807),(877,4,1,1743753809),(878,4,1,1743753809),(879,4,1,1743753809),(880,4,1,1743753809),(881,4,1,1743753809),(882,4,1,1743753810),(883,4,1,1743753810),(884,4,1,1743753810),(885,4,1,1743753810),(886,4,1,1743753810),(887,4,1,1743753810),(888,4,1,1743753812),(889,4,1,1743753812),(890,4,1,1743753812),(891,4,1,1743753812),(892,4,1,1743753812),(893,4,1,1743753812),(894,4,1,1743753813),(895,4,1,1743753813),(896,4,1,1743753813),(897,4,1,1743753813),(898,4,1,1743753813),(899,4,1,1743753813),(900,4,1,1743753813),(901,4,1,1743753813),(902,4,1,1743753815),(903,4,1,1743753815),(904,4,1,1743753815),(905,4,1,1743753815),(906,4,1,1743753815),(907,4,1,1743753815),(908,4,1,1743753815),(909,4,1,1743753815),(910,4,1,1743753815),(911,4,1,1743753816),(912,4,1,1743753816),(913,4,1,1743753816),(914,4,1,1743753816),(915,4,1,1743753816),(916,4,1,1743753816),(917,4,1,1743753816),(918,4,1,1743753816),(919,4,1,1743753816),(920,4,1,1743753817),(921,4,1,1743753817),(922,4,1,1743753817),(923,4,1,1743753817),(924,4,1,1743753933),(925,4,1,1743754049),(926,4,1,1743754128),(927,4,1,1743754207),(928,4,1,1743754268),(929,4,1,1743754372),(930,4,1,1743754435),(931,4,1,1743754476),(932,4,1,1743754526),(933,4,1,1743754606),(934,4,1,1743754644),(935,4,1,1743754718),(936,4,1,1743754799),(937,4,1,1743754880),(938,4,1,1743754946),(939,4,1,1743755004),(940,4,1,1743755057),(941,4,1,1743755105),(827,4,1,1744117485),(762,4,1,1744117503),(763,4,1,1744117533),(764,4,1,1744117550),(765,4,1,1744117587),(766,4,1,1744117606),(867,4,1,1744117650),(858,4,1,1744117676),(851,4,1,1744117695),(828,4,1,1744117740),(817,4,1,1744117761),(775,4,1,1744117778),(759,4,1,1744117819),(737,4,1,1744117854),(738,4,1,1744117878),(951,4,1,1744790633),(944,4,1,1744912433),(958,4,1,1745222169),(57,4,1,1746387797),(51,4,1,1747266027),(1015,4,1,1751625580),(55,4,1,1753039998),(1023,4,1,1753270526),(48,8,1,1742213479),(45,8,1,1742463611),(101,8,1,1743140713),(59,8,1,1743158921),(64,8,1,1743492461),(46,8,1,1743492555),(62,8,1,1743492625),(44,8,1,1743505281),(947,8,1,1744359321),(948,8,1,1744872403),(950,8,1,1745998285),(961,8,1,1746171670),(963,8,1,1746431739),(964,8,1,1746535515),(962,8,1,1746613384),(966,8,1,1747047246),(968,8,1,1747303804),(969,8,1,1749799182),(1012,8,1,1751007143),(1014,8,1,1751272439),(94,9,1,1743098056),(95,9,1,1743098117),(70,42,1,1742755337),(71,42,1,1742755648),(72,42,1,1742755995),(74,42,1,1742758110),(49,42,1,1742758195),(75,42,1,1742758696),(73,42,1,1742759424),(103,42,1,1743174194),(104,42,1,1743174339),(50,43,1,1741901926),(967,45,1,1747265967),(51,45,1,1747266027),(69,58,1,1743492423),(77,59,1,1742819873),(123,62,1,1743435106),(113,62,1,1744296457),(116,62,1,1744296678),(121,62,1,1744296884),(124,62,1,1744296964),(945,62,1,1744297153),(952,62,1,1744908036),(953,62,1,1744908143),(955,62,1,1744972180),(958,62,1,1745222169),(959,62,1,1745430381),(110,62,1,1745506431),(960,62,1,1745511019),(106,62,1,1746194468),(122,62,1,1746449010),(946,62,1,1746644730),(127,62,1,1746644788),(115,62,1,1746797924),(125,62,1,1746798457),(114,62,1,1746798586),(118,62,1,1746798798),(120,62,1,1746798944),(117,62,1,1746799081),(128,62,1,1747266538),(126,62,1,1753140235),(973,62,1,1753140260),(949,62,1,1753140293),(105,62,1,1753140361),(109,62,1,1753140453),(107,62,1,1753140513),(108,62,1,1753140601),(111,62,1,1753140709),(112,62,1,1753140866),(1020,62,1,1753193605),(972,62,1,1753194465),(119,62,1,1753302084),(965,70,1,1746975493),(128,73,1,1747266538),(949,73,1,1753140293),(128,75,1,1747266538),(1020,77,1,1753193605),(970,94,1,1749820079),(971,94,1,1749820261),(1024,110,1,1753301592),(1020,139,1,1753193605),(1020,150,1,1753193605),(972,150,1,1753194465);
commit;

--
-- Table structure for table `user__domain_access`
--

CREATE TABLE `user__domain_access` (
  `bundle` varchar(128) CHARACTER SET ascii COLLATE ascii_general_ci NOT NULL DEFAULT '' COMMENT 'The field instance bundle to which this row belongs, used when deleting a field instance',
  `deleted` tinyint NOT NULL DEFAULT '0' COMMENT 'A boolean indicating whether this data item has been deleted',
  `entity_id` int unsigned NOT NULL COMMENT 'The entity id this data is attached to',
  `revision_id` int unsigned NOT NULL COMMENT 'The entity revision id this data is attached to, which for an unversioned entity type is the same as the entity id',
  `langcode` varchar(32) CHARACTER SET ascii COLLATE ascii_general_ci NOT NULL DEFAULT '' COMMENT 'The language code for this data item.',
  `delta` int unsigned NOT NULL COMMENT 'The sequence number for this data item, used for multi-value fields',
  `domain_access_target_id` varchar(255) CHARACTER SET ascii COLLATE ascii_general_ci NOT NULL COMMENT 'The ID of the target entity.',
  PRIMARY KEY (`entity_id`,`deleted`,`delta`,`langcode`),
  KEY `bundle` (`bundle`),
  KEY `revision_id` (`revision_id`),
  KEY `domain_access_target_id` (`domain_access_target_id`)
) ENGINE=InnoDB DEFAULT CHARSET=utf8mb4 COLLATE=utf8mb4_0900_ai_ci COMMENT='Data storage for user field domain_access.';

--
-- Dumping data for table `user__domain_access`
--

set autocommit=0;
INSERT INTO `user__domain_access` VALUES ('user',0,1,1,'en-gb',0,'1234jam_site'),('user',0,1,1,'en-gb',1,'chandigarh1234jam_site'),('user',0,1,1,'en-gb',2,'co_denver_1234jam_site'),('user',0,1,1,'en-gb',3,'ct_bethel_1234jam_site'),('user',0,1,1,'en-gb',4,'ct_botsford_1234jam_site'),('user',0,1,1,'en-gb',5,'ct_danbury_1234jam_site'),('user',0,1,1,'en-gb',6,'ct_monroe_1234jam_site'),('user',0,1,1,'en-gb',7,'ct_sandyhook_1234jam_site'),('user',0,1,1,'en-gb',8,'ct_westport_1234jam_site'),('user',0,1,1,'en-gb',9,'dehradun1234jam_site'),('user',0,1,1,'en-gb',10,'js_wesport_1234jam_site'),('user',0,1,1,'en-gb',11,'ln_web_1234jam_site'),('user',0,1,1,'en-gb',12,'ludhiana_1234jam_site'),('user',0,1,1,'en-gb',13,'ny_newyork_1234jam_site'),('user',0,1,1,'en-gb',14,'ny_troy_1234jam_site'),('user',0,1,1,'en-gb',15,'oh_columbus_1234jam_site'),('user',0,1,1,'en-gb',16,'testlocal_1234jam_site'),('user',0,1,1,'en-gb',17,'testlocation23_1234jam_site'),('user',0,1,1,'en-gb',18,'testlocation_1234jam_site'),('user',0,1,1,'en-gb',19,'testnewloation_1234jam_site'),('user',0,1,1,'en-gb',20,'test_junction_1234jam_site'),('user',0,1,1,'en-gb',21,'test_location_1234jam_site'),('user',0,1,1,'en-gb',22,'tn_memphis_1234jam_site'),('user',0,8,8,'en-gb',0,'co_denver_1234jam_site'),('user',0,9,9,'en-gb',0,'tn_memphis_1234jam_site'),('user',0,10,10,'en-gb',0,'ny_newyork_1234jam_site'),('user',0,25,25,'en-gb',0,'co_denver_1234jam_site'),('user',0,26,26,'en-gb',0,'tn_memphis_1234jam_site'),('user',0,27,27,'en-gb',0,'ny_newyork_1234jam_site'),('user',0,28,28,'en-gb',0,'co_denver_1234jam_site'),('user',0,29,29,'en-gb',0,'co_denver_1234jam_site'),('user',0,30,30,'en-gb',0,'co_denver_1234jam_site'),('user',0,31,31,'en-gb',0,'co_denver_1234jam_site'),('user',0,32,32,'en-gb',0,'co_denver_1234jam_site'),('user',0,34,34,'en-gb',0,'1234jam_site'),('user',0,34,34,'en-gb',1,'co_denver_1234jam_site'),('user',0,36,36,'en-gb',0,'tn_memphis_1234jam_site'),('user',0,37,37,'en-gb',0,'co_denver_1234jam_site'),('user',0,42,42,'en-gb',0,'tn_memphis_1234jam_site'),('user',0,43,43,'en-gb',0,'ny_newyork_1234jam_site'),('user',0,44,44,'en-gb',0,'ny_newyork_1234jam_site'),('user',0,45,45,'en-gb',0,'ct_westport_1234jam_site'),('user',0,46,46,'en-gb',0,'ct_westport_1234jam_site'),('user',0,48,48,'en-gb',0,'ct_westport_1234jam_site'),('user',0,49,49,'en-gb',0,'1234jam_site'),('user',0,50,50,'en-gb',0,'tn_memphis_1234jam_site'),('user',0,51,51,'en-gb',0,'tn_memphis_1234jam_site'),('user',0,52,52,'en-gb',0,'tn_memphis_1234jam_site'),('user',0,55,55,'en-gb',0,'co_denver_1234jam_site'),('user',0,55,55,'en-gb',1,'ct_westport_1234jam_site'),('user',0,55,55,'en-gb',2,'js_wesport_1234jam_site'),('user',0,56,56,'en-gb',0,'js_wesport_1234jam_site'),('user',0,58,58,'en-gb',0,'co_denver_1234jam_site'),('user',0,59,59,'en-gb',0,'lnweb_1234jam_site'),('user',0,60,60,'en-gb',0,'lnweb_1234jam_site'),('user',0,62,62,'en-gb',0,'test_junction_1234jam_site'),('user',0,63,63,'en-gb',0,'test_junction_1234jam_site'),('user',0,66,66,'en-gb',0,'test_junction_1234jam_site'),('user',0,67,67,'en-gb',0,'co_denver_1234jam_site'),('user',0,68,68,'en-gb',0,'ny_newyork_1234jam_site'),('user',0,70,70,'en-gb',0,'ct_sandyhook_1234jam_site'),('user',0,71,71,'en-gb',0,'ct_sandyhook_1234jam_site'),('user',0,72,72,'en-gb',0,'test_junction_1234jam_site'),('user',0,73,73,'en-gb',0,'test_junction_1234jam_site'),('user',0,74,74,'en-gb',0,'test_junction_1234jam_site'),('user',0,75,75,'en-gb',0,'test_junction_1234jam_site'),('user',0,76,76,'en-gb',0,'test_junction_1234jam_site'),('user',0,77,77,'en-gb',0,'test_junction_1234jam_site'),('user',0,78,78,'en-gb',0,'test_junction_1234jam_site'),('user',0,107,107,'en-gb',0,'test_junction_1234jam_site'),('user',0,108,108,'en-gb',0,'ludhiana_1234jam_site'),('user',0,109,109,'en-gb',0,'ludhiana_1234jam_site'),('user',0,110,110,'en-gb',0,'ct_danbury_1234jam_site'),('user',0,111,111,'en-gb',0,'1234jam_site'),('user',0,111,111,'en-gb',1,'chandigarh1234jam_site'),('user',0,111,111,'en-gb',2,'co_denver_1234jam_site'),('user',0,111,111,'en-gb',3,'ct_bethel_1234jam_site'),('user',0,111,111,'en-gb',4,'ct_botsford_1234jam_site'),('user',0,111,111,'en-gb',5,'ct_danbury_1234jam_site'),('user',0,111,111,'en-gb',6,'ct_monroe_1234jam_site'),('user',0,111,111,'en-gb',7,'ct_sandyhook_1234jam_site'),('user',0,111,111,'en-gb',8,'ct_westport_1234jam_site'),('user',0,111,111,'en-gb',9,'dehradun1234jam_site'),('user',0,111,111,'en-gb',10,'js_wesport_1234jam_site'),('user',0,111,111,'en-gb',11,'ln_web_1234jam_site'),('user',0,111,111,'en-gb',12,'ludhiana_1234jam_site'),('user',0,111,111,'en-gb',13,'ny_newyork_1234jam_site'),('user',0,111,111,'en-gb',14,'ny_troy_1234jam_site'),('user',0,111,111,'en-gb',15,'oh_columbus_1234jam_site'),('user',0,111,111,'en-gb',16,'testlocal_1234jam_site'),('user',0,111,111,'en-gb',17,'testlocation23_1234jam_site'),('user',0,111,111,'en-gb',18,'testlocation_1234jam_site'),('user',0,111,111,'en-gb',19,'testnewloation_1234jam_site'),('user',0,111,111,'en-gb',20,'test_junction_1234jam_site'),('user',0,111,111,'en-gb',21,'test_location_1234jam_site'),('user',0,111,111,'en-gb',22,'tn_memphis_1234jam_site'),('user',0,112,112,'en-gb',0,'1234jam_site'),('user',0,112,112,'en-gb',1,'chandigarh1234jam_site'),('user',0,112,112,'en-gb',2,'co_denver_1234jam_site'),('user',0,112,112,'en-gb',3,'ct_bethel_1234jam_site'),('user',0,112,112,'en-gb',4,'ct_botsford_1234jam_site'),('user',0,112,112,'en-gb',5,'ct_danbury_1234jam_site'),('user',0,112,112,'en-gb',6,'ct_monroe_1234jam_site'),('user',0,112,112,'en-gb',7,'ct_sandyhook_1234jam_site'),('user',0,112,112,'en-gb',8,'ct_westport_1234jam_site'),('user',0,112,112,'en-gb',9,'dehradun1234jam_site'),('user',0,112,112,'en-gb',10,'js_wesport_1234jam_site'),('user',0,112,112,'en-gb',11,'ln_web_1234jam_site'),('user',0,112,112,'en-gb',12,'ludhiana_1234jam_site'),('user',0,112,112,'en-gb',13,'ny_newyork_1234jam_site'),('user',0,112,112,'en-gb',14,'ny_troy_1234jam_site'),('user',0,112,112,'en-gb',15,'oh_columbus_1234jam_site'),('user',0,112,112,'en-gb',16,'testlocal_1234jam_site'),('user',0,112,112,'en-gb',17,'testlocation23_1234jam_site'),('user',0,112,112,'en-gb',18,'testlocation_1234jam_site'),('user',0,112,112,'en-gb',19,'testnewloation_1234jam_site'),('user',0,112,112,'en-gb',20,'test_junction_1234jam_site'),('user',0,112,112,'en-gb',21,'test_location_1234jam_site'),('user',0,112,112,'en-gb',22,'tn_memphis_1234jam_site'),('user',0,113,113,'en-gb',0,'co_denver_1234jam_site'),('user',0,114,114,'en-gb',0,'co_denver_1234jam_site'),('user',0,115,115,'en-gb',0,'1234jam_site'),('user',0,115,115,'en-gb',1,'chandigarh1234jam_site'),('user',0,115,115,'en-gb',2,'co_denver_1234jam_site'),('user',0,115,115,'en-gb',3,'ct_bethel_1234jam_site'),('user',0,115,115,'en-gb',4,'ct_botsford_1234jam_site'),('user',0,115,115,'en-gb',5,'ct_danbury_1234jam_site'),('user',0,115,115,'en-gb',6,'ct_monroe_1234jam_site'),('user',0,115,115,'en-gb',7,'ct_sandyhook_1234jam_site'),('user',0,115,115,'en-gb',8,'ct_westport_1234jam_site'),('user',0,115,115,'en-gb',9,'dehradun1234jam_site'),('user',0,115,115,'en-gb',10,'js_wesport_1234jam_site'),('user',0,115,115,'en-gb',11,'ln_web_1234jam_site'),('user',0,115,115,'en-gb',12,'ludhiana_1234jam_site'),('user',0,115,115,'en-gb',13,'ny_newyork_1234jam_site'),('user',0,115,115,'en-gb',14,'ny_troy_1234jam_site'),('user',0,115,115,'en-gb',15,'oh_columbus_1234jam_site'),('user',0,115,115,'en-gb',16,'testlocal_1234jam_site'),('user',0,115,115,'en-gb',17,'testlocation23_1234jam_site'),('user',0,115,115,'en-gb',18,'testlocation_1234jam_site'),('user',0,115,115,'en-gb',19,'testnewloation_1234jam_site'),('user',0,115,115,'en-gb',20,'test_junction_1234jam_site'),('user',0,115,115,'en-gb',21,'test_location_1234jam_site'),('user',0,115,115,'en-gb',22,'tn_memphis_1234jam_site'),('user',0,116,116,'en-gb',0,'test_junction_1234jam_site'),('user',0,129,129,'en-gb',0,'1234jam_site'),('user',0,129,129,'en-gb',1,'chandigarh1234jam_site'),('user',0,129,129,'en-gb',2,'co_denver_1234jam_site'),('user',0,129,129,'en-gb',3,'ct_bethel_1234jam_site'),('user',0,129,129,'en-gb',4,'ct_botsford_1234jam_site'),('user',0,129,129,'en-gb',5,'ct_danbury_1234jam_site'),('user',0,129,129,'en-gb',6,'ct_monroe_1234jam_site'),('user',0,129,129,'en-gb',7,'ct_sandyhook_1234jam_site'),('user',0,129,129,'en-gb',8,'ct_westport_1234jam_site'),('user',0,129,129,'en-gb',9,'dehradun1234jam_site'),('user',0,129,129,'en-gb',10,'js_wesport_1234jam_site'),('user',0,129,129,'en-gb',11,'ln_web_1234jam_site'),('user',0,129,129,'en-gb',12,'ludhiana_1234jam_site'),('user',0,129,129,'en-gb',13,'ny_newyork_1234jam_site'),('user',0,129,129,'en-gb',14,'ny_troy_1234jam_site'),('user',0,129,129,'en-gb',15,'oh_columbus_1234jam_site'),('user',0,129,129,'en-gb',16,'testlocal_1234jam_site'),('user',0,129,129,'en-gb',17,'testlocation23_1234jam_site'),('user',0,129,129,'en-gb',18,'testlocation_1234jam_site'),('user',0,129,129,'en-gb',19,'testnewloation_1234jam_site'),('user',0,129,129,'en-gb',20,'test_junction_1234jam_site'),('user',0,129,129,'en-gb',21,'test_location_1234jam_site'),('user',0,129,129,'en-gb',22,'tn_memphis_1234jam_site'),('user',0,130,130,'en-gb',0,'test_junction_1234jam_site'),('user',0,131,131,'en-gb',0,'1234jam_site'),('user',0,131,131,'en-gb',1,'chandigarh1234jam_site'),('user',0,131,131,'en-gb',2,'co_denver_1234jam_site'),('user',0,131,131,'en-gb',3,'ct_bethel_1234jam_site'),('user',0,131,131,'en-gb',4,'ct_botsford_1234jam_site'),('user',0,131,131,'en-gb',5,'ct_danbury_1234jam_site'),('user',0,131,131,'en-gb',6,'ct_monroe_1234jam_site'),('user',0,131,131,'en-gb',7,'ct_sandyhook_1234jam_site'),('user',0,131,131,'en-gb',8,'ct_westport_1234jam_site'),('user',0,131,131,'en-gb',9,'dehradun1234jam_site'),('user',0,131,131,'en-gb',10,'js_wesport_1234jam_site'),('user',0,131,131,'en-gb',11,'ln_web_1234jam_site'),('user',0,131,131,'en-gb',12,'ludhiana_1234jam_site'),('user',0,131,131,'en-gb',13,'ny_newyork_1234jam_site'),('user',0,131,131,'en-gb',14,'ny_troy_1234jam_site'),('user',0,131,131,'en-gb',15,'oh_columbus_1234jam_site'),('user',0,131,131,'en-gb',16,'testlocal_1234jam_site'),('user',0,131,131,'en-gb',17,'testlocation23_1234jam_site'),('user',0,131,131,'en-gb',18,'testlocation_1234jam_site'),('user',0,131,131,'en-gb',19,'testnewloation_1234jam_site'),('user',0,131,131,'en-gb',20,'test_junction_1234jam_site'),('user',0,131,131,'en-gb',21,'test_location_1234jam_site'),('user',0,131,131,'en-gb',22,'tn_memphis_1234jam_site'),('user',0,132,132,'en-gb',0,'1234jam_site'),('user',0,132,132,'en-gb',1,'chandigarh1234jam_site'),('user',0,132,132,'en-gb',2,'co_denver_1234jam_site'),('user',0,132,132,'en-gb',3,'ct_bethel_1234jam_site'),('user',0,132,132,'en-gb',4,'ct_botsford_1234jam_site'),('user',0,132,132,'en-gb',5,'ct_danbury_1234jam_site'),('user',0,132,132,'en-gb',6,'ct_monroe_1234jam_site'),('user',0,132,132,'en-gb',7,'ct_sandyhook_1234jam_site'),('user',0,132,132,'en-gb',8,'ct_westport_1234jam_site'),('user',0,132,132,'en-gb',9,'dehradun1234jam_site'),('user',0,132,132,'en-gb',10,'js_wesport_1234jam_site'),('user',0,132,132,'en-gb',11,'ln_web_1234jam_site'),('user',0,132,132,'en-gb',12,'ludhiana_1234jam_site'),('user',0,132,132,'en-gb',13,'ny_newyork_1234jam_site'),('user',0,132,132,'en-gb',14,'ny_troy_1234jam_site'),('user',0,132,132,'en-gb',15,'oh_columbus_1234jam_site'),('user',0,132,132,'en-gb',16,'testlocal_1234jam_site'),('user',0,132,132,'en-gb',17,'testlocation23_1234jam_site'),('user',0,132,132,'en-gb',18,'testlocation_1234jam_site'),('user',0,132,132,'en-gb',19,'testnewloation_1234jam_site'),('user',0,132,132,'en-gb',20,'test_junction_1234jam_site'),('user',0,132,132,'en-gb',21,'test_location_1234jam_site'),('user',0,132,132,'en-gb',22,'tn_memphis_1234jam_site'),('user',0,133,133,'en-gb',0,'1234jam_site'),('user',0,133,133,'en-gb',1,'chandigarh1234jam_site'),('user',0,133,133,'en-gb',2,'co_denver_1234jam_site'),('user',0,133,133,'en-gb',3,'ct_bethel_1234jam_site'),('user',0,133,133,'en-gb',4,'ct_botsford_1234jam_site'),('user',0,133,133,'en-gb',5,'ct_danbury_1234jam_site'),('user',0,133,133,'en-gb',6,'ct_monroe_1234jam_site'),('user',0,133,133,'en-gb',7,'ct_sandyhook_1234jam_site'),('user',0,133,133,'en-gb',8,'ct_westport_1234jam_site'),('user',0,133,133,'en-gb',9,'dehradun1234jam_site'),('user',0,133,133,'en-gb',10,'js_wesport_1234jam_site'),('user',0,133,133,'en-gb',11,'ln_web_1234jam_site'),('user',0,133,133,'en-gb',12,'ludhiana_1234jam_site'),('user',0,133,133,'en-gb',13,'ny_newyork_1234jam_site'),('user',0,133,133,'en-gb',14,'ny_troy_1234jam_site'),('user',0,133,133,'en-gb',15,'oh_columbus_1234jam_site'),('user',0,133,133,'en-gb',16,'testlocal_1234jam_site'),('user',0,133,133,'en-gb',17,'testlocation23_1234jam_site'),('user',0,133,133,'en-gb',18,'testlocation_1234jam_site'),('user',0,133,133,'en-gb',19,'testnewloation_1234jam_site'),('user',0,133,133,'en-gb',20,'test_junction_1234jam_site'),('user',0,133,133,'en-gb',21,'test_location_1234jam_site'),('user',0,133,133,'en-gb',22,'tn_memphis_1234jam_site'),('user',0,134,134,'en-gb',0,'test_junction_1234jam_site'),('user',0,135,135,'en-gb',0,'test_junction_1234jam_site'),('user',0,136,136,'en-gb',0,'test_junction_1234jam_site'),('user',0,137,137,'en-gb',0,'test_junction_1234jam_site'),('user',0,138,138,'en-gb',0,'test_junction_1234jam_site'),('user',0,139,139,'en-gb',0,'test_junction_1234jam_site'),('user',0,140,140,'en-gb',0,'oh_akron_1234jam_site'),('user',0,141,141,'en-gb',0,'fl_miami_1234jam_site'),('user',0,142,142,'en-gb',0,'test_junction_1234jam_site'),('user',0,143,143,'en-gb',0,'test_junction_1234jam_site'),('user',0,144,144,'en-gb',0,'test_junction_1234jam_site'),('user',0,145,145,'en-gb',0,'test_junction_1234jam_site'),('user',0,146,146,'en-gb',0,'test_junction_1234jam_site'),('user',0,147,147,'en-gb',0,'test_junction_1234jam_site'),('user',0,148,148,'en-gb',0,'test_junction_1234jam_site'),('user',0,149,149,'en-gb',0,'test_junction_1234jam_site'),('user',0,150,150,'en-gb',0,'test_junction_1234jam_site'),('user',0,151,151,'en-gb',0,'test_junction_1234jam_site'),('user',0,152,152,'en-gb',0,'test_junction_1234jam_site'),('user',0,153,153,'en-gb',0,'test_junction_1234jam_site');
commit;

--
-- Table structure for table `user__field_domain_access`
--

CREATE TABLE `user__field_domain_access` (
  `bundle` varchar(128) CHARACTER SET ascii COLLATE ascii_general_ci NOT NULL DEFAULT '' COMMENT 'The field instance bundle to which this row belongs, used when deleting a field instance',
  `deleted` tinyint NOT NULL DEFAULT '0' COMMENT 'A boolean indicating whether this data item has been deleted',
  `entity_id` int unsigned NOT NULL COMMENT 'The entity id this data is attached to',
  `revision_id` int unsigned NOT NULL COMMENT 'The entity revision id this data is attached to, which for an unversioned entity type is the same as the entity id',
  `langcode` varchar(32) CHARACTER SET ascii COLLATE ascii_general_ci NOT NULL DEFAULT '' COMMENT 'The language code for this data item.',
  `delta` int unsigned NOT NULL COMMENT 'The sequence number for this data item, used for multi-value fields',
  `field_domain_access_target_id` varchar(255) CHARACTER SET ascii COLLATE ascii_general_ci NOT NULL COMMENT 'The ID of the target entity.',
  PRIMARY KEY (`entity_id`,`deleted`,`delta`,`langcode`),
  KEY `bundle` (`bundle`),
  KEY `revision_id` (`revision_id`),
  KEY `field_domain_access_target_id` (`field_domain_access_target_id`)
) ENGINE=InnoDB DEFAULT CHARSET=utf8mb4 COLLATE=utf8mb4_0900_ai_ci COMMENT='Data storage for user field field_domain_access.';

--
-- Dumping data for table `user__field_domain_access`
--

set autocommit=0;
INSERT INTO `user__field_domain_access` VALUES ('user',0,1,1,'en-gb',0,'1234jam_site'),('user',0,1,1,'en-gb',1,'chandigarh1234jam_site'),('user',0,1,1,'en-gb',2,'co_denver_1234jam_site'),('user',0,1,1,'en-gb',3,'ct_bethel_1234jam_site'),('user',0,1,1,'en-gb',4,'ct_botsford_1234jam_site'),('user',0,1,1,'en-gb',5,'ct_danbury_1234jam_site'),('user',0,1,1,'en-gb',6,'ct_monroe_1234jam_site'),('user',0,1,1,'en-gb',7,'ct_sandyhook_1234jam_site'),('user',0,1,1,'en-gb',8,'ct_westport_1234jam_site'),('user',0,1,1,'en-gb',9,'dehradun1234jam_site'),('user',0,1,1,'en-gb',10,'js_wesport_1234jam_site'),('user',0,1,1,'en-gb',11,'ln_web_1234jam_site'),('user',0,1,1,'en-gb',12,'ludhiana_1234jam_site'),('user',0,1,1,'en-gb',13,'ny_newyork_1234jam_site'),('user',0,1,1,'en-gb',14,'ny_troy_1234jam_site'),('user',0,1,1,'en-gb',15,'oh_columbus_1234jam_site'),('user',0,1,1,'en-gb',16,'testlocal_1234jam_site'),('user',0,1,1,'en-gb',17,'testlocation23_1234jam_site'),('user',0,1,1,'en-gb',18,'testlocation_1234jam_site'),('user',0,1,1,'en-gb',19,'testnewloation_1234jam_site'),('user',0,1,1,'en-gb',20,'test_junction_1234jam_site'),('user',0,1,1,'en-gb',21,'test_location_1234jam_site'),('user',0,1,1,'en-gb',22,'tn_memphis_1234jam_site'),('user',0,8,8,'en-gb',0,'co_denver_1234jam_site'),('user',0,9,9,'en-gb',0,'tn_memphis_1234jam_site'),('user',0,10,10,'en-gb',0,'ny_newyork_1234jam_site'),('user',0,25,25,'en-gb',0,'co_denver_1234jam_site'),('user',0,26,26,'en-gb',0,'tn_memphis_1234jam_site'),('user',0,27,27,'en-gb',0,'ny_newyork_1234jam_site'),('user',0,28,28,'en-gb',0,'co_denver_1234jam_site'),('user',0,29,29,'en-gb',0,'co_denver_1234jam_site'),('user',0,29,29,'en-gb',1,'1234jam_site'),('user',0,30,30,'en-gb',0,'co_denver_1234jam_site'),('user',0,30,30,'en-gb',1,'1234jam_site'),('user',0,31,31,'en-gb',0,'co_denver_1234jam_site'),('user',0,31,31,'en-gb',1,'1234jam_site'),('user',0,32,32,'en-gb',0,'co_denver_1234jam_site'),('user',0,34,34,'en-gb',0,'1234jam_site'),('user',0,34,34,'en-gb',1,'co_denver_1234jam_site'),('user',0,36,36,'en-gb',0,'tn_memphis_1234jam_site'),('user',0,37,37,'en-gb',0,'co_denver_1234jam_site'),('user',0,42,42,'en-gb',0,'tn_memphis_1234jam_site'),('user',0,43,43,'en-gb',0,'ny_newyork_1234jam_site'),('user',0,44,44,'en-gb',0,'ny_newyork_1234jam_site'),('user',0,45,45,'en-gb',0,'ct_westport_1234jam_site'),('user',0,46,46,'en-gb',0,'ct_westport_1234jam_site'),('user',0,48,48,'en-gb',0,'ct_westport_1234jam_site'),('user',0,49,49,'en-gb',0,'1234jam_site'),('user',0,50,50,'en-gb',0,'tn_memphis_1234jam_site'),('user',0,51,51,'en-gb',0,'tn_memphis_1234jam_site'),('user',0,52,52,'en-gb',0,'tn_memphis_1234jam_site'),('user',0,55,55,'en-gb',0,'co_denver_1234jam_site'),('user',0,55,55,'en-gb',1,'ct_westport_1234jam_site'),('user',0,55,55,'en-gb',2,'js_wesport_1234jam_site'),('user',0,56,56,'en-gb',0,'js_wesport_1234jam_site'),('user',0,58,58,'en-gb',0,'1234jam_site'),('user',0,58,58,'en-gb',1,'co_denver_1234jam_site'),('user',0,58,58,'en-gb',2,'ct_westport_1234jam_site'),('user',0,58,58,'en-gb',3,'js_wesport_1234jam_site'),('user',0,58,58,'en-gb',4,'ln_web_1234jam_site'),('user',0,58,58,'en-gb',5,'ny_newyork_1234jam_site'),('user',0,58,58,'en-gb',6,'test_junction_1234jam_site'),('user',0,58,58,'en-gb',7,'tn_memphis_1234jam_site'),('user',0,59,59,'en-gb',0,'lnweb_1234jam_site'),('user',0,60,60,'en-gb',0,'lnweb_1234jam_site'),('user',0,62,62,'en-gb',0,'test_junction_1234jam_site'),('user',0,63,63,'en-gb',0,'test_junction_1234jam_site'),('user',0,66,66,'en-gb',0,'test_junction_1234jam_site'),('user',0,67,67,'en-gb',0,'1234jam_site'),('user',0,67,67,'en-gb',1,'co_denver_1234jam_site'),('user',0,67,67,'en-gb',2,'ct_westport_1234jam_site'),('user',0,67,67,'en-gb',3,'js_wesport_1234jam_site'),('user',0,67,67,'en-gb',4,'ln_web_1234jam_site'),('user',0,67,67,'en-gb',5,'ny_newyork_1234jam_site'),('user',0,67,67,'en-gb',6,'oh_columbus_1234jam_site'),('user',0,67,67,'en-gb',7,'test_junction_1234jam_site'),('user',0,67,67,'en-gb',8,'test_location_1234jam_site'),('user',0,67,67,'en-gb',9,'tn_memphis_1234jam_site'),('user',0,68,68,'en-gb',0,'ny_newyork_1234jam_site'),('user',0,70,70,'en-gb',0,'ct_sandyhook_1234jam_site'),('user',0,71,71,'en-gb',0,'ct_sandyhook_1234jam_site'),('user',0,72,72,'en-gb',0,'test_junction_1234jam_site'),('user',0,73,73,'en-gb',0,'test_junction_1234jam_site'),('user',0,74,74,'en-gb',0,'test_junction_1234jam_site'),('user',0,75,75,'en-gb',0,'test_junction_1234jam_site'),('user',0,76,76,'en-gb',0,'test_junction_1234jam_site'),('user',0,77,77,'en-gb',0,'test_junction_1234jam_site'),('user',0,78,78,'en-gb',0,'test_junction_1234jam_site'),('user',0,94,94,'en-gb',0,'1234jam_site'),('user',0,94,94,'en-gb',1,'co_denver_1234jam_site'),('user',0,94,94,'en-gb',2,'ct_bethel_1234jam_site'),('user',0,94,94,'en-gb',3,'ct_sandyhook_1234jam_site'),('user',0,94,94,'en-gb',4,'ct_westport_1234jam_site'),('user',0,94,94,'en-gb',5,'js_wesport_1234jam_site'),('user',0,94,94,'en-gb',6,'ln_web_1234jam_site'),('user',0,94,94,'en-gb',7,'ny_newyork_1234jam_site'),('user',0,94,94,'en-gb',8,'oh_columbus_1234jam_site'),('user',0,94,94,'en-gb',9,'test_junction_1234jam_site'),('user',0,94,94,'en-gb',10,'test_location_1234jam_site'),('user',0,94,94,'en-gb',11,'tn_memphis_1234jam_site'),('user',0,95,95,'en-gb',0,'1234jam_site'),('user',0,95,95,'en-gb',1,'co_denver_1234jam_site'),('user',0,95,95,'en-gb',2,'ct_bethel_1234jam_site'),('user',0,95,95,'en-gb',3,'ct_sandyhook_1234jam_site'),('user',0,95,95,'en-gb',4,'ct_westport_1234jam_site'),('user',0,95,95,'en-gb',5,'js_wesport_1234jam_site'),('user',0,95,95,'en-gb',6,'ln_web_1234jam_site'),('user',0,95,95,'en-gb',7,'ny_newyork_1234jam_site'),('user',0,95,95,'en-gb',8,'oh_columbus_1234jam_site'),('user',0,95,95,'en-gb',9,'test_junction_1234jam_site'),('user',0,95,95,'en-gb',10,'test_location_1234jam_site'),('user',0,95,95,'en-gb',11,'tn_memphis_1234jam_site'),('user',0,102,102,'en-gb',0,'1234jam_site'),('user',0,102,102,'en-gb',1,'co_denver_1234jam_site'),('user',0,102,102,'en-gb',2,'ct_bethel_1234jam_site'),('user',0,102,102,'en-gb',3,'ct_monroe_1234jam_site'),('user',0,102,102,'en-gb',4,'ct_sandyhook_1234jam_site'),('user',0,102,102,'en-gb',5,'ct_westport_1234jam_site'),('user',0,102,102,'en-gb',6,'js_wesport_1234jam_site'),('user',0,102,102,'en-gb',7,'ln_web_1234jam_site'),('user',0,102,102,'en-gb',8,'ny_newyork_1234jam_site'),('user',0,102,102,'en-gb',9,'ny_troy_1234jam_site'),('user',0,102,102,'en-gb',10,'oh_columbus_1234jam_site'),('user',0,102,102,'en-gb',11,'testlocal_1234jam_site'),('user',0,102,102,'en-gb',12,'testlocation23_1234jam_site'),('user',0,102,102,'en-gb',13,'testlocation_1234jam_site'),('user',0,102,102,'en-gb',14,'testnewloation_1234jam_site'),('user',0,102,102,'en-gb',15,'test_junction_1234jam_site'),('user',0,102,102,'en-gb',16,'test_location_1234jam_site'),('user',0,102,102,'en-gb',17,'tn_memphis_1234jam_site'),('user',0,103,103,'en-gb',0,'1234jam_site'),('user',0,103,103,'en-gb',1,'co_denver_1234jam_site'),('user',0,103,103,'en-gb',2,'ct_bethel_1234jam_site'),('user',0,103,103,'en-gb',3,'ct_danbury_1234jam_site'),('user',0,103,103,'en-gb',4,'ct_monroe_1234jam_site'),('user',0,103,103,'en-gb',5,'ct_sandyhook_1234jam_site'),('user',0,103,103,'en-gb',6,'ct_westport_1234jam_site'),('user',0,103,103,'en-gb',7,'js_wesport_1234jam_site'),('user',0,103,103,'en-gb',8,'ln_web_1234jam_site'),('user',0,103,103,'en-gb',9,'ny_newyork_1234jam_site'),('user',0,103,103,'en-gb',10,'ny_troy_1234jam_site'),('user',0,103,103,'en-gb',11,'oh_columbus_1234jam_site'),('user',0,103,103,'en-gb',12,'testlocal_1234jam_site'),('user',0,103,103,'en-gb',13,'testlocation23_1234jam_site'),('user',0,103,103,'en-gb',14,'testlocation_1234jam_site'),('user',0,103,103,'en-gb',15,'testnewloation_1234jam_site'),('user',0,103,103,'en-gb',16,'test_junction_1234jam_site'),('user',0,103,103,'en-gb',17,'test_location_1234jam_site'),('user',0,103,103,'en-gb',18,'tn_memphis_1234jam_site'),('user',0,105,105,'en-gb',0,'1234jam_site'),('user',0,105,105,'en-gb',1,'co_denver_1234jam_site'),('user',0,105,105,'en-gb',2,'ct_bethel_1234jam_site'),('user',0,105,105,'en-gb',3,'ct_danbury_1234jam_site'),('user',0,105,105,'en-gb',4,'ct_monroe_1234jam_site'),('user',0,105,105,'en-gb',5,'ct_sandyhook_1234jam_site'),('user',0,105,105,'en-gb',6,'ct_westport_1234jam_site'),('user',0,105,105,'en-gb',7,'js_wesport_1234jam_site'),('user',0,105,105,'en-gb',8,'ln_web_1234jam_site'),('user',0,105,105,'en-gb',9,'ny_newyork_1234jam_site'),('user',0,105,105,'en-gb',10,'ny_troy_1234jam_site'),('user',0,105,105,'en-gb',11,'oh_columbus_1234jam_site'),('user',0,105,105,'en-gb',12,'testlocal_1234jam_site'),('user',0,105,105,'en-gb',13,'testlocation23_1234jam_site'),('user',0,105,105,'en-gb',14,'testlocation_1234jam_site'),('user',0,105,105,'en-gb',15,'testnewloation_1234jam_site'),('user',0,105,105,'en-gb',16,'test_junction_1234jam_site'),('user',0,105,105,'en-gb',17,'test_location_1234jam_site'),('user',0,105,105,'en-gb',18,'tn_memphis_1234jam_site'),('user',0,106,106,'en-gb',0,'1234jam_site'),('user',0,106,106,'en-gb',1,'co_denver_1234jam_site'),('user',0,106,106,'en-gb',2,'ct_bethel_1234jam_site'),('user',0,106,106,'en-gb',3,'ct_danbury_1234jam_site'),('user',0,106,106,'en-gb',4,'ct_monroe_1234jam_site'),('user',0,106,106,'en-gb',5,'ct_sandyhook_1234jam_site'),('user',0,106,106,'en-gb',6,'ct_westport_1234jam_site'),('user',0,106,106,'en-gb',7,'js_wesport_1234jam_site'),('user',0,106,106,'en-gb',8,'ln_web_1234jam_site'),('user',0,106,106,'en-gb',9,'ny_newyork_1234jam_site'),('user',0,106,106,'en-gb',10,'ny_troy_1234jam_site'),('user',0,106,106,'en-gb',11,'oh_columbus_1234jam_site'),('user',0,106,106,'en-gb',12,'testlocal_1234jam_site'),('user',0,106,106,'en-gb',13,'testlocation23_1234jam_site'),('user',0,106,106,'en-gb',14,'testlocation_1234jam_site'),('user',0,106,106,'en-gb',15,'testnewloation_1234jam_site'),('user',0,106,106,'en-gb',16,'test_junction_1234jam_site'),('user',0,106,106,'en-gb',17,'test_location_1234jam_site'),('user',0,106,106,'en-gb',18,'tn_memphis_1234jam_site'),('user',0,107,107,'en-gb',0,'test_junction_1234jam_site'),('user',0,108,108,'en-gb',0,'ludhiana_1234jam_site'),('user',0,109,109,'en-gb',0,'ludhiana_1234jam_site'),('user',0,110,110,'en-gb',0,'ct_danbury_1234jam_site'),('user',0,111,111,'en-gb',0,'1234jam_site'),('user',0,111,111,'en-gb',1,'chandigarh1234jam_site'),('user',0,111,111,'en-gb',2,'co_denver_1234jam_site'),('user',0,111,111,'en-gb',3,'ct_bethel_1234jam_site'),('user',0,111,111,'en-gb',4,'ct_botsford_1234jam_site'),('user',0,111,111,'en-gb',5,'ct_danbury_1234jam_site'),('user',0,111,111,'en-gb',6,'ct_monroe_1234jam_site'),('user',0,111,111,'en-gb',7,'ct_sandyhook_1234jam_site'),('user',0,111,111,'en-gb',8,'ct_westport_1234jam_site'),('user',0,111,111,'en-gb',9,'dehradun1234jam_site'),('user',0,111,111,'en-gb',10,'js_wesport_1234jam_site'),('user',0,111,111,'en-gb',11,'ln_web_1234jam_site'),('user',0,111,111,'en-gb',12,'ludhiana_1234jam_site'),('user',0,111,111,'en-gb',13,'ny_newyork_1234jam_site'),('user',0,111,111,'en-gb',14,'ny_troy_1234jam_site'),('user',0,111,111,'en-gb',15,'oh_columbus_1234jam_site'),('user',0,111,111,'en-gb',16,'testlocal_1234jam_site'),('user',0,111,111,'en-gb',17,'testlocation23_1234jam_site'),('user',0,111,111,'en-gb',18,'testlocation_1234jam_site'),('user',0,111,111,'en-gb',19,'testnewloation_1234jam_site'),('user',0,111,111,'en-gb',20,'test_junction_1234jam_site'),('user',0,111,111,'en-gb',21,'test_location_1234jam_site'),('user',0,111,111,'en-gb',22,'tn_memphis_1234jam_site'),('user',0,112,112,'en-gb',0,'1234jam_site'),('user',0,112,112,'en-gb',1,'chandigarh1234jam_site'),('user',0,112,112,'en-gb',2,'co_denver_1234jam_site'),('user',0,112,112,'en-gb',3,'ct_bethel_1234jam_site'),('user',0,112,112,'en-gb',4,'ct_botsford_1234jam_site'),('user',0,112,112,'en-gb',5,'ct_danbury_1234jam_site'),('user',0,112,112,'en-gb',6,'ct_monroe_1234jam_site'),('user',0,112,112,'en-gb',7,'ct_sandyhook_1234jam_site'),('user',0,112,112,'en-gb',8,'ct_westport_1234jam_site'),('user',0,112,112,'en-gb',9,'dehradun1234jam_site'),('user',0,112,112,'en-gb',10,'js_wesport_1234jam_site'),('user',0,112,112,'en-gb',11,'ln_web_1234jam_site'),('user',0,112,112,'en-gb',12,'ludhiana_1234jam_site'),('user',0,112,112,'en-gb',13,'ny_newyork_1234jam_site'),('user',0,112,112,'en-gb',14,'ny_troy_1234jam_site'),('user',0,112,112,'en-gb',15,'oh_columbus_1234jam_site'),('user',0,112,112,'en-gb',16,'testlocal_1234jam_site'),('user',0,112,112,'en-gb',17,'testlocation23_1234jam_site'),('user',0,112,112,'en-gb',18,'testlocation_1234jam_site'),('user',0,112,112,'en-gb',19,'testnewloation_1234jam_site'),('user',0,112,112,'en-gb',20,'test_junction_1234jam_site'),('user',0,112,112,'en-gb',21,'test_location_1234jam_site'),('user',0,112,112,'en-gb',22,'tn_memphis_1234jam_site'),('user',0,113,113,'en-gb',0,'co_denver_1234jam_site'),('user',0,114,114,'en-gb',0,'co_denver_1234jam_site'),('user',0,115,115,'en-gb',0,'1234jam_site'),('user',0,115,115,'en-gb',1,'chandigarh1234jam_site'),('user',0,115,115,'en-gb',2,'co_denver_1234jam_site'),('user',0,115,115,'en-gb',3,'ct_bethel_1234jam_site'),('user',0,115,115,'en-gb',4,'ct_botsford_1234jam_site'),('user',0,115,115,'en-gb',5,'ct_danbury_1234jam_site'),('user',0,115,115,'en-gb',6,'ct_monroe_1234jam_site'),('user',0,115,115,'en-gb',7,'ct_sandyhook_1234jam_site'),('user',0,115,115,'en-gb',8,'ct_westport_1234jam_site'),('user',0,115,115,'en-gb',9,'dehradun1234jam_site'),('user',0,115,115,'en-gb',10,'js_wesport_1234jam_site'),('user',0,115,115,'en-gb',11,'ln_web_1234jam_site'),('user',0,115,115,'en-gb',12,'ludhiana_1234jam_site'),('user',0,115,115,'en-gb',13,'ny_newyork_1234jam_site'),('user',0,115,115,'en-gb',14,'ny_troy_1234jam_site'),('user',0,115,115,'en-gb',15,'oh_columbus_1234jam_site'),('user',0,115,115,'en-gb',16,'testlocal_1234jam_site'),('user',0,115,115,'en-gb',17,'testlocation23_1234jam_site'),('user',0,115,115,'en-gb',18,'testlocation_1234jam_site'),('user',0,115,115,'en-gb',19,'testnewloation_1234jam_site'),('user',0,115,115,'en-gb',20,'test_junction_1234jam_site'),('user',0,115,115,'en-gb',21,'test_location_1234jam_site'),('user',0,115,115,'en-gb',22,'tn_memphis_1234jam_site'),('user',0,116,116,'en-gb',0,'1234jam_site'),('user',0,116,116,'en-gb',1,'chandigarh1234jam_site'),('user',0,116,116,'en-gb',2,'co_denver_1234jam_site'),('user',0,116,116,'en-gb',3,'ct_bethel_1234jam_site'),('user',0,116,116,'en-gb',4,'ct_botsford_1234jam_site'),('user',0,116,116,'en-gb',5,'ct_danbury_1234jam_site'),('user',0,116,116,'en-gb',6,'ct_monroe_1234jam_site'),('user',0,116,116,'en-gb',7,'ct_sandyhook_1234jam_site'),('user',0,116,116,'en-gb',8,'ct_westport_1234jam_site'),('user',0,116,116,'en-gb',9,'dehradun1234jam_site'),('user',0,116,116,'en-gb',10,'js_wesport_1234jam_site'),('user',0,116,116,'en-gb',11,'ln_web_1234jam_site'),('user',0,116,116,'en-gb',12,'ludhiana_1234jam_site'),('user',0,116,116,'en-gb',13,'ny_newyork_1234jam_site'),('user',0,116,116,'en-gb',14,'ny_troy_1234jam_site'),('user',0,116,116,'en-gb',15,'oh_columbus_1234jam_site'),('user',0,116,116,'en-gb',16,'testlocal_1234jam_site'),('user',0,116,116,'en-gb',17,'testlocation23_1234jam_site'),('user',0,116,116,'en-gb',18,'testlocation_1234jam_site'),('user',0,116,116,'en-gb',19,'testnewloation_1234jam_site'),('user',0,116,116,'en-gb',20,'test_junction_1234jam_site'),('user',0,116,116,'en-gb',21,'test_location_1234jam_site'),('user',0,116,116,'en-gb',22,'tn_memphis_1234jam_site'),('user',0,129,129,'en-gb',0,'1234jam_site'),('user',0,129,129,'en-gb',1,'chandigarh1234jam_site'),('user',0,129,129,'en-gb',2,'co_denver_1234jam_site'),('user',0,129,129,'en-gb',3,'ct_bethel_1234jam_site'),('user',0,129,129,'en-gb',4,'ct_botsford_1234jam_site'),('user',0,129,129,'en-gb',5,'ct_danbury_1234jam_site'),('user',0,129,129,'en-gb',6,'ct_monroe_1234jam_site'),('user',0,129,129,'en-gb',7,'ct_sandyhook_1234jam_site'),('user',0,129,129,'en-gb',8,'ct_westport_1234jam_site'),('user',0,129,129,'en-gb',9,'dehradun1234jam_site'),('user',0,129,129,'en-gb',10,'js_wesport_1234jam_site'),('user',0,129,129,'en-gb',11,'ln_web_1234jam_site'),('user',0,129,129,'en-gb',12,'ludhiana_1234jam_site'),('user',0,129,129,'en-gb',13,'ny_newyork_1234jam_site'),('user',0,129,129,'en-gb',14,'ny_troy_1234jam_site'),('user',0,129,129,'en-gb',15,'oh_columbus_1234jam_site'),('user',0,129,129,'en-gb',16,'testlocal_1234jam_site'),('user',0,129,129,'en-gb',17,'testlocation23_1234jam_site'),('user',0,129,129,'en-gb',18,'testlocation_1234jam_site'),('user',0,129,129,'en-gb',19,'testnewloation_1234jam_site'),('user',0,129,129,'en-gb',20,'test_junction_1234jam_site'),('user',0,129,129,'en-gb',21,'test_location_1234jam_site'),('user',0,129,129,'en-gb',22,'tn_memphis_1234jam_site'),('user',0,130,130,'en-gb',0,'test_junction_1234jam_site'),('user',0,131,131,'en-gb',0,'1234jam_site'),('user',0,131,131,'en-gb',1,'chandigarh1234jam_site'),('user',0,131,131,'en-gb',2,'co_denver_1234jam_site'),('user',0,131,131,'en-gb',3,'ct_bethel_1234jam_site'),('user',0,131,131,'en-gb',4,'ct_botsford_1234jam_site'),('user',0,131,131,'en-gb',5,'ct_danbury_1234jam_site'),('user',0,131,131,'en-gb',6,'ct_monroe_1234jam_site'),('user',0,131,131,'en-gb',7,'ct_sandyhook_1234jam_site'),('user',0,131,131,'en-gb',8,'ct_westport_1234jam_site'),('user',0,131,131,'en-gb',9,'dehradun1234jam_site'),('user',0,131,131,'en-gb',10,'js_wesport_1234jam_site'),('user',0,131,131,'en-gb',11,'ln_web_1234jam_site'),('user',0,131,131,'en-gb',12,'ludhiana_1234jam_site'),('user',0,131,131,'en-gb',13,'ny_newyork_1234jam_site'),('user',0,131,131,'en-gb',14,'ny_troy_1234jam_site'),('user',0,131,131,'en-gb',15,'oh_columbus_1234jam_site'),('user',0,131,131,'en-gb',16,'testlocal_1234jam_site'),('user',0,131,131,'en-gb',17,'testlocation23_1234jam_site'),('user',0,131,131,'en-gb',18,'testlocation_1234jam_site'),('user',0,131,131,'en-gb',19,'testnewloation_1234jam_site'),('user',0,131,131,'en-gb',20,'test_junction_1234jam_site'),('user',0,131,131,'en-gb',21,'test_location_1234jam_site'),('user',0,131,131,'en-gb',22,'tn_memphis_1234jam_site'),('user',0,132,132,'en-gb',0,'1234jam_site'),('user',0,132,132,'en-gb',1,'chandigarh1234jam_site'),('user',0,132,132,'en-gb',2,'co_denver_1234jam_site'),('user',0,132,132,'en-gb',3,'ct_bethel_1234jam_site'),('user',0,132,132,'en-gb',4,'ct_botsford_1234jam_site'),('user',0,132,132,'en-gb',5,'ct_danbury_1234jam_site'),('user',0,132,132,'en-gb',6,'ct_monroe_1234jam_site'),('user',0,132,132,'en-gb',7,'ct_sandyhook_1234jam_site'),('user',0,132,132,'en-gb',8,'ct_westport_1234jam_site'),('user',0,132,132,'en-gb',9,'dehradun1234jam_site'),('user',0,132,132,'en-gb',10,'js_wesport_1234jam_site'),('user',0,132,132,'en-gb',11,'ln_web_1234jam_site'),('user',0,132,132,'en-gb',12,'ludhiana_1234jam_site'),('user',0,132,132,'en-gb',13,'ny_newyork_1234jam_site'),('user',0,132,132,'en-gb',14,'ny_troy_1234jam_site'),('user',0,132,132,'en-gb',15,'oh_columbus_1234jam_site'),('user',0,132,132,'en-gb',16,'testlocal_1234jam_site'),('user',0,132,132,'en-gb',17,'testlocation23_1234jam_site'),('user',0,132,132,'en-gb',18,'testlocation_1234jam_site'),('user',0,132,132,'en-gb',19,'testnewloation_1234jam_site'),('user',0,132,132,'en-gb',20,'test_junction_1234jam_site'),('user',0,132,132,'en-gb',21,'test_location_1234jam_site'),('user',0,132,132,'en-gb',22,'tn_memphis_1234jam_site'),('user',0,133,133,'en-gb',0,'1234jam_site'),('user',0,133,133,'en-gb',1,'chandigarh1234jam_site'),('user',0,133,133,'en-gb',2,'co_denver_1234jam_site'),('user',0,133,133,'en-gb',3,'ct_bethel_1234jam_site'),('user',0,133,133,'en-gb',4,'ct_botsford_1234jam_site'),('user',0,133,133,'en-gb',5,'ct_danbury_1234jam_site'),('user',0,133,133,'en-gb',6,'ct_monroe_1234jam_site'),('user',0,133,133,'en-gb',7,'ct_sandyhook_1234jam_site'),('user',0,133,133,'en-gb',8,'ct_westport_1234jam_site'),('user',0,133,133,'en-gb',9,'dehradun1234jam_site'),('user',0,133,133,'en-gb',10,'js_wesport_1234jam_site'),('user',0,133,133,'en-gb',11,'ln_web_1234jam_site'),('user',0,133,133,'en-gb',12,'ludhiana_1234jam_site'),('user',0,133,133,'en-gb',13,'ny_newyork_1234jam_site'),('user',0,133,133,'en-gb',14,'ny_troy_1234jam_site'),('user',0,133,133,'en-gb',15,'oh_columbus_1234jam_site'),('user',0,133,133,'en-gb',16,'testlocal_1234jam_site'),('user',0,133,133,'en-gb',17,'testlocation23_1234jam_site'),('user',0,133,133,'en-gb',18,'testlocation_1234jam_site'),('user',0,133,133,'en-gb',19,'testnewloation_1234jam_site'),('user',0,133,133,'en-gb',20,'test_junction_1234jam_site'),('user',0,133,133,'en-gb',21,'test_location_1234jam_site'),('user',0,133,133,'en-gb',22,'tn_memphis_1234jam_site'),('user',0,134,134,'en-gb',0,'test_junction_1234jam_site'),('user',0,135,135,'en-gb',0,'test_junction_1234jam_site'),('user',0,136,136,'en-gb',0,'test_junction_1234jam_site'),('user',0,137,137,'en-gb',0,'test_junction_1234jam_site'),('user',0,138,138,'en-gb',0,'test_junction_1234jam_site'),('user',0,139,139,'en-gb',0,'test_junction_1234jam_site'),('user',0,140,140,'en-gb',0,'oh_akron_1234jam_site'),('user',0,141,141,'en-gb',0,'fl_miami_1234jam_site'),('user',0,142,142,'en-gb',0,'test_junction_1234jam_site'),('user',0,143,143,'en-gb',0,'test_junction_1234jam_site'),('user',0,144,144,'en-gb',0,'test_junction_1234jam_site'),('user',0,145,145,'en-gb',0,'test_junction_1234jam_site'),('user',0,146,146,'en-gb',0,'test_junction_1234jam_site'),('user',0,147,147,'en-gb',0,'test_junction_1234jam_site'),('user',0,148,148,'en-gb',0,'test_junction_1234jam_site'),('user',0,149,149,'en-gb',0,'test_junction_1234jam_site'),('user',0,150,150,'en-gb',0,'test_junction_1234jam_site'),('user',0,151,151,'en-gb',0,'test_junction_1234jam_site'),('user',0,152,152,'en-gb',0,'test_junction_1234jam_site'),('user',0,153,153,'en-gb',0,'test_junction_1234jam_site');
commit;

--
-- Table structure for table `user__field_domain_admin`
--

CREATE TABLE `user__field_domain_admin` (
  `bundle` varchar(128) CHARACTER SET ascii COLLATE ascii_general_ci NOT NULL DEFAULT '' COMMENT 'The field instance bundle to which this row belongs, used when deleting a field instance',
  `deleted` tinyint NOT NULL DEFAULT '0' COMMENT 'A boolean indicating whether this data item has been deleted',
  `entity_id` int unsigned NOT NULL COMMENT 'The entity id this data is attached to',
  `revision_id` int unsigned NOT NULL COMMENT 'The entity revision id this data is attached to, which for an unversioned entity type is the same as the entity id',
  `langcode` varchar(32) CHARACTER SET ascii COLLATE ascii_general_ci NOT NULL DEFAULT '' COMMENT 'The language code for this data item.',
  `delta` int unsigned NOT NULL COMMENT 'The sequence number for this data item, used for multi-value fields',
  `field_domain_admin_target_id` varchar(255) CHARACTER SET ascii COLLATE ascii_general_ci NOT NULL COMMENT 'The ID of the target entity.',
  PRIMARY KEY (`entity_id`,`deleted`,`delta`,`langcode`),
  KEY `bundle` (`bundle`),
  KEY `revision_id` (`revision_id`),
  KEY `field_domain_admin_target_id` (`field_domain_admin_target_id`)
) ENGINE=InnoDB DEFAULT CHARSET=utf8mb4 COLLATE=utf8mb4_0900_ai_ci COMMENT='Data storage for user field field_domain_admin.';

--
-- Dumping data for table `user__field_domain_admin`
--

set autocommit=0;
INSERT INTO `user__field_domain_admin` VALUES ('user',0,1,1,'en-gb',0,'112_196_0_230_8183'),('user',0,8,8,'en-gb',0,'1234jam_site'),('user',0,8,8,'en-gb',1,'co_denver_1234jam_site'),('user',0,9,9,'en-gb',0,'tn_memphis_1234jam_site'),('user',0,10,10,'en-gb',0,'ny_newyork_1234jam_site'),('user',0,25,25,'en-gb',0,'co_denver_1234jam_site'),('user',0,26,26,'en-gb',0,'tn_memphis_1234jam_site'),('user',0,27,27,'en-gb',0,'ny_newyork_1234jam_site'),('user',0,28,28,'en-gb',0,'co_denver_1234jam_site'),('user',0,29,29,'en-gb',0,'co_denver_1234jam_site'),('user',0,30,30,'en-gb',0,'co_denver_1234jam_site'),('user',0,31,31,'en-gb',0,'co_denver_1234jam_site'),('user',0,32,32,'en-gb',0,'co_denver_1234jam_site');
commit;

--
-- Table structure for table `user__field_domain_all_affiliates`
--

CREATE TABLE `user__field_domain_all_affiliates` (
  `bundle` varchar(128) CHARACTER SET ascii COLLATE ascii_general_ci NOT NULL DEFAULT '' COMMENT 'The field instance bundle to which this row belongs, used when deleting a field instance',
  `deleted` tinyint NOT NULL DEFAULT '0' COMMENT 'A boolean indicating whether this data item has been deleted',
  `entity_id` int unsigned NOT NULL COMMENT 'The entity id this data is attached to',
  `revision_id` int unsigned NOT NULL COMMENT 'The entity revision id this data is attached to, which for an unversioned entity type is the same as the entity id',
  `langcode` varchar(32) CHARACTER SET ascii COLLATE ascii_general_ci NOT NULL DEFAULT '' COMMENT 'The language code for this data item.',
  `delta` int unsigned NOT NULL COMMENT 'The sequence number for this data item, used for multi-value fields',
  `field_domain_all_affiliates_value` tinyint NOT NULL,
  PRIMARY KEY (`entity_id`,`deleted`,`delta`,`langcode`),
  KEY `bundle` (`bundle`),
  KEY `revision_id` (`revision_id`)
) ENGINE=InnoDB DEFAULT CHARSET=utf8mb4 COLLATE=utf8mb4_0900_ai_ci COMMENT='Data storage for user field field_domain_all_affiliates.';

--
-- Dumping data for table `user__field_domain_all_affiliates`
--

set autocommit=0;
INSERT INTO `user__field_domain_all_affiliates` VALUES ('user',0,1,1,'en-gb',0,0),('user',0,4,4,'en-gb',0,1),('user',0,8,8,'en-gb',0,0),('user',0,9,9,'en-gb',0,0),('user',0,10,10,'en-gb',0,0),('user',0,25,25,'en-gb',0,0),('user',0,26,26,'en-gb',0,0),('user',0,27,27,'en-gb',0,0),('user',0,28,28,'en-gb',0,0),('user',0,29,29,'en-gb',0,0),('user',0,30,30,'en-gb',0,0),('user',0,31,31,'en-gb',0,0),('user',0,32,32,'en-gb',0,0),('user',0,34,34,'en-gb',0,0),('user',0,36,36,'en-gb',0,0),('user',0,37,37,'en-gb',0,1),('user',0,42,42,'en-gb',0,0),('user',0,43,43,'en-gb',0,0),('user',0,44,44,'en-gb',0,0),('user',0,45,45,'en-gb',0,0),('user',0,46,46,'en-gb',0,0),('user',0,48,48,'en-gb',0,0),('user',0,49,49,'en-gb',0,0),('user',0,50,50,'en-gb',0,0),('user',0,51,51,'en-gb',0,0),('user',0,52,52,'en-gb',0,0),('user',0,55,55,'en-gb',0,0),('user',0,56,56,'en-gb',0,0),('user',0,58,58,'en-gb',0,0),('user',0,59,59,'en-gb',0,0),('user',0,60,60,'en-gb',0,0),('user',0,62,62,'en-gb',0,0),('user',0,63,63,'en-gb',0,0),('user',0,66,66,'en-gb',0,0),('user',0,67,67,'en-gb',0,0),('user',0,68,68,'en-gb',0,0),('user',0,70,70,'en-gb',0,0),('user',0,71,71,'en-gb',0,0),('user',0,72,72,'en-gb',0,0),('user',0,73,73,'en-gb',0,0),('user',0,74,74,'en-gb',0,0),('user',0,75,75,'en-gb',0,0),('user',0,76,76,'en-gb',0,0),('user',0,77,77,'en-gb',0,0),('user',0,78,78,'en-gb',0,0),('user',0,94,94,'en-gb',0,0),('user',0,95,95,'en-gb',0,0),('user',0,102,102,'en-gb',0,0),('user',0,103,103,'en-gb',0,0),('user',0,105,105,'en-gb',0,0),('user',0,106,106,'en-gb',0,0),('user',0,107,107,'en-gb',0,0),('user',0,108,108,'en-gb',0,0),('user',0,109,109,'en-gb',0,0),('user',0,110,110,'en-gb',0,0),('user',0,111,111,'en-gb',0,0),('user',0,112,112,'en-gb',0,0),('user',0,113,113,'en-gb',0,0),('user',0,114,114,'en-gb',0,0),('user',0,115,115,'en-gb',0,0),('user',0,116,116,'en-gb',0,0),('user',0,129,129,'en-gb',0,0),('user',0,130,130,'en-gb',0,0),('user',0,131,131,'en-gb',0,0),('user',0,132,132,'en-gb',0,0),('user',0,133,133,'en-gb',0,0),('user',0,134,134,'en-gb',0,0),('user',0,135,135,'en-gb',0,0),('user',0,136,136,'en-gb',0,0),('user',0,137,137,'en-gb',0,0),('user',0,138,138,'en-gb',0,0),('user',0,139,139,'en-gb',0,0),('user',0,140,140,'en-gb',0,0),('user',0,141,141,'en-gb',0,0),('user',0,142,142,'en-gb',0,0),('user',0,143,143,'en-gb',0,0),('user',0,144,144,'en-gb',0,0),('user',0,145,145,'en-gb',0,0),('user',0,146,146,'en-gb',0,0),('user',0,147,147,'en-gb',0,0),('user',0,148,148,'en-gb',0,0),('user',0,149,149,'en-gb',0,0),('user',0,150,150,'en-gb',0,0),('user',0,151,151,'en-gb',0,0),('user',0,152,152,'en-gb',0,0),('user',0,153,153,'en-gb',0,0);
commit;

--
-- Table structure for table `user__field_first_name`
--

CREATE TABLE `user__field_first_name` (
  `bundle` varchar(128) CHARACTER SET ascii COLLATE ascii_general_ci NOT NULL DEFAULT '' COMMENT 'The field instance bundle to which this row belongs, used when deleting a field instance',
  `deleted` tinyint NOT NULL DEFAULT '0' COMMENT 'A boolean indicating whether this data item has been deleted',
  `entity_id` int unsigned NOT NULL COMMENT 'The entity id this data is attached to',
  `revision_id` int unsigned NOT NULL COMMENT 'The entity revision id this data is attached to, which for an unversioned entity type is the same as the entity id',
  `langcode` varchar(32) CHARACTER SET ascii COLLATE ascii_general_ci NOT NULL DEFAULT '' COMMENT 'The language code for this data item.',
  `delta` int unsigned NOT NULL COMMENT 'The sequence number for this data item, used for multi-value fields',
  `field_first_name_value` varchar(255) NOT NULL,
  PRIMARY KEY (`entity_id`,`deleted`,`delta`,`langcode`),
  KEY `bundle` (`bundle`),
  KEY `revision_id` (`revision_id`)
) ENGINE=InnoDB DEFAULT CHARSET=utf8mb4 COLLATE=utf8mb4_0900_ai_ci COMMENT='Data storage for user field field_first_name.';

--
-- Dumping data for table `user__field_first_name`
--

set autocommit=0;
INSERT INTO `user__field_first_name` VALUES ('user',0,32,32,'en-gb',0,'test'),('user',0,46,46,'en-gb',0,'Alice7-21'),('user',0,48,48,'en-gb',0,'Goofy'),('user',0,62,62,'en-gb',0,'Tom'),('user',0,63,63,'en-gb',0,'Shelley'),('user',0,66,66,'en-gb',0,'test111s111'),('user',0,72,72,'en-gb',0,'Ben'),('user',0,73,73,'en-gb',0,'Carolyn'),('user',0,74,74,'en-gb',0,'Colleen'),('user',0,75,75,'en-gb',0,'Dave'),('user',0,76,76,'en-gb',0,'Doug '),('user',0,77,77,'en-gb',0,'Ed'),('user',0,78,78,'en-gb',0,'Ray'),('user',0,94,94,'en-gb',0,'bob'),('user',0,95,95,'en-gb',0,'bobjammer'),('user',0,102,102,'en-gb',0,'Support'),('user',0,103,103,'en-gb',0,'Neil'),('user',0,105,105,'en-gb',0,'etst'),('user',0,106,106,'en-gb',0,'NeilTest'),('user',0,107,107,'en-gb',0,'test'),('user',0,108,108,'en-gb',0,'Manager'),('user',0,109,109,'en-gb',0,'jam'),('user',0,110,110,'en-gb',0,'DanMgr'),('user',0,114,114,'en-gb',0,'Tester'),('user',0,116,116,'en-gb',0,'Julie'),('user',0,129,129,'en-gb',0,'Jammertest'),('user',0,130,130,'en-gb',0,'Managertest'),('user',0,132,132,'en-gb',0,'Testsubscriber'),('user',0,133,133,'en-gb',0,'test.ckln+2222@gmail.com'),('user',0,135,135,'en-gb',0,'AtFirst'),('user',0,138,138,'en-gb',0,'B1first'),('user',0,139,139,'en-gb',0,'A3First'),('user',0,140,140,'en-gb',0,'AkronFirst'),('user',0,141,141,'en-gb',0,'MiamiFirst'),('user',0,150,150,'en-gb',0,'Jimmy');
commit;

--
-- Table structure for table `user__field_instruments`
--

CREATE TABLE `user__field_instruments` (
  `bundle` varchar(128) CHARACTER SET ascii COLLATE ascii_general_ci NOT NULL DEFAULT '' COMMENT 'The field instance bundle to which this row belongs, used when deleting a field instance',
  `deleted` tinyint NOT NULL DEFAULT '0' COMMENT 'A boolean indicating whether this data item has been deleted',
  `entity_id` int unsigned NOT NULL COMMENT 'The entity id this data is attached to',
  `revision_id` int unsigned NOT NULL COMMENT 'The entity revision id this data is attached to, which for an unversioned entity type is the same as the entity id',
  `langcode` varchar(32) CHARACTER SET ascii COLLATE ascii_general_ci NOT NULL DEFAULT '' COMMENT 'The language code for this data item.',
  `delta` int unsigned NOT NULL COMMENT 'The sequence number for this data item, used for multi-value fields',
  `field_instruments_target_id` int unsigned NOT NULL COMMENT 'The ID of the target entity.',
  PRIMARY KEY (`entity_id`,`deleted`,`delta`,`langcode`),
  KEY `bundle` (`bundle`),
  KEY `revision_id` (`revision_id`),
  KEY `field_instruments_target_id` (`field_instruments_target_id`)
) ENGINE=InnoDB DEFAULT CHARSET=utf8mb4 COLLATE=utf8mb4_0900_ai_ci COMMENT='Data storage for user field field_instruments.';

--
-- Dumping data for table `user__field_instruments`
--

set autocommit=0;
INSERT INTO `user__field_instruments` VALUES ('user',0,32,32,'en-gb',0,45),('user',0,32,32,'en-gb',1,47),('user',0,46,46,'en-gb',0,46),('user',0,48,48,'en-gb',0,45),('user',0,62,62,'en-gb',0,56),('user',0,62,62,'en-gb',1,48),('user',0,62,62,'en-gb',2,50),('user',0,62,62,'en-gb',3,45),('user',0,63,63,'en-gb',0,60),('user',0,63,63,'en-gb',1,61),('user',0,70,70,'en-gb',0,45),('user',0,72,72,'en-gb',0,45),('user',0,72,72,'en-gb',1,50),('user',0,72,72,'en-gb',2,61),('user',0,73,73,'en-gb',0,58),('user',0,73,73,'en-gb',1,49),('user',0,73,73,'en-gb',2,45),('user',0,73,73,'en-gb',3,61),('user',0,74,74,'en-gb',0,45),('user',0,74,74,'en-gb',1,61),('user',0,74,74,'en-gb',2,58),('user',0,75,75,'en-gb',0,45),('user',0,75,75,'en-gb',1,61),('user',0,76,76,'en-gb',0,45),('user',0,76,76,'en-gb',1,61),('user',0,77,77,'en-gb',0,45),('user',0,77,77,'en-gb',1,61),('user',0,78,78,'en-gb',0,45),('user',0,78,78,'en-gb',1,47),('user',0,78,78,'en-gb',2,50),('user',0,78,78,'en-gb',3,61),('user',0,106,106,'en-gb',0,45),('user',0,116,116,'en-gb',0,54),('user',0,116,116,'en-gb',1,61),('user',0,135,135,'en-gb',0,47),('user',0,138,138,'en-gb',0,47),('user',0,139,139,'en-gb',0,47),('user',0,139,139,'en-gb',1,45),('user',0,141,141,'en-gb',0,46),('user',0,150,150,'en-gb',0,50),('user',0,150,150,'en-gb',1,57);
commit;

--
-- Table structure for table `user__field_last_name`
--

CREATE TABLE `user__field_last_name` (
  `bundle` varchar(128) CHARACTER SET ascii COLLATE ascii_general_ci NOT NULL DEFAULT '' COMMENT 'The field instance bundle to which this row belongs, used when deleting a field instance',
  `deleted` tinyint NOT NULL DEFAULT '0' COMMENT 'A boolean indicating whether this data item has been deleted',
  `entity_id` int unsigned NOT NULL COMMENT 'The entity id this data is attached to',
  `revision_id` int unsigned NOT NULL COMMENT 'The entity revision id this data is attached to, which for an unversioned entity type is the same as the entity id',
  `langcode` varchar(32) CHARACTER SET ascii COLLATE ascii_general_ci NOT NULL DEFAULT '' COMMENT 'The language code for this data item.',
  `delta` int unsigned NOT NULL COMMENT 'The sequence number for this data item, used for multi-value fields',
  `field_last_name_value` varchar(255) NOT NULL,
  PRIMARY KEY (`entity_id`,`deleted`,`delta`,`langcode`),
  KEY `bundle` (`bundle`),
  KEY `revision_id` (`revision_id`)
) ENGINE=InnoDB DEFAULT CHARSET=utf8mb4 COLLATE=utf8mb4_0900_ai_ci COMMENT='Data storage for user field field_last_name.';

--
-- Dumping data for table `user__field_last_name`
--

set autocommit=0;
INSERT INTO `user__field_last_name` VALUES ('user',0,46,46,'en-gb',0,'LastAlice'),('user',0,48,48,'en-gb',0,'Dogguy'),('user',0,62,62,'en-gb',0,'Manager'),('user',0,63,63,'en-gb',0,'Fabares'),('user',0,66,66,'en-gb',0,'junctionuser'),('user',0,72,72,'en-gb',0,'R.'),('user',0,73,73,'en-gb',0,'K.'),('user',0,74,74,'en-gb',0,'N.'),('user',0,75,75,'en-gb',0,'S.'),('user',0,76,76,'en-gb',0,'G. '),('user',0,77,77,'en-gb',0,'R.'),('user',0,78,78,'en-gb',0,'C.'),('user',0,94,94,'en-gb',0,'manager'),('user',0,95,95,'en-gb',0,'bob'),('user',0,102,102,'en-gb',0,'Team'),('user',0,103,103,'en-gb',0,'Friend'),('user',0,105,105,'en-gb',0,'new'),('user',0,106,106,'en-gb',0,'FTest'),('user',0,107,107,'en-gb',0,'junction'),('user',0,108,108,'en-gb',0,'Ludhiana'),('user',0,109,109,'en-gb',0,'ludhiana'),('user',0,110,110,'en-gb',0,'Bury'),('user',0,114,114,'en-gb',0,'tester'),('user',0,116,116,'en-gb',0,'Friend'),('user',0,132,132,'en-gb',0,'Testsubscriber'),('user',0,133,133,'en-gb',0,'test.ckln+2222@gmail.com'),('user',0,135,135,'en-gb',0,'A1Last'),('user',0,138,138,'en-gb',0,'Bqlast'),('user',0,139,139,'en-gb',0,'A3Last'),('user',0,140,140,'en-gb',0,'AkronLast'),('user',0,141,141,'en-gb',0,'MiamiLast'),('user',0,150,150,'en-gb',0,'Page');
commit;

--
-- Table structure for table `user__field_other_instruments_talents`
--

CREATE TABLE `user__field_other_instruments_talents` (
  `bundle` varchar(128) CHARACTER SET ascii COLLATE ascii_general_ci NOT NULL DEFAULT '' COMMENT 'The field instance bundle to which this row belongs, used when deleting a field instance',
  `deleted` tinyint NOT NULL DEFAULT '0' COMMENT 'A boolean indicating whether this data item has been deleted',
  `entity_id` int unsigned NOT NULL COMMENT 'The entity id this data is attached to',
  `revision_id` int unsigned NOT NULL COMMENT 'The entity revision id this data is attached to, which for an unversioned entity type is the same as the entity id',
  `langcode` varchar(32) CHARACTER SET ascii COLLATE ascii_general_ci NOT NULL DEFAULT '' COMMENT 'The language code for this data item.',
  `delta` int unsigned NOT NULL COMMENT 'The sequence number for this data item, used for multi-value fields',
  `field_other_instruments_talents_value` varchar(255) NOT NULL,
  PRIMARY KEY (`entity_id`,`deleted`,`delta`,`langcode`),
  KEY `bundle` (`bundle`),
  KEY `revision_id` (`revision_id`)
) ENGINE=InnoDB DEFAULT CHARSET=utf8mb4 COLLATE=utf8mb4_0900_ai_ci COMMENT='Data storage for user field field_other_instruments_talents.';

--
-- Dumping data for table `user__field_other_instruments_talents`
--

set autocommit=0;
INSERT INTO `user__field_other_instruments_talents` VALUES ('user',0,62,62,'en-gb',0,'I am always free fallin\''),('user',0,63,63,'en-gb',0,'Friends with Donna Reed'),('user',0,72,72,'en-gb',0,'Dotting Specialist'),('user',0,73,73,'en-gb',0,'Love me Some Tequilla'),('user',0,74,74,'en-gb',0,'Airedale Terrier collector'),('user',0,75,75,'en-gb',0,'Vaping'),('user',0,76,76,'en-gb',0,'Dog Watcher Extraordinaire '),('user',0,77,77,'en-gb',0,'R.E.M. Specialist'),('user',0,78,78,'en-gb',0,'Sound Stella Drinker'),('user',0,114,114,'en-gb',0,'test'),('user',0,138,138,'en-gb',0,'Lots'),('user',0,150,150,'en-gb',0,'Harp');
commit;

--
-- Table structure for table `user__roles`
--

CREATE TABLE `user__roles` (
  `bundle` varchar(128) CHARACTER SET ascii COLLATE ascii_general_ci NOT NULL DEFAULT '' COMMENT 'The field instance bundle to which this row belongs, used when deleting a field instance',
  `deleted` tinyint NOT NULL DEFAULT '0' COMMENT 'A boolean indicating whether this data item has been deleted',
  `entity_id` int unsigned NOT NULL COMMENT 'The entity id this data is attached to',
  `revision_id` int unsigned NOT NULL COMMENT 'The entity revision id this data is attached to, which for an unversioned entity type is the same as the entity id',
  `langcode` varchar(32) CHARACTER SET ascii COLLATE ascii_general_ci NOT NULL DEFAULT '' COMMENT 'The language code for this data item.',
  `delta` int unsigned NOT NULL COMMENT 'The sequence number for this data item, used for multi-value fields',
  `roles_target_id` varchar(255) CHARACTER SET ascii COLLATE ascii_general_ci NOT NULL COMMENT 'The ID of the target entity.',
  PRIMARY KEY (`entity_id`,`deleted`,`delta`,`langcode`),
  KEY `bundle` (`bundle`),
  KEY `revision_id` (`revision_id`),
  KEY `roles_target_id` (`roles_target_id`)
) ENGINE=InnoDB DEFAULT CHARSET=utf8mb4 COLLATE=utf8mb4_0900_ai_ci COMMENT='Data storage for user field roles.';

--
-- Dumping data for table `user__roles`
--

set autocommit=0;
INSERT INTO `user__roles` VALUES ('user',0,1,1,'en-gb',0,'administrator'),('user',0,1,1,'en-gb',1,'jammer'),('user',0,4,4,'en-gb',0,'administrator'),('user',0,8,8,'en-gb',0,'manager'),('user',0,9,9,'en-gb',0,'manager'),('user',0,10,10,'en-gb',0,'manager'),('user',0,25,25,'en-gb',0,'jammer'),('user',0,26,26,'en-gb',0,'jammer'),('user',0,27,27,'en-gb',0,'jammer'),('user',0,28,28,'en-gb',0,'jammer'),('user',0,29,29,'en-gb',0,'jammer'),('user',0,30,30,'en-gb',0,'jammer'),('user',0,31,31,'en-gb',0,'jammer'),('user',0,32,32,'en-gb',0,'jammer'),('user',0,34,34,'en-gb',0,'jammer'),('user',0,36,36,'en-gb',0,'jammer'),('user',0,37,37,'en-gb',0,'jammer'),('user',0,42,42,'en-gb',0,'manager'),('user',0,42,42,'en-gb',1,'jammer'),('user',0,43,43,'en-gb',0,'manager'),('user',0,43,43,'en-gb',1,'jammer'),('user',0,44,44,'en-gb',0,'jammer'),('user',0,45,45,'en-gb',0,'manager'),('user',0,45,45,'en-gb',1,'jammer'),('user',0,46,46,'en-gb',0,'jammer'),('user',0,48,48,'en-gb',0,'jammer'),('user',0,49,49,'en-gb',0,'jammer'),('user',0,50,50,'en-gb',0,'manager'),('user',0,51,51,'en-gb',0,'manager'),('user',0,52,52,'en-gb',0,'manager'),('user',0,55,55,'en-gb',0,'jammer'),('user',0,56,56,'en-gb',0,'jammer'),('user',0,58,58,'en-gb',0,'manager'),('user',0,59,59,'en-gb',0,'manager'),('user',0,60,60,'en-gb',0,'jammer'),('user',0,62,62,'en-gb',0,'manager'),('user',0,63,63,'en-gb',0,'jammer'),('user',0,66,66,'en-gb',0,'jammer'),('user',0,67,67,'en-gb',0,'manager'),('user',0,68,68,'en-gb',0,'manager'),('user',0,70,70,'en-gb',0,'manager'),('user',0,71,71,'en-gb',0,'manager'),('user',0,72,72,'en-gb',0,'jammer'),('user',0,73,73,'en-gb',0,'jammer'),('user',0,74,74,'en-gb',0,'jammer'),('user',0,75,75,'en-gb',0,'jammer'),('user',0,76,76,'en-gb',0,'jammer'),('user',0,77,77,'en-gb',0,'jammer'),('user',0,78,78,'en-gb',0,'jammer'),('user',0,94,94,'en-gb',0,'manager'),('user',0,95,95,'en-gb',0,'jammer'),('user',0,102,102,'en-gb',0,'support'),('user',0,103,103,'en-gb',0,'manager'),('user',0,105,105,'en-gb',0,'support'),('user',0,107,107,'en-gb',0,'jammer'),('user',0,108,108,'en-gb',0,'manager'),('user',0,109,109,'en-gb',0,'jammer'),('user',0,110,110,'en-gb',0,'manager'),('user',0,112,112,'en-gb',0,'jammer'),('user',0,113,113,'en-gb',0,'jammer'),('user',0,114,114,'en-gb',0,'jammer'),('user',0,115,115,'en-gb',0,'manager'),('user',0,116,116,'en-gb',0,'jammer'),('user',0,129,129,'en-gb',0,'jammer'),('user',0,130,130,'en-gb',0,'manager'),('user',0,131,131,'en-gb',0,'jammer'),('user',0,132,132,'en-gb',0,'jammer'),('user',0,135,135,'en-gb',0,'jammer'),('user',0,136,136,'en-gb',0,'jammer'),('user',0,137,137,'en-gb',0,'jammer'),('user',0,138,138,'en-gb',0,'jammer'),('user',0,139,139,'en-gb',0,'jammer'),('user',0,140,140,'en-gb',0,'manager'),('user',0,141,141,'en-gb',0,'manager'),('user',0,142,142,'en-gb',0,'jammer'),('user',0,143,143,'en-gb',0,'jammer'),('user',0,144,144,'en-gb',0,'jammer'),('user',0,145,145,'en-gb',0,'jammer'),('user',0,146,146,'en-gb',0,'jammer'),('user',0,147,147,'en-gb',0,'jammer'),('user',0,148,148,'en-gb',0,'jammer'),('user',0,149,149,'en-gb',0,'jammer'),('user',0,150,150,'en-gb',0,'jammer'),('user',0,151,151,'en-gb',0,'jammer'),('user',0,152,152,'en-gb',0,'jammer'),('user',0,153,153,'en-gb',0,'jammer');
commit;

--
